000
CXUS53 KIWX 010810
CF6AOH
PRELIMINARY LOCAL CLIMATOLOGICAL DATA (WS FORM: F-6)
STATION: LIMA
MONTH: APRIL
YEAR: 2022
LATITUDE: 40 42 N
LONGITUDE: 84 1 W
TEMPERATURE IN F: :PCPN: SNOW: WIND :SUNSHINE: SKY :PK WND
================================================================================
1 2 3 4 5 6A 6B 7 8 9 10 11 12 13 14 15 16 17 18
12Z AVG MX 2MIN
DY MAX MIN AVG DEP HDD CDD WTR SNW DPTH SPD SPD DIR MIN PSBL S-S WX SPD DR
================================================================================
1 39 28 34 -11 31 0 0.01 M M 12.2 25 300 M M 9 1 32 300
2 50 23 37 -9 28 0 0.05 M M 9.7 25 260 M M 2 18 34 260
3 50 34 42 -4 23 0 0.00 M M 9.6 29 290 M M 8 1 42 280
4 58 35 47 1 18 0 0.18 M M 9.9 20 170 M M 8 1 27 150
5 60 35 48 1 17 0 0.02 M M 7.0 15 130 M M 5 18 19 130
6 55 45 50 3 15 0 0.13 M M 10.3 26 270 M M 7 12 33 240
7 50 40 45 -3 20 0 T M M 13.5 25 250 M M 9 33 270
8 50 38 44 -4 21 0 0.06 M M 11.3 24 260 M M 10 1 32 280
9 41 33 37 -11 28 0 0.09 M M 10.6 23 310 M M 10 18 28 310
10 60 29 45 -4 20 0 0.00 M M 8.6 16 140 M M 1 24 270
11 67 49 58 9 7 0 0.50 M M 11.0 29 250 M M 8 13 39 240
12 70 40 55 6 10 0 0.01 M M 8.9 17 170 M M 6 12 24 160
13 66 61 64 14 1 0 0.59 M M 15.3 28 190 M M 5 1 41 180
14 62 41 52 2 13 0 0.19 M M 18.5 35 260 M M 5 18 46 250
15 69 44 57 6 8 0 0.01 M M 17.0 35 230 M M 3 52 240
16 56 34 45 -6 20 0 T M M 12.5 26 300 M M 4 37 260
17 48 28 38 -13 27 0 0.00 M M 9.1 20 80 M M 0 23 80
18 39 32 36 -16 29 0 0.22 M M 12.1 25 270 M M 8 128 35 250
19 48 32 40 -12 25 0 T M M 15.7 24 280 M M 8 1 37 280
20 58 28 43 -9 22 0 0.02 M M 11.7 23 160 M M 4 33 150
21 68 47 58 5 7 0 0.07 M M 13.4 28 220 M M 6 1 42 200
22 72 41 57 4 8 0 0.00 M M 8.1 16 110 M M 2 25 120
23 84 52 68 14 0 3 0.00 M M 12.1 22 220 M M 0 33 220
24 82 65 74 20 0 9 T M M 14.8 26 220 M M 3 37 230
25 71 48 60 6 5 0 0.90 M M 10.1 24 250 M M 8 1 31 240
26 48 34 41 -14 24 0 0.00 M M 10.4 23 270 M M 7 30 260
27 51 32 42 -13 23 0 0.00 M M 9.8 18 80 M M 6 26 300
28 55 36 46 -10 19 0 0.00 M M 8.9 14 70 M M 8 20 70
29 66 40 53 -3 12 0 0.00 0.0 0 10.3 16 80 M M 6 23 120
30 66 48 57 1 8 0 0.06 M M 12.2 20 150 M M 8 3 30 130
================================================================================
SM 1759 1172 489 12 3.11 0.0 344.6 M 174
================================================================================
AV 58.6 39.1 11.5 FASTST M M 6 MAX(MPH)
MISC ----> # 35 260 52 240
================================================================================
NOTES:
# LAST OF SEVERAL OCCURRENCES
COLUMN 17 PEAK WIND IN M.P.H.
PRELIMINARY LOCAL CLIMATOLOGICAL DATA (WS FORM: F-6) , PAGE 2
STATION: LIMA
MONTH: APRIL
YEAR: 2022
LATITUDE: 40 42 N
LONGITUDE: 84 1 W
[TEMPERATURE DATA] [PRECIPITATION DATA] SYMBOLS USED IN COLUMN 16
AVERAGE MONTHLY: 48.9 TOTAL FOR MONTH: 3.11 1 = FOG OR MIST
DPTR FM NORMAL: -2.0 DPTR FM NORMAL: -0.47 2 = FOG REDUCING VISIBILITY
HIGHEST: 84 ON 23 GRTST 24HR 0.90 ON 25-25 TO 1/4 MILE OR LESS
LOWEST: 23 ON 2 3 = THUNDER
SNOW, ICE PELLETS, HAIL 4 = ICE PELLETS
TOTAL MONTH: 0.0 INCH 5 = HAIL
GRTST 24HR 0.0 6 = FREEZING RAIN OR DRIZZLE
GRTST DEPTH: 0 7 = DUSTSTORM OR SANDSTORM:
VSBY 1/2 MILE OR LESS
8 = SMOKE OR HAZE
[NO. OF DAYS WITH] [WEATHER - DAYS WITH] 9 = BLOWING SNOW
X = TORNADO
MAX 32 OR BELOW: 0 0.01 INCH OR MORE: 17
MAX 90 OR ABOVE: 0 0.10 INCH OR MORE: 7
MIN 32 OR BELOW: 8 0.50 INCH OR MORE: 3
MIN 0 OR BELOW: 0 1.00 INCH OR MORE: 0
[HDD (BASE 65) ]
TOTAL THIS MO. 489 CLEAR (SCALE 0-3) 6
DPTR FM NORMAL 54 PTCLDY (SCALE 4-7) 19
TOTAL FM JUL 1 5167 CLOUDY (SCALE 8-10) 5
DPTR FM NORMAL -409
[CDD (BASE 65) ]
TOTAL THIS MO. 12
DPTR FM NORMAL 4 [PRESSURE DATA]
TOTAL FM JAN 1 12 HIGHEST SLP M ON M
DPTR FM NORMAL 2 LOWEST SLP 29.47 ON 13
[REMARKS]
#FINAL-04-22#