000
CXUS51 KCTP 010800
CF6AOO
PRELIMINARY LOCAL CLIMATOLOGICAL DATA (WS FORM: F-6)
STATION: ALTOONA
MONTH: JULY
YEAR: 2021
LATITUDE: 40 17 N
LONGITUDE: 78 19 W
TEMPERATURE IN F: :PCPN: SNOW: WIND :SUNSHINE: SKY :PK WND
================================================================================
1 2 3 4 5 6A 6B 7 8 9 10 11 12 13 14 15 16 17 18
12Z AVG MX 2MIN
DY MAX MIN AVG DEP HDD CDD WTR SNW DPTH SPD SPD DIR MIN PSBL S-S WX SPD DR
================================================================================
1 73 64 69 -3 0 4 1.40 M M 4.1 10 230 M M 8 123 13 240
2 74 58 66 -6 0 1 T M M 8.6 20 280 M M 4 25 290
3 76 57 67 -5 0 2 T M M 6.9 18 330 M M 7 28 330
4 82 56 69 -3 0 4 0.00 M M 2.6 8 200 M M 4 8 11 230
5 86 60 73 1 0 8 0.00 M M 3.6 12 210 M M 0 1 14 220
6 90 69 80 8 0 15 0.00 M M 8.2 15 280 M M 1 21 290
7 91 68 80 8 0 15 0.04 M M 4.0 30 280 M M 2 138 39 280
8 79 67 73 1 0 8 0.19 M M 4.4 18 180 M M 7 18 27 180
9 83 62 73 1 0 8 0.09 M M 6.2 18 290 M M 6 12 26 290
10 79 58 69 -3 0 4 0.00 M M 3.2 10 280 M M 4 14 20
11 86 65 76 3 0 11 0.89 M M 5.3 22 180 M M 7 13 35 150
12 88 67 78 5 0 13 0.04 M M 3.6 14 140 M M 4 123 17 250
13 88 69 79 6 0 14 0.08 M M 4.5 16 250 M M 2 13 22 230
14 84 68 76 3 0 11 T M M 6.0 15 280 M M 4 1 20 290
15 86 66 76 3 0 11 0.00 M M 5.0 13 260 M M 1 18 16 270
16 88 68 78 5 0 13 0.06 M M 6.2 24 310 M M 3 1 32 310
17 85 66 76 3 0 11 0.42 M M 4.7 15 270 M M 6 1238 22 310
18 79 63 71 -2 0 6 0.00 M M 6.8 16 330 M M 7 24 320
19 84 61 73 0 0 8 0.00 M M 5.2 12 300 M M 0 18 14 310
20 85 60 73 1 0 8 0.00 M M 3.6 7 290 M M 1 18 M M
21 82 59 71 -1 0 6 0.00 M M 7.2 18 320 M M 3 18 26 330
22 78 52 65 -7 0 0 0.00 M M 3.7 12 330 M M 1 1 17 310
23 80 58 69 -3 0 4 0.01 M M 0.9 7 100 M M 3 10 80
24 81 56 69 -3 0 4 T M M 2.9 9 200 M M 3 13 210
25 87 67 77 5 0 12 0.06 M M 5.0 12 310 M M 4 18 16 320
26 89 64 77 5 0 12 0.00 M M 2.7 13 320 M M 1 18 17 320
27 88 58 73 1 0 8 0.00 M M 4.7 13 290 M M 0 18 320
28 85 61 73 1 0 8 0.00 M M 2.9 10 10 M M 4 16 10
29 81 62 72 0 0 7 0.04 M M 5.0 16 210 M M 5 18 23 230
30 82 57 70 -2 0 5 0.00 M M 8.0 18 320 M M 3 18 24 340
31 81 53 67 -5 0 2 0.00 M M 2.8 12 250 M M 0 8 16 220
================================================================================
SM 2580 1919 0 243 3.32 M 148.5 M 105
================================================================================
AV 83.2 61.9 4.8 FASTST M M 3 MAX(MPH)
MISC ----> 30 280 39 280
================================================================================
NOTES:
# LAST OF SEVERAL OCCURRENCES
COLUMN 17 PEAK WIND IN M.P.H.
PRELIMINARY LOCAL CLIMATOLOGICAL DATA (WS FORM: F-6) , PAGE 2
STATION: ALTOONA
MONTH: JULY
YEAR: 2021
LATITUDE: 40 17 N
LONGITUDE: 78 19 W
[TEMPERATURE DATA] [PRECIPITATION DATA] SYMBOLS USED IN COLUMN 16
AVERAGE MONTHLY: 72.6 TOTAL FOR MONTH: 3.32 1 = FOG OR MIST
DPTR FM NORMAL: 0.2 DPTR FM NORMAL: -0.16 2 = FOG REDUCING VISIBILITY
HIGHEST: 91 ON 7 GRTST 24HR 1.40 ON 30- 1 TO 1/4 MILE OR LESS
LOWEST: 52 ON 22 3 = THUNDER
SNOW, ICE PELLETS, HAIL 4 = ICE PELLETS
TOTAL MONTH: M 5 = HAIL
GRTST 24HR M ON M 6 = FREEZING RAIN OR DRIZZLE
GRTST DEPTH: M ON M 7 = DUSTSTORM OR SANDSTORM:
VSBY 1/2 MILE OR LESS
8 = SMOKE OR HAZE
[NO. OF DAYS WITH] [WEATHER - DAYS WITH] 9 = BLOWING SNOW
X = TORNADO
MAX 32 OR BELOW: 0 0.01 INCH OR MORE: 12
MAX 90 OR ABOVE: 2 0.10 INCH OR MORE: 4
MIN 32 OR BELOW: 0 0.50 INCH OR MORE: 2
MIN 0 OR BELOW: 0 1.00 INCH OR MORE: 1
[HDD (BASE 65) ]
TOTAL THIS MO. 0 CLEAR (SCALE 0-3) 15
DPTR FM NORMAL -4 PTCLDY (SCALE 4-7) 16
TOTAL FM JUL 1 0 CLOUDY (SCALE 8-10) 0
DPTR FM NORMAL 0
[CDD (BASE 65) ]
TOTAL THIS MO. 243
DPTR FM NORMAL 11 [PRESSURE DATA]
TOTAL FM JAN 1 509 HIGHEST SLP 30.24 ON 23
DPTR FM NORMAL 80 LOWEST SLP 29.80 ON 29
[REMARKS]
#FINAL-07-21#