211
CXUS51 KCTP 010800
CF6AOO
PRELIMINARY LOCAL CLIMATOLOGICAL DATA (WS FORM: F-6)
STATION: ALTOONA
MONTH: SEPTEMBER
YEAR: 2020
LATITUDE: 40 17 N
LONGITUDE: 78 19 W
TEMPERATURE IN F: :PCPN: SNOW: WIND :SUNSHINE: SKY :PK WND
================================================================================
1 2 3 4 5 6A 6B 7 8 9 10 11 12 13 14 15 16 17 18
12Z AVG MX 2MIN
DY MAX MIN AVG DEP HDD CDD WTR SNW DPTH SPD SPD DIR MIN PSBL S-S WX SPD DR
================================================================================
1 70 63 67 0 0 2 0.01 M M 4.4 12 180 M M 10 1 18 170
2 78 69 74 8 0 9 0.29 M M 8.9 16 210 M M 8 1 21 200
3 74 66 70 4 0 5 0.86 M M 2.6 15 280 M M 8 1 22 280
4 79 61 70 4 0 5 0.00 M M 8.1 16 300 M M 2 21 300
5 76 50 63 -3 2 0 0.00 M M 5.5 16 280 M M 0 22 270
6 79 57 68 3 0 3 0.00 M M 6.3 14 210 M M 2 18 190
7 79 56 68 3 0 3 0.00 M M 5.4 13 220 M M 1 19 150
8 85 59 72 7 0 7 0.00 M M 3.0 12 170 M M 0 16 170
9 84 57 71 7 0 6 0.00 M M 3.4 9 110 M M 1 1 13 130
10 84 65 75 11 0 10 0.02 M M 0.9 7 310 M M 9 9 360
11 77 59 68 4 0 3 0.00 M M 4.8 12 10 M M 7 18 14 20
12 65 55 60 -3 5 0 0.00 M M 4.8 14 170 M M 9 18 19 170
13 70 61 66 3 0 1 0.15 M M 5.8 12 210 M M 9 1 15 170
14 71 51 61 -1 4 0 0.00 M M 7.4 17 320 M M 2 22 330
15 66 41 54 -8 11 0 0.00 M M 3.0 9 170 M M 0 11 170
16 70 42 56 -6 9 0 0.00 M M 4.0 13 170 M M 0 17 170
17 73 50 62 1 3 0 0.00 M M 1.4 10 200 M M 1 1 14 210
18 69 46 58 -3 7 0 0.00 M M 9.5 20 10 M M 6 27 360
19 62 34 48 -12 17 0 0.00 M M 2.2 12 80 M M 0 17 40
20 65 32 49 -11 16 0 0.00 M M 3.1 9 120 M M 0 13 80
21 66 34 50 -10 15 0 0.00 M M 2.4 12 120 M M 0 16 140
22 70 33 52 -7 13 0 0.00 M M 5.1 16 310 M M 0 23 320
23 78 50 64 5 1 0 0.00 M M 7.1 17 270 M M 0 23 280
24 74 54 64 5 1 0 0.00 M M 2.9 9 250 M M 0 8 12 260
25 78 49 64 6 1 0 0.00 M M 3.3 12 170 M M 2 12 15 170
26 74 54 64 6 1 0 0.00 M M 2.9 9 150 M M 7 1 14 130
27 80 50 65 8 0 0 0.00 M M 4.0 13 170 M M 5 12 18 180
28 81 54 68 11 0 3 0.03 M M 7.0 15 190 M M 6 12 20 230
29 68 51 60 3 5 0 1.60 M M 4.3 15 300 M M 9 1 22 310
30 65 50 58 2 7 0 0.02 M M 10.5 24 260 M M 6 31 250
================================================================================
SM 2210 1553 118 57 2.98 M 144.0 M 110
================================================================================
AV 73.7 51.8 4.8 FASTST M M 4 MAX(MPH)
MISC ----> 24 260 31 250
================================================================================
NOTES:
# LAST OF SEVERAL OCCURRENCES
COLUMN 17 PEAK WIND IN M.P.H.
PRELIMINARY LOCAL CLIMATOLOGICAL DATA (WS FORM: F-6) , PAGE 2
STATION: ALTOONA
MONTH: SEPTEMBER
YEAR: 2020
LATITUDE: 40 17 N
LONGITUDE: 78 19 W
[TEMPERATURE DATA] [PRECIPITATION DATA] SYMBOLS USED IN COLUMN 16
AVERAGE MONTHLY: 62.7 TOTAL FOR MONTH: 2.98 1 = FOG OR MIST
DPTR FM NORMAL: 1.0 DPTR FM NORMAL: -0.48 2 = FOG REDUCING VISIBILITY
HIGHEST: 85 ON 8 GRTST 24HR 1.62 ON 29-30 TO 1/4 MILE OR LESS
LOWEST: 32 ON 20 3 = THUNDER
SNOW, ICE PELLETS, HAIL 4 = ICE PELLETS
TOTAL MONTH: M 5 = HAIL
GRTST 24HR M ON M 6 = FREEZING RAIN OR DRIZZLE
GRTST DEPTH: M ON M 7 = DUSTSTORM OR SANDSTORM:
VSBY 1/2 MILE OR LESS
8 = SMOKE OR HAZE
[NO. OF DAYS WITH] [WEATHER - DAYS WITH] 9 = BLOWING SNOW
X = TORNADO
MAX 32 OR BELOW: 0 0.01 INCH OR MORE: 8
MAX 90 OR ABOVE: 0 0.10 INCH OR MORE: 4
MIN 32 OR BELOW: 1 0.50 INCH OR MORE: 2
MIN 0 OR BELOW: 0 1.00 INCH OR MORE: 1
[HDD (BASE 65) ]
TOTAL THIS MO. 118 CLEAR (SCALE 0-3) 17
DPTR FM NORMAL -30 PTCLDY (SCALE 4-7) 7
TOTAL FM JUL 1 120 CLOUDY (SCALE 8-10) 6
DPTR FM NORMAL -59
[CDD (BASE 65) ]
TOTAL THIS MO. 57
DPTR FM NORMAL 10 [PRESSURE DATA]
TOTAL FM JAN 1 843 HIGHEST SLP 30.60 ON 21
DPTR FM NORMAL 317 LOWEST SLP 29.66 ON 30
[REMARKS]
#FINAL-09-20#