000
CXUS52 KMFL 271638
CF6APF
PRELIMINARY LOCAL CLIMATOLOGICAL DATA (WS FORM: F-6)
STATION: NAPLES
MONTH: SEPTEMBER
YEAR: 2023
LATITUDE: 26 8 N
LONGITUDE: 81 46 W
TEMPERATURE IN F: :PCPN: SNOW: WIND :SUNSHINE: SKY :PK WND
================================================================================
1 2 3 4 5 6A 6B 7 8 9 10 11 12 13 14 15 16 17 18
12Z AVG MX 2MIN
DY MAX MIN AVG DEP HDD CDD WTR SNW DPTH SPD SPD DIR MIN PSBL S-S WX SPD DR
================================================================================
1 94 79 87 4 0 22 T 0.0 0 5.7 20 60 M M 1 3 25 70
2 94 77 86 3 0 21 0.03 0.0 M 8.5 20 50 M M 3 27 60
3 94 75 85 2 0 20 0.00 0.0 0 9.5 18 60 M M 2 27 60
4 93 77 85 2 0 20 T 0.0 0 9.2 16 80 M M 7 20 80
5 94 77 86 3 0 21 0.01 0.0 0 6.9 13 90 M M 4 17 130
6 92 80 86 3 0 21 0.00 0.0 0 5.2 13 250 M M 5 17 250
7 91 79 85 2 0 20 0.00 0.0 0 6.0 17 60 M M 1 3 21 250
8 91 75 83 0 0 18 T 0.0 0 6.8 18 100 M M 3 3 25 100
9 92 72 82 -1 0 17 0.00 0.0 0 5.8 16 80 M M 1 20 90
10 92 78 85 2 0 20 0.00 0.0 0 5.4 14 280 M M 1 18 280
11 94 78 86 3 0 21 0.00 0.0 0 5.5 13 270 M M 0 19 260
12 93 80 87 4 0 22 0.01 0.0 0 5.9 18 150 M M 2 3 24 160
13 93 79 86 3 0 21 0.00 0.0 0 5.5 16 280 M M 2 3 20 300
14 93 78 86 3 0 21 0.00 0.0 0 7.0 20 290 M M 0 24 290
15 93 78 86 4 0 21 0.00 0.0 0 5.8 18 100 M M 1 22 90
16 92 78 85 3 0 20 0.00 0.0 0 6.0 13 110 M M 3 3 16 120
17 93 80 87 5 0 22 0.00 0.0 0 6.1 15 270 M M 1 19 270
18 93 81 87 5 0 22 0.00 0.0 0 5.0 15 10 M M 2 19 340
19 93 75 84 2 0 19 T M M 8.3 23 50 M M 3 3 26 50
20 91 76 84 2 0 19 0.11 0.0 0 7.2 20 120 M M 2 3 24 110
21 92 75 84 2 0 19 0.03 0.0 0 6.2 18 260 M M 1 3 22 260
22 93 75 84 2 0 19 0.00 0.0 0 7.4 15 80 M M 1 19 100
23 93 74 84 2 0 19 0.00 0.0 0 9.1 15 100 M M 1 21 50
24 93 75 84 2 0 19 0.34 0.0 0 7.8 20 230 M M 3 13 29 220
25 93 74 84 2 0 19 0.08 0.0 0 8.0 16 140 M M 2 13 21 120
26 88 77 83 1 0 18 0.04 0.0 0 5.2 12 60 M M 2 13 14 100
27 86 75 81 0 0 16 0.87 0.0 0 5.1 17 140 M M 6 1 21 150
28 89 77 83 2 0 18 0.00 0.0 0 5.2 14 50 M M 2 3 17 50
29 91 77 84 3 0 19 0.00 0.0 0 6.4 15 60 M M 1 3 20 90
30 93 77 85 4 0 20 0.56 0.0 0 6.6 23 240 M M 4 13 28 250
================================================================================
SM 2766 2308 0 594 2.08 0.0 198.3 M 67
================================================================================
AV 92.2 76.9 6.6 FASTST M M 2 MAX(MPH)
MISC ----> # 23 50 29 220
================================================================================
NOTES:
# LAST OF SEVERAL OCCURRENCES
COLUMN 17 PEAK WIND IN M.P.H.
PRELIMINARY LOCAL CLIMATOLOGICAL DATA (WS FORM: F-6) , PAGE 2
STATION: NAPLES
MONTH: SEPTEMBER
YEAR: 2023
LATITUDE: 26 8 N
LONGITUDE: 81 46 W
[TEMPERATURE DATA] [PRECIPITATION DATA] SYMBOLS USED IN COLUMN 16
AVERAGE MONTHLY: 84.6 TOTAL FOR MONTH: 2.08 1 = FOG OR MIST
DPTR FM NORMAL: 2.2 DPTR FM NORMAL: -6.52 2 = FOG REDUCING VISIBILITY
HIGHEST: 94 ON 11, 5 GRTST 24HR 0.90 ON 26-27 TO 1/4 MILE OR LESS
LOWEST: 72 ON 9 3 = THUNDER
SNOW, ICE PELLETS, HAIL 4 = ICE PELLETS
TOTAL MONTH: 0.0 INCH 5 = HAIL
GRTST 24HR 0.0 6 = FREEZING RAIN OR DRIZZLE
GRTST DEPTH: 0 7 = DUSTSTORM OR SANDSTORM:
VSBY 1/2 MILE OR LESS
8 = SMOKE OR HAZE
[NO. OF DAYS WITH] [WEATHER - DAYS WITH] 9 = BLOWING SNOW
X = TORNADO
MAX 32 OR BELOW: 0 0.01 INCH OR MORE: 10
MAX 90 OR ABOVE: 27 0.10 INCH OR MORE: 4
MIN 32 OR BELOW: 0 0.50 INCH OR MORE: 2
MIN 0 OR BELOW: 0 1.00 INCH OR MORE: 0
[HDD (BASE 65) ]
TOTAL THIS MO. 0 CLEAR (SCALE 0-3) 25
DPTR FM NORMAL 0 PTCLDY (SCALE 4-7) 5
TOTAL FM JUL 1 0 CLOUDY (SCALE 8-10) 0
DPTR FM NORMAL 0
[CDD (BASE 65) ]
TOTAL THIS MO. 594
DPTR FM NORMAL 74 [PRESSURE DATA]
TOTAL FM JAN 1 4156 HIGHEST SLP 30.08 ON 1
DPTR FM NORMAL 869 LOWEST SLP 29.81 ON 23
[REMARKS]
#FINAL-09-23#