000
CXUS53 KAPX 020551
CLMAPN
CLIMATE REPORT
NATIONAL WEATHER SERVICE
1251 AM EST SAT DEC 02 2023
...................................
...THE ALPENA MI CLIMATE SUMMARY FOR THE MONTH OF NOVEMBER 2023...
CLIMATE NORMAL PERIOD: 1991 TO 2020
CLIMATE RECORD PERIOD: 1916 TO 2023
WEATHER OBSERVED NORMAL DEPART LAST YEAR`S
VALUE DATE(S) VALUE FROM VALUE
NORMAL
..............................................................
TEMPERATURE (F)
HIGHEST 63 11/16 MM MM
LOWEST 17 11/27 MM MM
11/28
AVG. MAXIMUM 45.0 44.6 0.4
AVG. MINIMUM 27.6 28.6 -1.0
MEAN 36.3 36.6 -0.3
DAYS MAX >= 90 0 0.0 0.0
DAYS MAX <= 32 4 3.7 0.3
DAYS MIN <= 32 23 20.7 2.3
DAYS MIN <= 0 0 0.1 -0.1
PRECIPITATION (INCHES)
TOTALS 1.46 2.07 -0.61
DAYS >= .01 10 13.8 -3.8
DAYS >= .10 5 5.6 -0.6
DAYS >= .50 0 0.9 -0.9
DAYS >= 1.00 0 0.2 -0.2
GREATEST
24 HR. TOTAL 0.37 11/21 TO 11/21
SNOWFALL (INCHES)
RECORDS
TOTAL 34.8 1995
TOTALS 3.9 6.6 -2.7
DAYS >= TRACE 7 1.1
DAYS >= 1.0 2 0.0
GREATEST
SNOW DEPTH 3 11/28
24 HR TOTAL 3.9
DEGREE DAYS
HEATING TOTAL 851 852 -1
SINCE 7/1 1520 1699 -179
COOLING TOTAL 0 0 0
SINCE 1/1 315 351 -36
..............................................................
WIND (MPH)
AVERAGE WIND SPEED 7.5
HIGHEST WIND SPEED/DIRECTION 29/270 DATE 11/09
HIGHEST GUST SPEED/DIRECTION 47/260 DATE 11/09
SKY COVER
AVERAGE SKY COVER 0.60
AVERAGE RH (PERCENT) 71
- INDICATES NEGATIVE NUMBERS.
R INDICATES RECORD WAS SET OR TIED.
MM INDICATES DATA IS MISSING.
T INDICATES TRACE AMOUNT.
$$