000
CXUS54 KEWX 011010
CF6AQO
PRELIMINARY LOCAL CLIMATOLOGICAL DATA (WS FORM: F-6)
STATION: Llano Municipal Airport
MONTH: JULY
YEAR: 2020
LATITUDE: 30 47 N
LONGITUDE: 98 40 W
TEMPERATURE IN F: :PCPN: SNOW: WIND :SUNSHINE: SKY :PK WND
================================================================================
1 2 3 4 5 6A 6B 7 8 9 10 11 12 13 14 15 16 17 18
12Z AVG MX 2MIN
DY MAX MIN AVG DEP HDD CDD WTR SNW DPTH SPD SPD DIR MIN PSBL S-S WX SPD DR
================================================================================
1 97 79 88 M 0 23 0.00 M M 5.1 12 160 M M 5 18 150
2 100 73 87 M 0 22 0.00 M M 4.2 9 160 M M 2 M M
3 102 72 87 M 0 22 0.00 M M 3.7 9 140 M M 0 18 170
4 102 72 87 M 0 22 0.00 M M 2.2 9 100 M M 0 M M
5 104 72 88 M 0 23 0.00 M M 2.9 16 60 M M 0 3 25 60
6 95 75 85 M 0 20 0.00 M M 2.7 9 180 M M 0 M M
7 95 75 85 M 0 20 0.01 M M 4.0 17 70 M M 2 3 27 70
8 M M M M M M M M M 0.0 M M M M 2 M M
9 99 82 91 M 0 26 0.00 M M 7.9 12 200 M M 2 17 160
10 102 73 88 M 0 23 0.00 M M 6.0 13 170 M M 4 17 180
11 104 73 89 M 0 24 0.00 M M 4.8 9 150 M M 1 12 99
12 104 75 90 M 0 25 0.00 M M 5.8 14 190 M M 0 17 210
13 109 75 92 M 0 27 0.00 M M 5.7 10 170 M M 0 18 220
14 108 79 94 M 0 29 0.00 M M 9.4 17 190 M M 1 25 190
15 100 75 88 M 0 23 0.00 M M 7.7 13 120 M M 1 18 130
16 102 70 86 M 0 21 0.00 M M 5.7 10 140 M M 2 17 99
17 102 73 88 M 0 23 0.00 M M 5.9 13 130 M M 2 24 120
18 97 70 84 M 0 19 0.00 M M 5.7 13 170 M M 4 21 170
19 99 72 86 M 0 21 0.00 M M 5.6 14 190 M M 5 23 190
20 99 72 86 M 0 21 0.00 M M 4.8 15 100 M M 3 22 100
21 97 72 85 M 0 20 0.00 M M 6.3 12 110 M M 4 20 110
22 100 75 88 M 0 23 0.00 M M 5.6 13 100 M M 4 23 110
23 99 77 88 M 0 23 0.00 M M 5.2 12 120 M M 4 17 100
24 100 77 89 M 0 24 0.00 M M 6.9 13 80 M M 5 24 80
25 93 75 84 M 0 19 0.00 M M 8.1 17 120 M M 8 27 120
26 97 73 85 M 0 20 0.01 M M 7.2 15 100 M M 6 8 23 100
27 99 72 86 M 0 21 0.00 M M 4.0 10 150 M M 5 18 170
28 99 73 86 M 0 21 0.00 M M 4.1 10 200 M M 5 15 200
29 99 73 86 M 0 21 0.00 M M 6.7 17 200 M M 3 23 200
30 100 72 86 M 0 21 0.00 M M 9.5 17 200 M M 4 25 180
31 99 79 89 M 0 24 0.00 M M 7.0 15 180 M M 4 23 120
================================================================================
SM 3002 2225 0 671 0.02 M 170.4 M 88
================================================================================
AV100.1 74.2 5.5 FASTST M M 3 MAX(MPH)
MISC ----> # 17 70 # 27 70
================================================================================
NOTES:
# LAST OF SEVERAL OCCURRENCES
COLUMN 17 PEAK WIND IN M.P.H.
PRELIMINARY LOCAL CLIMATOLOGICAL DATA (WS FORM: F-6) , PAGE 2
STATION: Llano Municipal Airport
MONTH: JULY
YEAR: 2020
LATITUDE: 30 47 N
LONGITUDE: 98 40 W
[TEMPERATURE DATA] [PRECIPITATION DATA] SYMBOLS USED IN COLUMN 16
AVERAGE MONTHLY: 87.1 TOTAL FOR MONTH: 0.02 1 = FOG OR MIST
DPTR FM NORMAL: M DPTR FM NORMAL: M 2 = FOG REDUCING VISIBILITY
HIGHEST: 109 ON 13 GRTST 24HR 0.01 ON 26-26 TO 1/4 MILE OR LESS
LOWEST: 70 ON 18,16 3 = THUNDER
SNOW, ICE PELLETS, HAIL 4 = ICE PELLETS
TOTAL MONTH: M 5 = HAIL
GRTST 24HR M ON M 6 = FREEZING RAIN OR DRIZZLE
GRTST DEPTH: M ON M 7 = DUSTSTORM OR SANDSTORM:
VSBY 1/2 MILE OR LESS
8 = SMOKE OR HAZE
[NO. OF DAYS WITH] [WEATHER - DAYS WITH] 9 = BLOWING SNOW
X = TORNADO
MAX 32 OR BELOW: 0 0.01 INCH OR MORE: 2
MAX 90 OR ABOVE: 30 0.10 INCH OR MORE: 0
MIN 32 OR BELOW: 0 0.50 INCH OR MORE: 0
MIN 0 OR BELOW: 0 1.00 INCH OR MORE: 0
[HDD (BASE 65) ]
TOTAL THIS MO. 0 CLEAR (SCALE 0-3) 17
DPTR FM NORMAL M PTCLDY (SCALE 4-7) 14
TOTAL FM JUL 1 0 CLOUDY (SCALE 8-10) 0
DPTR FM NORMAL M
[CDD (BASE 65) ]
TOTAL THIS MO. 671
DPTR FM NORMAL M [PRESSURE DATA]
TOTAL FM JAN 1 1716 HIGHEST SLP M ON M
DPTR FM NORMAL M LOWEST SLP M ON M
[REMARKS]
#FINAL-07-20#