000
CXUS53 KARX 010900
CF6ARX
PRELIMINARY LOCAL CLIMATOLOGICAL DATA (WS FORM: F-6)
STATION: LA CROSSE WEATHER OFFICE WI
MONTH: APRIL
YEAR: 2021
LATITUDE: 43 49 N
LONGITUDE: 91 12 W
TEMPERATURE IN F: :PCPN: SNOW: WIND :SUNSHINE: SKY :PK WND
================================================================================
1 2 3 4 5 6A 6B 7 8 9 10 11 12 13 14 15 16 17 18
12Z AVG MX 2MIN
DY MAX MIN AVG DEP HDD CDD WTR SNW DPTH SPD SPD DIR MIN PSBL S-S WX SPD DR
================================================================================
1 41 19 30 -10 35 0 0.00 0.0 0 M M M M M M 16 M
2 53 29 41 1 24 0 0.00 0.0 0 M M M M M M 24 M
3 69 42 56 15 9 0 0.00 0.0 0 M M M M M M 30 M
4 77 49 63 22 2 0 0.00 0.0 0 M M M M M M 26 M
5 79 57 68 26 0 3 0.00 0.0 0 M M M M M M 30 M
6 78 60 69 27 0 4 0.00 0.0 0 M M M M M M 21 M
7 74 59 67 24 0 2 T 0.0 0 M M M M M M 29 M
8 61 46 54 11 11 0 0.30 0.0 0 M M M M M M 1 19 M
9 54 44 49 5 16 0 0.15 0.0 0 M M M M M M 1 22 M
10 44 41 43 -1 22 0 0.18 0.0 0 M M M M M M 23 M
11 47 41 44 0 21 0 0.06 0.0 0 M M M M M M 22 M
12 46 40 43 -2 22 0 T 0.0 0 M M M M M M 23 M
13 41 32 37 -9 28 0 T T 0 M M M M M M 30 M
14 38 28 33 -13 32 0 T T 0 M M M M M M 21 M
15 46 34 40 -6 25 0 0.00 0.0 0 M M M M M M 16 M
16 60 36 48 1 17 0 0.00 0.0 0 M M M M M M 20 M
17 58 35 47 0 18 0 0.00 0.0 0 M M M M M M 18 M
18 60 40 50 2 15 0 0.03 0.0 0 M M M M M M 28 M
19 40 31 36 -12 29 0 T T 0 M M M M M M 29 M
20 44 28 36 -12 29 0 0.00 0.0 0 M M M M M M 21 M
21 40 27 34 -15 31 0 0.00 0.0 0 M M M M M M 22 M
22 62 31 47 -2 18 0 0.00 0.0 0 M M M M M M 21 M
23 58 44 51 1 14 0 0.00 0.0 0 M M M M M M 27 M
24 50 32 41 -9 24 0 T 0.0 0 M M M M M M 25 M
25 47 30 39 -11 26 0 0.01 T 0 M M M M M M 4 25 M
26 60 36 48 -3 17 0 0.00 0.0 0 M M M M M M 27 M
27 66 41 54 3 11 0 0.44 0.0 0 M M M M M M 3 43 M
28 56 44 50 -2 15 0 T 0.0 0 M M M M M M 13 M
29 67 46 57 5 8 0 0.00 0.0 0 M M M M M M 31 M
30 59 43 51 -1 14 0 0.00 0.0 0 M M M M M M 31 M
================================================================================
SM 1675 1165 533 9 1.17 T M M M
================================================================================
AV 55.8 38.8 M FASTST M M M MAX(MPH)
MISC ----> M M 43 9999
================================================================================
NOTES:
# LAST OF SEVERAL OCCURRENCES
COLUMN 17 PEAK WIND IN M.P.H.
PRELIMINARY LOCAL CLIMATOLOGICAL DATA (WS FORM: F-6) , PAGE 2
STATION: LA CROSSE WEATHER OFFICE WI
MONTH: APRIL
YEAR: 2021
LATITUDE: 43 49 N
LONGITUDE: 91 12 W
[TEMPERATURE DATA] [PRECIPITATION DATA] SYMBOLS USED IN COLUMN 16
AVERAGE MONTHLY: 47.3 TOTAL FOR MONTH: 1.17 1 = FOG OR MIST
DPTR FM NORMAL: 0.9 DPTR FM NORMAL: -2.30 2 = FOG REDUCING VISIBILITY
HIGHEST: 79 ON 5 GRTST 24HR 0.44 ON 27-27 TO 1/4 MILE OR LESS
LOWEST: 19 ON 1 3 = THUNDER
SNOW, ICE PELLETS, HAIL 4 = ICE PELLETS
TOTAL MONTH: T 5 = HAIL
GRTST 24HR T ON 13-13 6 = FREEZING RAIN OR DRIZZLE
GRTST DEPTH: 0 7 = DUSTSTORM OR SANDSTORM:
VSBY 1/2 MILE OR LESS
8 = SMOKE OR HAZE
[NO. OF DAYS WITH] [WEATHER - DAYS WITH] 9 = BLOWING SNOW
X = TORNADO
MAX 32 OR BELOW: 0 0.01 INCH OR MORE: 7
MAX 90 OR ABOVE: 0 0.10 INCH OR MORE: 4
MIN 32 OR BELOW: 10 0.50 INCH OR MORE: 0
MIN 0 OR BELOW: 0 1.00 INCH OR MORE: 0
[HDD (BASE 65) ]
TOTAL THIS MO. 533 CLEAR (SCALE 0-3) 0
DPTR FM NORMAL -28 PTCLDY (SCALE 4-7) 0
TOTAL FM JUL 1 7005 CLOUDY (SCALE 8-10) 30
DPTR FM NORMAL -385
[CDD (BASE 65) ]
TOTAL THIS MO. 9
DPTR FM NORMAL 8 [PRESSURE DATA]
TOTAL FM JAN 1 9 HIGHEST SLP M ON M
DPTR FM NORMAL 8 LOWEST SLP M ON M
[REMARKS]
#FINAL-04-21#