000
CXUS52 KFFC 011110
CF6ATL
PRELIMINARY LOCAL CLIMATOLOGICAL DATA (WS FORM: F-6)
STATION: ATLANTA
MONTH: NOVEMBER
YEAR: 2020
LATITUDE: 33 39 N
LONGITUDE: 84 26 W
TEMPERATURE IN F: :PCPN: SNOW: WIND :SUNSHINE: SKY :PK WND
================================================================================
1 2 3 4 5 6A 6B 7 8 9 10 11 12 13 14 15 16 17 18
12Z AVG MX 2MIN
DY MAX MIN AVG DEP HDD CDD WTR SNW DPTH SPD SPD DIR MIN PSBL S-S WX SPD DR
================================================================================
1 71 50 61 2 4 0 T M M 11.1 30 350 M M 6 1 43 350
2 59 38 49 -9 16 0 0.00 0.0 M 10.0 28 350 M M 1 41 350
3 66 37 52 -6 13 0 0.00 0.0 0 6.8 15 330 M M 0 19 330
4 69 44 57 -1 8 0 0.00 0.0 0 5.3 12 150 M M 1 20 120
5 71 47 59 1 6 0 0.00 0.0 0 7.0 10 70 M M 5 14 70
6 75 57 66 9 0 1 0.00 0.0 0 10.3 15 90 M M 6 23 30
7 73 61 67 10 0 2 0.11 0.0 M 11.6 17 70 M M 7 18 26 90
8 76 63 70 13 0 5 T 0.0 0 14.0 22 90 M M 7 1 30 80
9 78 65 72 16 0 7 T 0.0 0 14.8 22 80 M M 6 27 80
10 71 67 69 13 0 4 0.09 0.0 0 11.8 17 90 M M 10 18 24 90
11 78 70 74 18 0 9 0.09 0.0 0 4.2 9 170 M M 9 1 13 40
12 74 60 67 12 0 2 0.00 0.0 0 10.7 17 320 M M 7 1 23 310
13 73 52 63 8 2 0 0.00 0.0 0 9.5 18 320 M M 2 1 24 310
14 71 47 59 4 6 0 0.00 0.0 M 5.8 14 100 M M 3 19 110
15 72 48 60 6 5 0 T M M 7.7 24 310 M M 5 1 33 220
16 63 43 53 -1 12 0 0.00 0.0 0 8.8 21 330 M M 0 28 330
17 64 41 53 -1 12 0 0.00 0.0 M 12.8 25 330 M M 0 36 330
18 64 38 51 -2 14 0 0.00 0.0 0 5.3 14 340 M M 0 23 340
19 62 37 50 -3 15 0 0.00 0.0 0 7.7 15 80 M M 1 20 80
20 70 42 56 3 9 0 0.00 0.0 0 4.5 9 70 M M 1 12 80
21 72 47 60 8 5 0 0.00 0.0 M 1.8 9 340 M M 4 13 360
22 71 51 61 9 4 0 0.00 0.0 M 4.2 10 250 M M 7 14 250
23 62 43 53 1 12 0 0.00 0.0 0 11.0 22 330 M M 2 29 330
24 61 40 51 0 14 0 0.00 0.0 0 9.4 17 110 M M 5 27 110
25 72 48 60 9 5 0 0.29 0.0 0 9.6 26 300 M M 9 1 33 300
26 74 53 64 14 1 0 0.69 0.0 0 5.1 17 190 M M 6 13 25 200
27 72 46 59 9 6 0 0.00 0.0 0 3.9 13 340 M M 6 16 350
28 68 51 60 10 5 0 0.12 0.0 0 6.6 15 330 M M 8 1 21 330
29 56 52 54 4 11 0 1.28 0.0 0 8.1 17 100 M M 10 12 23 100
30 56 34 45 -4 20 0 0.26 T M 17.3 30 290 M M 10 1 45 290
================================================================================
SM 2064 1472 205 30 2.93 T 256.7 M 144
================================================================================
AV 68.8 49.1 8.6 FASTST M M 5 MAX(MPH)
MISC ----> # 30 350 45 290
================================================================================
NOTES:
# LAST OF SEVERAL OCCURRENCES
COLUMN 17 PEAK WIND IN M.P.H.
PRELIMINARY LOCAL CLIMATOLOGICAL DATA (WS FORM: F-6) , PAGE 2
STATION: ATLANTA
MONTH: NOVEMBER
YEAR: 2020
LATITUDE: 33 39 N
LONGITUDE: 84 26 W
[TEMPERATURE DATA] [PRECIPITATION DATA] SYMBOLS USED IN COLUMN 16
AVERAGE MONTHLY: 58.9 TOTAL FOR MONTH: 2.93 1 = FOG OR MIST
DPTR FM NORMAL: 4.9 DPTR FM NORMAL: -1.17 2 = FOG REDUCING VISIBILITY
HIGHEST: 78 ON 11, 9 GRTST 24HR 1.54 ON 29-30 TO 1/4 MILE OR LESS
LOWEST: 34 ON 30 3 = THUNDER
SNOW, ICE PELLETS, HAIL 4 = ICE PELLETS
TOTAL MONTH: T 5 = HAIL
GRTST 24HR T ON 30-30 6 = FREEZING RAIN OR DRIZZLE
GRTST DEPTH: 0 7 = DUSTSTORM OR SANDSTORM:
VSBY 1/2 MILE OR LESS
8 = SMOKE OR HAZE
[NO. OF DAYS WITH] [WEATHER - DAYS WITH] 9 = BLOWING SNOW
X = TORNADO
MAX 32 OR BELOW: 0 0.01 INCH OR MORE: 8
MAX 90 OR ABOVE: 0 0.10 INCH OR MORE: 6
MIN 32 OR BELOW: 0 0.50 INCH OR MORE: 2
MIN 0 OR BELOW: 0 1.00 INCH OR MORE: 1
[HDD (BASE 65) ]
TOTAL THIS MO. 205 CLEAR (SCALE 0-3) 10
DPTR FM NORMAL -134 PTCLDY (SCALE 4-7) 15
TOTAL FM JUL 1 262 CLOUDY (SCALE 8-10) 5
DPTR FM NORMAL -207
[CDD (BASE 65) ]
TOTAL THIS MO. 30
DPTR FM NORMAL 20 [PRESSURE DATA]
TOTAL FM JAN 1 2108 HIGHEST SLP 30.62 ON 19
DPTR FM NORMAL 226 LOWEST SLP 29.58 ON 30
[REMARKS]
#FINAL-11-20#