000
CXUS54 KMAF 011210
CF6ATS
PRELIMINARY LOCAL CLIMATOLOGICAL DATA (WS FORM: F-6)
STATION: ARTESIA
MONTH: DECEMBER
YEAR: 2020
LATITUDE: 32 54 N
LONGITUDE: 104 30 W
TEMPERATURE IN F: :PCPN: SNOW: WIND :SUNSHINE: SKY :PK WND
================================================================================
1 2 3 4 5 6A 6B 7 8 9 10 11 12 13 14 15 16 17 18
12Z AVG MX 2MIN
DY MAX MIN AVG DEP HDD CDD WTR SNW DPTH SPD SPD DIR MIN PSBL S-S WX SPD DR
================================================================================
1 66 28 47 M 18 0 0.00 M M 9.4 25 310 M M 0 35 330
2 43 25 34 M 31 0 0.00 M M 14.3 22 350 M M 4 31 10
3 45 18 32 M 33 0 0.00 M M 9.1 16 10 M M 0 25 10
4 52 18 35 M 30 0 0.00 M M 6.6 13 290 M M 0 17 30
5 57 25 41 M 24 0 0.00 M M 10.9 18 10 M M 0 23 360
6 61 25 43 M 22 0 0.00 M M 6.0 13 290 M M 0 M M
7 63 28 46 M 19 0 0.00 M M 6.6 12 350 M M 0 M M
8 68 28 48 M 17 0 0.00 M M 7.4 14 230 M M 0 M M
9 70 27 49 M 16 0 0.00 M M 6.1 14 300 M M 0 M M
10 68 34 51 M 14 0 0.00 M M 9.2 29 220 M M 3 33 250
11 66 41 54 M 11 0 0.00 M M 11.5 24 240 M M 0 31 240
12 63 28 46 M 19 0 0.00 M M 12.1 33 200 M M 0 39 200
13 50 27 39 M 26 0 0.00 M M 17.9 38 320 M M 2 56 320
14 50 19 35 M 30 0 0.00 M M 14.9 26 150 M M 0 33 160
15 50 25 38 M 27 0 0.00 M M 9.9 24 350 M M 1 32 350
16 57 16 37 M 28 0 0.00 M M 5.7 10 330 M M 0 M M
17 57 25 41 M 24 0 0.00 M M 9.8 25 150 M M 0 31 150
18 57 32 45 M 20 0 0.00 M M 8.2 18 340 M M 0 25 340
19 57 27 42 M 23 0 0.00 M M 8.2 14 260 M M 0 20 340
20 59 28 44 M 21 0 0.00 M M 7.9 13 170 M M 0 M M
21 66 28 47 M 18 0 0.00 M M 3.8 12 240 M M 0 M M
22 72 25 49 M 16 0 0.00 M M 15.5 35 230 M M 0 8 44 230
23 59 25 42 M 23 0 0.00 M M 16.5 32 10 M M 1 8 46 360
24 50 19 35 M 30 0 0.00 M M 7.4 13 270 M M 0 17 250
25 59 19 39 M 26 0 0.00 M M 5.8 14 140 M M 0 M M
26 70 21 46 M 19 0 0.00 M M 8.7 21 260 M M 0 24 260
27 68 32 50 M 15 0 0.00 M M 3.9 10 10 M M 0 M M
28 57 34 46 M 19 0 0.00 M M 6.6 13 130 M M 1 17 130
29 64 32 48 M 17 0 0.00 M M 7.0 16 360 M M 2 23 99
30 46 32 39 M 26 0 0.00 M M 14.1 26 350 M M 3 28 350
31 46 19 33 M 32 0 0.00 M M 5.2 12 310 M M 0 M M
================================================================================
SM 1816 810 694 0 0.00 M 286.3 M 17
================================================================================
AV 58.6 26.1 9.2 FASTST M M 1 MAX(MPH)
MISC ----> 38 320 56 320
================================================================================
NOTES:
# LAST OF SEVERAL OCCURRENCES
COLUMN 17 PEAK WIND IN M.P.H.
PRELIMINARY LOCAL CLIMATOLOGICAL DATA (WS FORM: F-6) , PAGE 2
STATION: ARTESIA
MONTH: DECEMBER
YEAR: 2020
LATITUDE: 32 54 N
LONGITUDE: 104 30 W
[TEMPERATURE DATA] [PRECIPITATION DATA] SYMBOLS USED IN COLUMN 16
AVERAGE MONTHLY: 42.4 TOTAL FOR MONTH: 0.00 1 = FOG OR MIST
DPTR FM NORMAL: 0.0 DPTR FM NORMAL: M 2 = FOG REDUCING VISIBILITY
HIGHEST: 72 ON 22 GRTST 24HR 0.00 ON 1- 1 TO 1/4 MILE OR LESS
LOWEST: 16 ON 16 3 = THUNDER
SNOW, ICE PELLETS, HAIL 4 = ICE PELLETS
TOTAL MONTH: M 5 = HAIL
GRTST 24HR M ON M 6 = FREEZING RAIN OR DRIZZLE
GRTST DEPTH: M ON M 7 = DUSTSTORM OR SANDSTORM:
VSBY 1/2 MILE OR LESS
8 = SMOKE OR HAZE
[NO. OF DAYS WITH] [WEATHER - DAYS WITH] 9 = BLOWING SNOW
X = TORNADO
MAX 32 OR BELOW: 0 0.01 INCH OR MORE: 0
MAX 90 OR ABOVE: 0 0.10 INCH OR MORE: 0
MIN 32 OR BELOW: 28 0.50 INCH OR MORE: 0
MIN 0 OR BELOW: 0 1.00 INCH OR MORE: 0
[HDD (BASE 65) ]
TOTAL THIS MO. 694 CLEAR (SCALE 0-3) 29
DPTR FM NORMAL M PTCLDY (SCALE 4-7) 2
TOTAL FM JUL 1 1225 CLOUDY (SCALE 8-10) 0
DPTR FM NORMAL M
[CDD (BASE 65) ]
TOTAL THIS MO. 0
DPTR FM NORMAL M [PRESSURE DATA]
TOTAL FM JAN 1 2472 HIGHEST SLP M ON M
DPTR FM NORMAL M LOWEST SLP M ON M
[REMARKS]
#FINAL-12-20#