000
CXUS51 KGYX 021615
CF6AUG
PRELIMINARY LOCAL CLIMATOLOGICAL DATA (WS FORM: F-6)
STATION: AUGUSTA
MONTH: SEPTEMBER
YEAR: 2022
LATITUDE: 44 18 N
LONGITUDE: 69 48 W
TEMPERATURE IN F: :PCPN: SNOW: WIND :SUNSHINE: SKY :PK WND
================================================================================
1 2 3 4 5 6A 6B 7 8 9 10 11 12 13 14 15 16 17 18
12Z AVG MX 2MIN
DY MAX MIN AVG DEP HDD CDD WTR SNW DPTH SPD SPD DIR MIN PSBL S-S WX SPD DR
================================================================================
1 73 55 64 -2 1 0 T M M 8.0 22 330 M M 2 28 290
2 73 51 62 -4 3 0 0.00 M M 3.9 9 250 M M 0 13 270
3 77 51 64 -2 1 0 0.00 M M 4.6 13 160 M M 0 17 170
4 83 56 70 5 0 5 0.02 M M 4.8 13 20 M M 6 12 16 20
5 62 57 60 -5 5 0 1.20 M M 6.1 12 30 M M 10 1 15 30
6 64 58 61 -3 4 0 0.00 M M 4.3 10 20 M M 10 12 13 30
7 75 54 65 1 0 0 0.00 M M 2.9 8 170 M M 4 12 13 170
8 77 54 66 2 0 1 0.00 M M 1.8 12 160 M M 2 12 15 150
9 82 52 67 3 0 2 0.00 M M 2.4 8 340 M M 1 1 10 310
10 84 59 72 9 0 7 0.00 M M 3.5 10 350 M M 0 14 340
11 82 63 73 10 0 8 0.00 M M 2.0 7 10 M M 1 9 350
12 84 67 76 14 0 11 T M M 3.6 12 50 M M 7 1 15 30
13 76 62 69 7 0 4 0.09 M M 4.2 12 160 M M 8 128 15 130
14 79 62 71 9 0 6 0.04 M M 8.6 21 290 M M 4 1 32 300
15 64 51 58 -3 7 0 0.00 M M 11.4 24 320 M M 0 33 290
16 68 49 59 -2 6 0 0.00 M M 9.4 24 330 M M 1 33 310
17 68 46 57 -3 8 0 0.00 M M 5.6 10 350 M M 0 15 290
18 72 52 62 2 3 0 0.18 M M 6.4 14 10 M M 5 1 18 30
19 60 51 56 -4 9 0 M M M 4.8 13 150 M M 10 18 16 140
20 57 51 54 -5 11 0 0.27 M M 9.3 14 360 M M 10 1 20 20
21 69 49 59 0 6 0 0.00 M M 5.7 13 10 M M 4 16 360
22 65 51 58 0 7 0 1.75 M M 6.2 18 340 M M 8 123 23 330
23 59 46 53 -5 12 0 0.00 M M 12.9 26 340 M M 3 35 340
24 65 46 56 -2 9 0 0.00 M M 10.2 22 290 M M 0 37 300
25 67 46 57 0 8 0 0.25 M M 4.9 10 280 M M 3 13 18 150
26 73 58 66 9 0 1 0.08 M M 6.5 12 230 M M 7 1 20 240
27 71 51 61 5 4 0 0.00 M M 4.9 15 170 M M 2 12 25 160
28 70 47 59 3 6 0 T M M 4.8 16 310 M M 4 12 24 300
29 63 43 53 -3 12 0 0.00 M M 7.2 18 350 M M 3 23 350
30 64 37 51 -4 14 0 0.00 M M 3.0 7 290 M M 0 10 210
================================================================================
SM 2126 1575 136 45 3.88 M 173.9 M 115
================================================================================
AV 70.9 52.5 5.8 FASTST M M 4 MAX(MPH)
MISC ----> 26 340 37 300
================================================================================
NOTES:
# LAST OF SEVERAL OCCURRENCES
COLUMN 17 PEAK WIND IN M.P.H.
PRELIMINARY LOCAL CLIMATOLOGICAL DATA (WS FORM: F-6) , PAGE 2
STATION: AUGUSTA
MONTH: SEPTEMBER
YEAR: 2022
LATITUDE: 44 18 N
LONGITUDE: 69 48 W
[TEMPERATURE DATA] [PRECIPITATION DATA] SYMBOLS USED IN COLUMN 16
AVERAGE MONTHLY: 61.7 TOTAL FOR MONTH: 3.88 1 = FOG OR MIST
DPTR FM NORMAL: 0.7 DPTR FM NORMAL: -0.02 2 = FOG REDUCING VISIBILITY
HIGHEST: 84 ON 12,10 GRTST 24HR 1.75 ON 22-22 TO 1/4 MILE OR LESS
LOWEST: 37 ON 30 3 = THUNDER
SNOW, ICE PELLETS, HAIL 4 = ICE PELLETS
TOTAL MONTH: M 5 = HAIL
GRTST 24HR M ON M 6 = FREEZING RAIN OR DRIZZLE
GRTST DEPTH: M ON M 7 = DUSTSTORM OR SANDSTORM:
VSBY 1/2 MILE OR LESS
8 = SMOKE OR HAZE
[NO. OF DAYS WITH] [WEATHER - DAYS WITH] 9 = BLOWING SNOW
X = TORNADO
MAX 32 OR BELOW: 0 0.01 INCH OR MORE: 9
MAX 90 OR ABOVE: 0 0.10 INCH OR MORE: 5
MIN 32 OR BELOW: 0 0.50 INCH OR MORE: 2
MIN 0 OR BELOW: 0 1.00 INCH OR MORE: 2
[HDD (BASE 65) ]
TOTAL THIS MO. 136 CLEAR (SCALE 0-3) 15
DPTR FM NORMAL -24 PTCLDY (SCALE 4-7) 10
TOTAL FM JUL 1 137 CLOUDY (SCALE 8-10) 5
DPTR FM NORMAL -56
[CDD (BASE 65) ]
TOTAL THIS MO. 45
DPTR FM NORMAL 7 [PRESSURE DATA]
TOTAL FM JAN 1 655 HIGHEST SLP 30.41 ON 30
DPTR FM NORMAL 230 LOWEST SLP 29.43 ON 22
[REMARKS]
#FINAL-09-22#