000
CXUS51 KGYX 011839
CF6AUG
PRELIMINARY LOCAL CLIMATOLOGICAL DATA (WS FORM: F-6)
STATION: AUGUSTA
MONTH: FEBRUARY
YEAR: 2021
LATITUDE: 44 18 N
LONGITUDE: 69 48 W
TEMPERATURE IN F: :PCPN: SNOW: WIND :SUNSHINE: SKY :PK WND
================================================================================
1 2 3 4 5 6A 6B 7 8 9 10 11 12 13 14 15 16 17 18
12Z AVG MX 2MIN
DY MAX MIN AVG DEP HDD CDD WTR SNW DPTH SPD SPD DIR MIN PSBL S-S WX SPD DR
================================================================================
1 27 2 15 -5 50 0 T M M 10.6 23 30 M M 6 1 29 20
2 31 25 28 8 37 0 0.32 M M 20.9 28 30 M M 10 126 43 30
3 37 30 34 14 31 0 0.05 M M 10.6 22 340 M M 9 18 28 350
4 37 28 33 12 32 0 T M M 7.0 15 340 M M 9 8 22 340
5 36 20 28 7 37 0 0.11 M M 4.9 10 140 M M 5 12 14 180
6 37 26 32 11 33 0 T M M 7.6 21 260 M M 6 1 30 220
7 28 18 23 2 42 0 0.06 M M 6.6 13 360 M M 5 12 16 360
8 25 10 18 -3 47 0 0.01 M M 9.6 22 310 M M 2 18 32 300
9 20 7 14 -8 51 0 0.12 M M 2.5 9 340 M M 8 18 10 330
10 26 4 15 -7 50 0 0.00 0.0 M 7.1 17 300 M M 1 18 24 300
11 24 9 17 -5 48 0 T M M 8.1 21 300 M M 3 30 300
12 21 2 12 -10 53 0 0.00 0.0 M 6.2 17 310 M M 0 27 290
13 22 3 13 -10 52 0 T M M 2.7 10 360 M M 2 12 350
14 25 16 21 -2 44 0 0.00 0.0 M 2.6 10 350 M M 7 12 340
15 28 15 22 -1 43 0 T M M 3.4 12 60 M M 6 15 60
16 29 22 26 3 39 0 0.62 M M 8.8 20 30 M M 10 16 24 20
17 28 14 21 -3 44 0 0.00 0.0 M 11.1 22 300 M M 0 8 32 300
18 25 13 19 -5 46 0 0.00 0.0 M 1.8 9 320 M M 3 13 310
19 27 20 24 0 41 0 T M M 3.7 8 40 M M 10 18 10 40
20 30 19 25 1 40 0 T M M 6.3 16 350 M M 8 18 21 320
21 34 15 25 0 40 0 0.00 0.0 M 7.4 18 340 M M 1 23 340
22 33 13 23 -2 42 0 0.49 M M 5.4 13 170 M M 7 128 21 160
23 40 28 34 9 31 0 T M M 3.9 14 320 M M 8 1 17 320
24 46 33 40 14 25 0 T M M 6.8 21 300 M M 5 1 30 280
25 40 18 29 3 36 0 0.00 0.0 M 13.1 29 310 M M 3 42 290
26 30 15 23 -3 42 0 0.00 0.0 M 6.0 15 320 M M 0 22 290
27 38 17 28 2 37 0 0.36 M M 6.8 24 280 M M 5 126 36 280
28 43 32 38 11 27 0 0.00 0.0 M 6.1 20 290 M M 2 28 290
================================================================================
SM 867 474 1140 0 2.14 0.0 197.6 M 141
================================================================================
AV 31.0 16.9 7.1 FASTST M M 5 MAX(MPH)
MISC ----> 29 310 43 30
================================================================================
NOTES:
# LAST OF SEVERAL OCCURRENCES
COLUMN 17 PEAK WIND IN M.P.H.
PRELIMINARY LOCAL CLIMATOLOGICAL DATA (WS FORM: F-6) , PAGE 2
STATION: AUGUSTA
MONTH: FEBRUARY
YEAR: 2021
LATITUDE: 44 18 N
LONGITUDE: 69 48 W
[TEMPERATURE DATA] [PRECIPITATION DATA] SYMBOLS USED IN COLUMN 16
AVERAGE MONTHLY: 23.9 TOTAL FOR MONTH: 2.14 1 = FOG OR MIST
DPTR FM NORMAL: 0.7 DPTR FM NORMAL: -0.29 2 = FOG REDUCING VISIBILITY
HIGHEST: 46 ON 24 GRTST 24HR 0.62 ON 15-16 TO 1/4 MILE OR LESS
LOWEST: 2 ON 12, 1 3 = THUNDER
SNOW, ICE PELLETS, HAIL 4 = ICE PELLETS
TOTAL MONTH: 0.0 INCH 5 = HAIL
GRTST 24HR 0.0 6 = FREEZING RAIN OR DRIZZLE
GRTST DEPTH: M ON M 7 = DUSTSTORM OR SANDSTORM:
VSBY 1/2 MILE OR LESS
8 = SMOKE OR HAZE
[NO. OF DAYS WITH] [WEATHER - DAYS WITH] 9 = BLOWING SNOW
X = TORNADO
MAX 32 OR BELOW: 17 0.01 INCH OR MORE: 9
MAX 90 OR ABOVE: 0 0.10 INCH OR MORE: 6
MIN 32 OR BELOW: 27 0.50 INCH OR MORE: 1
MIN 0 OR BELOW: 0 1.00 INCH OR MORE: 0
[HDD (BASE 65) ]
TOTAL THIS MO. 1140 CLEAR (SCALE 0-3) 9
DPTR FM NORMAL -32 PTCLDY (SCALE 4-7) 12
TOTAL FM JUL 1 4767 CLOUDY (SCALE 8-10) 7
DPTR FM NORMAL -576
[CDD (BASE 65) ]
TOTAL THIS MO. 0
DPTR FM NORMAL 0 [PRESSURE DATA]
TOTAL FM JAN 1 0 HIGHEST SLP 30.54 ON 18
DPTR FM NORMAL 0 LOWEST SLP 29.25 ON 3
[REMARKS]
#FINAL-02-21#