000
CXUS53 KGID 011539
CF6AUH
PRELIMINARY LOCAL CLIMATOLOGICAL DATA (WS FORM: F-6)
STATION: AURORA
MONTH: JUNE
YEAR: 2021
LATITUDE: 40 54 N
LONGITUDE: 97 59 W
TEMPERATURE IN F: :PCPN: SNOW: WIND :SUNSHINE: SKY :PK WND
================================================================================
1 2 3 4 5 6A 6B 7 8 9 10 11 12 13 14 15 16 17 18
12Z AVG MX 2MIN
DY MAX MIN AVG DEP HDD CDD WTR SNW DPTH SPD SPD DIR MIN PSBL S-S WX SPD DR
================================================================================
1 76 52 64 M 1 0 0.00 M M 3.7 9 130 M M 1 1 M M
2 79 52 66 M 0 1 0.00 M M 3.1 7 140 M M 1 16 0
3 85 55 70 M 0 5 0.00 M M 9.3 14 190 M M 0 20 190
4 91 62 77 M 0 12 0.00 M M 12.0 17 190 M M 1 22 200
5 89 66 78 M 0 13 0.00 M M 14.2 20 190 M M 0 27 200
6 87 66 77 M 0 12 0.00 M M 13.3 20 210 M M 0 28 200
7 91 67 79 M 0 14 0.00 M M 9.6 13 170 M M 2 21 190
8 89 65 77 M 0 12 0.00 M M 7.9 13 150 M M 2 8 22 180
9 92 64 78 M 0 13 0.00 M M 5.8 13 150 M M 1 21 150
10 95 71 83 M 0 18 0.00 M M 11.4 16 150 M M 2 24 170
11 82 60 71 M 0 6 0.10 M M 10.9 16 360 M M 4 13 32 280
12 86 55 71 M 0 6 0.00 M M 7.7 13 80 M M 0 24 80
13 92 59 76 M 0 11 0.00 M M 5.3 10 200 M M 0 17 190
14 96 63 80 M 0 15 T M M 5.2 10 250 M M 1 M M
15 95 69 82 M 0 17 0.00 M M 8.3 13 100 M M 0 16 110
16 101 70 86 M 0 21 0.00 M M 10.4 17 200 M M 0 23 200
17 101 70 86 M 0 21 0.00 M M 10.9 22 200 M M 0 29 200
18 89 71 80 M 0 15 0.00 M M 9.9 15 60 M M 0 28 10
19 86 63 75 M 0 10 T M M 10.5 21 60 M M 1 27 60
20 88 62 75 M 0 10 0.26 M M 10.8 25 340 M M 1 32 340
21 76 58 67 M 0 2 0.00 M M 6.2 12 300 M M 2 18 350
22 89 57 73 M 0 8 0.00 M M 12.7 22 210 M M 1 30 230
23 92 65 79 M 0 14 0.00 M M 12.1 18 190 M M 0 23 190
24 81 67 74 M 0 9 0.96 M M 9.9 18 40 M M 4 3 39 10
25 84 64 74 M 0 9 0.00 M M 4.9 12 360 M M 5 1 15 360
26 76 63 70 M 0 5 T M M 7.6 14 330 M M 7 1 22 350
27 81 58 70 M 0 5 0.01 M M 2.3 14 210 M M 2 1 M M
28 82 62 72 M 0 7 0.03 M M 2.7 13 310 M M 5 3 20 0
29 83 58 71 M 0 6 0.00 M M 3.9 8 20 M M 1 M M
30 83 63 73 M 0 8 0.00 M M 2.8 7 60 M M 2 1 M M
================================================================================
SM 2617 1877 1 305 1.36 M 245.3 M 46
================================================================================
AV 87.2 62.6 8.2 FASTST M M 2 MAX(MPH)
MISC ----> 25 340 M M
================================================================================
NOTES:
# LAST OF SEVERAL OCCURRENCES
COLUMN 17 PEAK WIND IN M.P.H.
PRELIMINARY LOCAL CLIMATOLOGICAL DATA (WS FORM: F-6) , PAGE 2
STATION: AURORA
MONTH: JUNE
YEAR: 2021
LATITUDE: 40 54 N
LONGITUDE: 97 59 W
[TEMPERATURE DATA] [PRECIPITATION DATA] SYMBOLS USED IN COLUMN 16
AVERAGE MONTHLY: 74.9 TOTAL FOR MONTH: 1.36 1 = FOG OR MIST
DPTR FM NORMAL: 0.0 DPTR FM NORMAL: M 2 = FOG REDUCING VISIBILITY
HIGHEST: 101 ON 17,16 GRTST 24HR 0.96 ON 24-24 TO 1/4 MILE OR LESS
LOWEST: 52 ON 2, 1 3 = THUNDER
SNOW, ICE PELLETS, HAIL 4 = ICE PELLETS
TOTAL MONTH: M 5 = HAIL
GRTST 24HR M ON M 6 = FREEZING RAIN OR DRIZZLE
GRTST DEPTH: M ON M 7 = DUSTSTORM OR SANDSTORM:
VSBY 1/2 MILE OR LESS
8 = SMOKE OR HAZE
[NO. OF DAYS WITH] [WEATHER - DAYS WITH] 9 = BLOWING SNOW
X = TORNADO
MAX 32 OR BELOW: 0 0.01 INCH OR MORE: 5
MAX 90 OR ABOVE: 10 0.10 INCH OR MORE: 3
MIN 32 OR BELOW: 0 0.50 INCH OR MORE: 1
MIN 0 OR BELOW: 0 1.00 INCH OR MORE: 0
[HDD (BASE 65) ]
TOTAL THIS MO. 1 CLEAR (SCALE 0-3) 25
DPTR FM NORMAL M PTCLDY (SCALE 4-7) 5
TOTAL FM JUL 1 5893 CLOUDY (SCALE 8-10) 0
DPTR FM NORMAL-10111
[CDD (BASE 65) ]
TOTAL THIS MO. 305
DPTR FM NORMAL M [PRESSURE DATA]
TOTAL FM JAN 1 391 HIGHEST SLP M ON M
DPTR FM NORMAL 381 LOWEST SLP M ON M
[REMARKS]
#FINAL-06-21#