000
CXUS54 KBMX 011010
CF6AUO
PRELIMINARY LOCAL CLIMATOLOGICAL DATA (WS FORM: F-6)
STATION: AUBURN AWOS
MONTH: JUNE
YEAR: 2021
LATITUDE: 32 34 N
LONGITUDE: 85 30 W
TEMPERATURE IN F: :PCPN: SNOW: WIND :SUNSHINE: SKY :PK WND
================================================================================
1 2 3 4 5 6A 6B 7 8 9 10 11 12 13 14 15 16 17 18
12Z AVG MX 2MIN
DY MAX MIN AVG DEP HDD CDD WTR SNW DPTH SPD SPD DIR MIN PSBL S-S WX SPD DR
================================================================================
1 84 62 73 M 0 8 0.00 0.0 0 6.4 10 150 M M 0 M M
2 85 64 75 M 0 10 0.00 0.0 0 6.2 10 160 M M 0 M M
3 84 69 77 M 0 12 T 0.0 0 4.2 10 190 M M 0 M M
4 85 68 77 M 0 12 1.15 0.0 0 2.6 40 170 M M 0 3 50 170
5 86 69 78 M 0 13 0.27 0.0 0 2.2 22 80 M M 0 13 29 80
6 85 70 78 M 0 13 0.08 0.0 0 4.4 12 160 M M 0 1 M M
7 82 70 76 M 0 11 0.41 0.0 0 6.5 13 180 M M 0 1 M M
8 88 71 80 M 0 15 0.02 0.0 0 6.3 18 180 M M 0 13 30 190
9 88 70 79 M 0 14 0.03 0.0 M 5.8 15 200 M M 0 123 18 180
10 84 69 77 M 0 12 0.31 0.0 0 6.6 17 200 M M 0 1 28 200
11 83 71 77 M 0 12 0.64 0.0 0 5.4 15 340 M M 3 138 27 260
12 89 73 81 M 0 16 0.02 0.0 0 7.2 15 310 M M 6 13 M M
13 91 70 81 M 0 16 0.00 0.0 0 4.8 9 20 M M 2 M M
14 90 71 81 M 0 16 M 0.0 M 3.5 12 330 M M 1 M M
15 92 68 80 M 0 15 M 0.0 M 7.4 13 350 M M 0 8 M M
16 87 64 76 M 0 11 0.00 0.0 0 6.1 10 360 M M 1 8 17 350
17 89 66 78 M 0 13 0.00 0.0 0 5.3 10 40 M M 1 8 M M
18 89 68 79 M 0 14 M 0.0 0 5.2 13 230 M M 2 M M
19 75 71 73 M 0 8 1.52 0.0 0 8.7 21 170 M M 8 1 31 200
20 85 69 77 M 0 12 0.84 0.0 0 10.0 18 200 M M 7 1 24 200
21 84 70 77 M 0 12 T 0.0 0 10.0 20 190 M M 8 24 190
22 82 66 74 M 0 9 0.03 0.0 0 7.3 14 330 M M 6 1 18 310
23 85 63 74 M 0 9 0.00 0.0 0 3.5 7 30 M M 6 M M
24 M 69 M M M M M 0.0 0 5.9 9 110 M M 6 M M
25 M 66 M M M M 0.00 0.0 0 5.8 8 100 M M 2 M M
26 86 68 77 M 0 12 0.00 0.0 0 5.3 9 100 M M 4 M M
27 88 71 80 M 0 15 0.30 0.0 0 6.2 13 170 M M 4 138 24 170
28 88 70 79 M 0 14 0.00 0.0 0 6.0 10 90 M M 3 M M
29 87 70 79 M 0 14 0.23 0.0 0 5.4 14 180 M M 6 16 140
30 86 70 78 M 0 13 0.01 0.0 0 4.8 10 130 M M 4 8 16 130
================================================================================
SM 2407 2056 0 351 5.86 0.0 175.0 M 80
================================================================================
AV 86.0 68.5 5.8 FASTST M M 3 MAX(MPH)
MISC ----> 40 170 50 170
================================================================================
NOTES:
# LAST OF SEVERAL OCCURRENCES
COLUMN 17 PEAK WIND IN M.P.H.
PRELIMINARY LOCAL CLIMATOLOGICAL DATA (WS FORM: F-6) , PAGE 2
STATION: AUBURN AWOS
MONTH: JUNE
YEAR: 2021
LATITUDE: 32 34 N
LONGITUDE: 85 30 W
[TEMPERATURE DATA] [PRECIPITATION DATA] SYMBOLS USED IN COLUMN 16
AVERAGE MONTHLY: 77.2 TOTAL FOR MONTH: 5.86 1 = FOG OR MIST
DPTR FM NORMAL: 0.0 DPTR FM NORMAL: M 2 = FOG REDUCING VISIBILITY
HIGHEST: 92 ON 15 GRTST 24HR 1.52 ON 19-19 TO 1/4 MILE OR LESS
LOWEST: 62 ON 1 3 = THUNDER
SNOW, ICE PELLETS, HAIL 4 = ICE PELLETS
TOTAL MONTH: 0.0 INCH 5 = HAIL
GRTST 24HR 0.0 6 = FREEZING RAIN OR DRIZZLE
GRTST DEPTH: 0 7 = DUSTSTORM OR SANDSTORM:
VSBY 1/2 MILE OR LESS
8 = SMOKE OR HAZE
[NO. OF DAYS WITH] [WEATHER - DAYS WITH] 9 = BLOWING SNOW
X = TORNADO
MAX 32 OR BELOW: 0 0.01 INCH OR MORE: 15
MAX 90 OR ABOVE: 3 0.10 INCH OR MORE: 9
MIN 32 OR BELOW: 0 0.50 INCH OR MORE: 4
MIN 0 OR BELOW: 0 1.00 INCH OR MORE: 2
[HDD (BASE 65) ]
TOTAL THIS MO. 0 CLEAR (SCALE 0-3) 18
DPTR FM NORMAL M PTCLDY (SCALE 4-7) 12
TOTAL FM JUL 1 1806 CLOUDY (SCALE 8-10) 0
DPTR FM NORMAL M
[CDD (BASE 65) ]
TOTAL THIS MO. 351
DPTR FM NORMAL M [PRESSURE DATA]
TOTAL FM JAN 1 602 HIGHEST SLP M ON M
DPTR FM NORMAL M LOWEST SLP M ON M
[REMARKS]
#FINAL-06-21#