000
CXUS54 KBMX 011110
CF6AUO
PRELIMINARY LOCAL CLIMATOLOGICAL DATA (WS FORM: F-6)
STATION: AUBURN AWOS
MONTH: OCTOBER
YEAR: 2020
LATITUDE: 32 34 N
LONGITUDE: 85 30 W
TEMPERATURE IN F: :PCPN: SNOW: WIND :SUNSHINE: SKY :PK WND
================================================================================
1 2 3 4 5 6A 6B 7 8 9 10 11 12 13 14 15 16 17 18
12Z AVG MX 2MIN
DY MAX MIN AVG DEP HDD CDD WTR SNW DPTH SPD SPD DIR MIN PSBL S-S WX SPD DR
================================================================================
1 80 55 68 M 0 3 0.00 0.0 M 6.2 12 260 M M 0 17 270
2 71 50 61 M 4 0 0.00 0.0 M 6.6 14 30 M M 0 17 350
3 73 49 61 M 4 0 0.00 0.0 M 7.2 12 40 M M 0 M M
4 73 51 62 M 3 0 0.00 0.0 M 5.4 8 30 M M 0 M M
5 77 54 66 M 0 1 0.00 0.0 M 4.7 9 20 M M 0 1 M M
6 79 59 69 M 0 4 0.00 0.0 M 5.3 8 50 M M 6 M M
7 87 64 76 M 0 11 0.00 0.0 M 3.9 7 20 M M 3 M M
8 84 63 74 M 0 9 M 0.0 M 4.8 9 40 M M 0 M M
9 72 66 69 M 0 4 2.59 0.0 M 7.7 15 50 M M 8 1 18 90
10 79 70 75 M 0 10 0.53 0.0 M 11.4 28 180 M M 9 1 40 180
11 72 69 71 M 0 6 0.22 0.0 M 9.0 14 240 M M 10 1 21 230
12 81 69 75 M 0 10 0.00 0.0 M 4.7 10 300 M M 7 M M
13 82 M M M M M 0.00 0.0 M 5.2 9 330 M M 2 1 M M
14 80 55 68 M 0 3 0.00 0.0 0 6.4 12 30 M M 1 1 M M
15 80 61 71 M 0 6 0.00 0.0 0 3.8 13 210 M M 2 M M
16 70 49 60 M 5 0 M M M 8.1 14 330 M M 3 17 10
17 69 43 56 M 9 0 0.00 M 0 7.9 14 90 M M 0 20 90
18 77 52 65 M 0 0 0.00 0.0 0 7.3 10 60 M M 0 17 150
19 79 58 69 M 0 4 0.00 0.0 M 6.6 10 80 M M 0 M M
20 81 61 71 M 0 6 0.00 0.0 M 7.5 12 60 M M 3 M M
21 82 64 73 M 0 8 0.00 0.0 0 8.0 13 20 M M 4 18 16 100
22 82 65 74 M 0 9 T 0.0 0 7.3 12 100 M M 2 M M
23 82 66 74 M 0 9 T 0.0 M 5.1 13 100 M M 3 M M
24 72 66 69 M 0 4 1.02 0.0 M 4.2 12 290 M M 8 1 M M
25 77 65 71 M 0 6 0.00 0.0 0 1.9 6 10 M M 10 1 M M
26 79 67 73 M 0 8 0.00 0.0 M 4.8 9 100 M M 7 M M
27 76 67 72 M 0 7 0.12 0.0 0 6.6 9 70 M M 10 1 M M
28 78 72 75 M 0 10 0.03 0.0 0 8.5 22 150 M M 7 1 35 150
29 82 48 65 M 0 0 0.16 0.0 0 16.6 29 190 M M 6 1 55 190
30 65 48 57 M 8 0 0.00 0.0 0 10.4 16 360 M M 5 28 320
31 69 47 58 M 7 0 0.00 M 0 9.6 13 70 M M 4 18 80
================================================================================
SM 2390 1773 40 138 4.67 0.0 212.7 M 120
================================================================================
AV 77.1 59.1 6.9 FASTST M M 4 MAX(MPH)
MISC ----> 29 190 55 190
================================================================================
NOTES:
# LAST OF SEVERAL OCCURRENCES
COLUMN 17 PEAK WIND IN M.P.H.
PRELIMINARY LOCAL CLIMATOLOGICAL DATA (WS FORM: F-6) , PAGE 2
STATION: AUBURN AWOS
MONTH: OCTOBER
YEAR: 2020
LATITUDE: 32 34 N
LONGITUDE: 85 30 W
[TEMPERATURE DATA] [PRECIPITATION DATA] SYMBOLS USED IN COLUMN 16
AVERAGE MONTHLY: 68.1 TOTAL FOR MONTH: 4.67 1 = FOG OR MIST
DPTR FM NORMAL: 0.0 DPTR FM NORMAL: M 2 = FOG REDUCING VISIBILITY
HIGHEST: 87 ON 7 GRTST 24HR 2.59 ON 9- 9 TO 1/4 MILE OR LESS
LOWEST: 43 ON 17 3 = THUNDER
SNOW, ICE PELLETS, HAIL 4 = ICE PELLETS
TOTAL MONTH: 0.0 INCH 5 = HAIL
GRTST 24HR 0.0 6 = FREEZING RAIN OR DRIZZLE
GRTST DEPTH: 0 7 = DUSTSTORM OR SANDSTORM:
VSBY 1/2 MILE OR LESS
8 = SMOKE OR HAZE
[NO. OF DAYS WITH] [WEATHER - DAYS WITH] 9 = BLOWING SNOW
X = TORNADO
MAX 32 OR BELOW: 0 0.01 INCH OR MORE: 7
MAX 90 OR ABOVE: 0 0.10 INCH OR MORE: 6
MIN 32 OR BELOW: 0 0.50 INCH OR MORE: 3
MIN 0 OR BELOW: 0 1.00 INCH OR MORE: 2
[HDD (BASE 65) ]
TOTAL THIS MO. 40 CLEAR (SCALE 0-3) 17
DPTR FM NORMAL M PTCLDY (SCALE 4-7) 9
TOTAL FM JUL 1 49 CLOUDY (SCALE 8-10) 5
DPTR FM NORMAL M
[CDD (BASE 65) ]
TOTAL THIS MO. 138
DPTR FM NORMAL M [PRESSURE DATA]
TOTAL FM JAN 1 2076 HIGHEST SLP M ON M
DPTR FM NORMAL M LOWEST SLP M ON M
[REMARKS]
#FINAL-10-20#