000
CXUS54 KBMX 011110
CF6AUO
PRELIMINARY LOCAL CLIMATOLOGICAL DATA (WS FORM: F-6)
STATION: AUBURN AWOS
MONTH: JANUARY
YEAR: 2020
LATITUDE: 32 34 N
LONGITUDE: 85 30 W
TEMPERATURE IN F: :PCPN: SNOW: WIND :SUNSHINE: SKY :PK WND
================================================================================
1 2 3 4 5 6A 6B 7 8 9 10 11 12 13 14 15 16 17 18
12Z AVG MX 2MIN
DY MAX MIN AVG DEP HDD CDD WTR SNW DPTH SPD SPD DIR MIN PSBL S-S WX SPD DR
================================================================================
1 57 34 46 M 19 0 0.00 0.0 0 3.9 7 220 M M 0 M M
2 65 46 56 M 9 0 0.40 0.0 0 7.0 12 170 M M 8 1 21 140
3 68 58 63 M 2 0 1.50 0.0 0 6.8 14 160 M M 10 1 M M
4 58 35 47 M 18 0 0.02 0.0 0 11.8 21 310 M M 5 33 290
5 56 29 43 M 22 0 0.00 0.0 0 5.8 9 340 M M 0 M M
6 63 41 52 M 13 0 0.00 0.0 0 4.2 7 230 M M 0 M M
7 59 40 50 M 15 0 T 0.0 0 9.4 16 310 M M 2 23 320
8 64 36 50 M 15 0 0.00 0.0 0 4.5 7 30 M M 0 M M
9 65 41 53 M 12 0 0.00 0.0 0 9.1 17 170 M M 1 24 170
10 70 57 64 M 1 0 0.00 0.0 0 8.6 12 130 M M 4 21 140
11 72 61 67 M 0 2 1.15 0.0 0 12.7 18 160 M M 9 13 28 160
12 67 47 57 M 8 0 0.95 0.0 0 3.1 7 100 M M 5 1 M M
13 66 61 64 M 1 0 0.68 0.0 0 4.7 9 80 M M 10 13 M M
14 66 59 63 M 2 0 1.42 0.0 0 5.1 10 180 M M 9 1 M M
15 68 55 62 M 3 0 0.02 0.0 0 3.5 12 200 M M 6 12 M M
16 69 51 60 M 5 0 0.05 0.0 0 8.8 15 30 M M 5 12 18 360
17 63 48 56 M 9 0 0.00 0.0 0 10.8 14 80 M M 1 21 90
18 M M M M M M 0.18 0.0 0 8.7 14 120 M M 10 1 21 140
19 60 35 48 M 17 0 0.16 0.0 0 12.1 17 320 M M 3 1 24 320
20 42 26 34 M 31 0 0.00 0.0 0 10.3 14 360 M M 0 21 360
21 43 22 33 M 32 0 0.00 0.0 0 9.5 14 350 M M 2 22 360
22 52 24 38 M 27 0 0.00 0.0 0 8.0 14 100 M M 0 17 60
23 49 36 43 M 22 0 0.70 0.0 0 9.5 15 100 M M 8 1 20 100
24 58 42 50 M 15 0 0.21 0.0 0 7.3 13 230 M M 6 12 16 120
25 52 34 43 M 22 0 0.00 0.0 0 6.0 10 290 M M 0 M M
26 55 32 44 M 21 0 0.01 0.0 0 3.3 8 300 M M 5 M M
27 56 40 48 M 17 0 0.01 0.0 0 4.4 12 330 M M 5 1 M M
28 63 35 49 M 16 0 0.00 0.0 0 4.8 9 10 M M 0 M M
29 52 41 47 M 18 0 0.08 0.0 0 5.2 10 70 M M 6 16 100
30 60 37 49 M 16 0 0.00 0.0 0 7.0 10 90 M M 0 M M
31 49 41 45 M 20 0 T 0.0 0 8.1 12 40 M M 9 1 M M
================================================================================
SM 1787 1244 428 2 7.54 0.0 224.0 M 129
================================================================================
AV 59.6 41.5 7.2 FASTST M M 4 MAX(MPH)
MISC ----> # 21 310 # 33 290
================================================================================
NOTES:
# LAST OF SEVERAL OCCURRENCES
COLUMN 17 PEAK WIND IN M.P.H.
PRELIMINARY LOCAL CLIMATOLOGICAL DATA (WS FORM: F-6) , PAGE 2
STATION: AUBURN AWOS
MONTH: JANUARY
YEAR: 2020
LATITUDE: 32 34 N
LONGITUDE: 85 30 W
[TEMPERATURE DATA] [PRECIPITATION DATA] SYMBOLS USED IN COLUMN 16
AVERAGE MONTHLY: 50.5 TOTAL FOR MONTH: 7.54 1 = FOG OR MIST
DPTR FM NORMAL: M DPTR FM NORMAL: M 2 = FOG REDUCING VISIBILITY
HIGHEST: 72 ON 11 GRTST 24HR 1.50 ON 3- 3 TO 1/4 MILE OR LESS
LOWEST: 22 ON 21 3 = THUNDER
SNOW, ICE PELLETS, HAIL 4 = ICE PELLETS
TOTAL MONTH: 0.0 INCH 5 = HAIL
GRTST 24HR 0.0 6 = FREEZING RAIN OR DRIZZLE
GRTST DEPTH: 0 7 = DUSTSTORM OR SANDSTORM:
VSBY 1/2 MILE OR LESS
8 = SMOKE OR HAZE
[NO. OF DAYS WITH] [WEATHER - DAYS WITH] 9 = BLOWING SNOW
X = TORNADO
MAX 32 OR BELOW: 0 0.01 INCH OR MORE: 16
MAX 90 OR ABOVE: 0 0.10 INCH OR MORE: 10
MIN 32 OR BELOW: 5 0.50 INCH OR MORE: 6
MIN 0 OR BELOW: 0 1.00 INCH OR MORE: 3
[HDD (BASE 65) ]
TOTAL THIS MO. 428 CLEAR (SCALE 0-3) 14
DPTR FM NORMAL M PTCLDY (SCALE 4-7) 10
TOTAL FM JUL 1 1234 CLOUDY (SCALE 8-10) 7
DPTR FM NORMAL M
[CDD (BASE 65) ]
TOTAL THIS MO. 2
DPTR FM NORMAL M [PRESSURE DATA]
TOTAL FM JAN 1 2 HIGHEST SLP M ON M
DPTR FM NORMAL M LOWEST SLP M ON M
[REMARKS]
#FINAL-01-20#