000
CXUS53 KGRB 230639
CF6AUW
PRELIMINARY LOCAL CLIMATOLOGICAL DATA (WS FORM: F-6)
STATION: WAUSAU WI
MONTH: SEPTEMBER
YEAR: 2021
LATITUDE: 44 55 N
LONGITUDE: 89 37 W
TEMPERATURE IN F: :PCPN: SNOW: WIND :SUNSHINE: SKY :PK WND
================================================================================
1 2 3 4 5 6A 6B 7 8 9 10 11 12 13 14 15 16 17 18
12Z AVG MX 2MIN
DY MAX MIN AVG DEP HDD CDD WTR SNW DPTH SPD SPD DIR MIN PSBL S-S WX SPD DR
================================================================================
1 78 54 66 2 0 1 0.00 0.0 0 2.6 12 60 M M 1 16 60
2 74 51 63 -1 2 0 0.00 0.0 0 4.8 10 80 M M M 15 130
3 65 57 61 -3 4 0 0.47 0.0 0 65.9 18 130 M M M 26 140
4 74 58 66 2 0 1 0.07 0.0 0 6.4 17 270 M M 0 23 290
5 76 56 66 3 0 1 0.00 0.0 0 8.9 22 260 M M M 30 260
6 76 52 64 1 1 0 0.00 0.0 0 4.6 13 260 M M M 18 270
7 80 58 69 7 0 4 T 0.0 0 11.0 29 300 M M M 3 41 290
8 73 55 64 2 1 0 T 0.0 0 10.5 22 290 M M 3 32 300
9 75 52 64 2 1 0 0.00 0.0 0 3.9 9 270 M M 3 12 13 270
10 77 50 64 2 1 0 0.00 0.0 0 3.8 13 170 M M 1 18 190
11 82 58 70 9 0 5 0.00 0.0 0 5.6 17 250 M M 0 22 260
12 72 53 63 2 2 0 T 0.0 0 3.0 10 270 M M 2 13 10
13 76 49 63 3 2 0 T 0.0 0 7.1 18 120 M M 3 28 120
14 66 58 62 2 3 0 0.08 0.0 0 9.2 17 120 M M 7 18 160
15 76 50 63 3 2 0 0.00 0.0 0 4.5 14 270 M M 0 20 220
16 80 54 67 8 0 2 T 0.0 0 11.1 22 160 M M 1 32 150
17 78 50 64 5 1 0 0.00 0.0 0 7.8 22 270 M M 1 29 320
18 76 44 60 2 5 0 0.00 0.0 0 5.4 12 140 M M 0 16 140
19 87 54 71 13 0 6 0.00 0.0 0 7.6 17 150 M M 0 25 150
20 79 62 71 13 0 6 0.82 0.0 0 11.1 30 140 M M 5 13 43 130
21 69 49 59 2 6 0 T 0.0 0 7.4 20 270 M M 6 26 280
22 68 45 57 0 8 0 0.00 0.0 0 4.9 16 350 M M 2 8 23 330
23 72 43 58 2 7 0 0.00 0.0 0 6.5 17 320 M M 0 24 330
24 76 43 60 4 5 0 0.49 0.0 0 7.7 30 280 M M 3 1 40 270
25 66 45 56 0 9 0 0.00 0.0 0 8.9 23 270 M M 4 34 240
26 70 48 59 4 6 0 0.00 0.0 0 3.5 13 160 M M 0 16 170
27 75 51 63 8 2 0 0.00 0.0 0 4.6 14 60 M M 0 1 19 60
28 74 47 61 7 4 0 0.00 0.0 0 4.5 12 150 M M 0 14 140
29 80 47 64 10 1 0 0.00 0.0 0 4.3 10 110 M M 0 14 110
30 82 52 67 14 0 2 0.00 0.0 0 3.4 9 130 M M 0 1 12 160
================================================================================
SM 2252 1545 73 28 1.93 0.0 250.5 M 42
================================================================================
AV 75.1 51.5 8.4 FASTST M M 2 MAX(MPH)
MISC ----> # 30 140 43 130
================================================================================
NOTES:
# LAST OF SEVERAL OCCURRENCES
COLUMN 17 PEAK WIND IN M.P.H.
PRELIMINARY LOCAL CLIMATOLOGICAL DATA (WS FORM: F-6) , PAGE 2
STATION: WAUSAU WI
MONTH: SEPTEMBER
YEAR: 2021
LATITUDE: 44 55 N
LONGITUDE: 89 37 W
[TEMPERATURE DATA] [PRECIPITATION DATA] SYMBOLS USED IN COLUMN 16
AVERAGE MONTHLY: 63.3 TOTAL FOR MONTH: 1.93 1 = FOG OR MIST
DPTR FM NORMAL: 4.1 DPTR FM NORMAL: -1.90 2 = FOG REDUCING VISIBILITY
HIGHEST: 87 ON 19 GRTST 24HR 0.82 ON 20-20 TO 1/4 MILE OR LESS
LOWEST: 43 ON 24,23 3 = THUNDER
SNOW, ICE PELLETS, HAIL 4 = ICE PELLETS
TOTAL MONTH: 0.0 INCH 5 = HAIL
GRTST 24HR 0.0 6 = FREEZING RAIN OR DRIZZLE
GRTST DEPTH: 0 7 = DUSTSTORM OR SANDSTORM:
VSBY 1/2 MILE OR LESS
8 = SMOKE OR HAZE
[NO. OF DAYS WITH] [WEATHER - DAYS WITH] 9 = BLOWING SNOW
X = TORNADO
MAX 32 OR BELOW: 0 0.01 INCH OR MORE: 5
MAX 90 OR ABOVE: 0 0.10 INCH OR MORE: 3
MIN 32 OR BELOW: 0 0.50 INCH OR MORE: 1
MIN 0 OR BELOW: 0 1.00 INCH OR MORE: 0
[HDD (BASE 65) ]
TOTAL THIS MO. 73 CLEAR (SCALE 0-3) 19
DPTR FM NORMAL -136 PTCLDY (SCALE 4-7) 6
TOTAL FM JUL 1 76 CLOUDY (SCALE 8-10) 5
DPTR FM NORMAL -194
[CDD (BASE 65) ]
TOTAL THIS MO. 28
DPTR FM NORMAL -7 [PRESSURE DATA]
TOTAL FM JAN 1 755 HIGHEST SLP 30.32 ON 22
DPTR FM NORMAL 335 LOWEST SLP 29.60 ON 7
[REMARKS]
#FINAL-09-21#