000
CXUS51 KBGM 011235 CCA
CLMAVP
CLIMATE REPORT...CORRECTED
NATIONAL WEATHER SERVICE BINGHAMTON, NY
834 AM EDT WED NOV 01 2023
...................................
...THE AVOCA PA CLIMATE SUMMARY FOR THE MONTH OF OCTOBER 2023...
CLIMATE NORMAL PERIOD 1991 TO 2020
CLIMATE RECORD PERIOD 1901 TO 2023
WEATHER OBSERVED NORMAL DEPART LAST YEAR`S
VALUE DATE(S) VALUE FROM VALUE DATE(S)
NORMAL
................................................................
TEMPERATURE (F)
RECORD
HIGH 87 10/02/2019
10/08/2007
05/02/2053
LOW 19 10/20/1972
HIGHEST 84 10/04 61 23 75 10/25
LOWEST 34 10/31 42 -8 30 10/30
AVG. MAXIMUM 65.0 63.1 1.9 62.4
AVG. MINIMUM 47.2 43.3 3.9 41.1
MEAN 56.1 53.2 2.9 51.8
DAYS MAX >= 90 0 0.0 0.0 0
DAYS MAX <= 32 0 0.0 0.0 0
DAYS MIN <= 32 0 3.8 -3.8 4
DAYS MIN <= 0 0 0.0 0.0 0
PRECIPITATION (INCHES)
RECORD
MAXIMUM 8.12 1976
MINIMUM 0.03 1963
TOTALS 4.37 3.71 0.66 2.48
DAILY AVG. 0.14 0.12 0.02 0.09
DAYS >= .01 9 10.7 -1.7 11
DAYS >= .10 6 5.8 0.2 5
DAYS >= .50 4 2.4 1.6 2
DAYS >= 1.00 1 1.2 -0.2 1
GREATEST
24 HR. TOTAL 1.37 10/06 TO 10/07
SNOWFALL (INCHES)
RECORDS
TOTAL 9.1 2011
24 HR TOTAL 9.1 10/29/2011 TO 10/29/2011
TOTALS 0.0 0.7 -0.7 0.0
SINCE 7/1 0.0 0.7 -0.7 T
DAYS >= TRACE 0 0.3 -0.3 0
DAYS >= 1.0 0 0.2 -0.2 0
GREATEST
24 HR TOTAL 0.0
DEGREE DAYS
HEATING TOTAL 288 375 -87 328
SINCE 7/1 382 481 -99 414
COOLING TOTAL 20 9 11 2
SINCE 1/1 760 790 -30 962
................................................................
WIND (MPH)
AVERAGE WIND SPEED 4.9
RESULTANT WIND SPEED/DIRECTION 1/280
HIGHEST WIND SPEED/DIRECTION 23/240 DATE 10/08
HIGHEST GUST SPEED/DIRECTION 33/250 DATE 10/08
SKY COVER
POSSIBLE SUNSHINE (PERCENT) MM
AVERAGE SKY COVER 0.55
NUMBER OF DAYS FAIR 10
NUMBER OF DAYS PC 9
NUMBER OF DAYS CLOUDY 12
AVERAGE RH (PERCENT) 71
WEATHER CONDITIONS. NUMBER OF DAYS WITH
THUNDERSTORM 0 MIXED PRECIP 0
HEAVY RAIN 4 RAIN 7
LIGHT RAIN 14 FREEZING RAIN 0
LT FREEZING RAIN 0 HAIL 0
HEAVY SNOW 0 SNOW 0
LIGHT SNOW 0 SLEET 0
FOG 15 FOG W/VIS <= 1/4 MILE 2
HAZE 4
- INDICATES NEGATIVE NUMBERS.
R INDICATES RECORD WAS SET OR TIED.
MM INDICATES DATA IS MISSING.
T INDICATES TRACE AMOUNT.
&&
REPLACED MISSING 2022 DATA WITH ACTUAL
$$
TAC