000
CXUS51 KBGM 011755 CCA
CLSAVP
CLIMATE REPORT...CORRECTED
NATIONAL WEATHER SERVICE BINGHAMTON, NY
1255 PM EST FRI DEC 01 2023
...................................
...THE AVOCA PA CLIMATE SUMMARY FOR THE SEASON, FROM
9/1/2023 TO 11/30/2023...
CLIMATE NORMAL PERIOD 1991 TO 2020
CLIMATE RECORD PERIOD 1901 TO 2023
WEATHER OBSERVED NORMAL DEPART LAST YEAR`S
VALUE DATE(S) VALUE FROM VALUE DATE(S)
NORMAL
................................................................
TEMPERATURE (F)
RECORD
HIGH 95 09/08/2015
09/11/2013
09/10/1983
LOW 5 11/23/2018
HIGHEST 92 09/04 61 31 83 09/04
09/09
09/18
LOWEST 21 11/29 43 -22 20 11/21
AVG. MAXIMUM 63.3 63.1 0.2 63.4
AVG. MINIMUM 44.7 43.8 0.9 44.5
MEAN 54.0 53.5 0.5 54.0
DAYS MAX >= 90 2 1.0 1.0 0
DAYS MAX <= 32 1 1.0 0.0 1
DAYS MIN <= 32 21 18.3 2.7 15
DAYS MIN <= 0 0 0.0 0.0 0
PRECIPITATION (INCHES)
RECORD
MAXIMUM 18.92 2018
MINIMUM 3.81 1964
TOTALS 12.86 10.71 2.15 11.30
DAILY AVG. 0.14 0.12 0.02 0.13
DAYS >= .01 26 31.0 -5.0 32
DAYS >= .10 18 17.9 0.1 22
DAYS >= .50 11 6.4 4.6 9
DAYS >= 1.00 3 3.0 0.0 3
GREATEST
24 HR. TOTAL 2.90 09/24 TO 09/25 2.67 09/05 TO 09/06
SNOWFALL (INCHES)
RECORDS
TOTAL 22.5 1971
24 HR TOTAL 18.5 11/25/1971 TO 11/25/1971
TOTALS 0.2 3.9 -3.7 1.2
SINCE 7/1 0.2 3.9 -3.7 1.2
DAYS >= TRACE 2 2.0 0.0 3
DAYS >= 1.0 0 1.0 -1.0 1
GREATEST
24 HR TOTAL 0.2 11/28 TO 11/28 1.2 11/15 TO 11/15
DEGREE DAYS
HEATING TOTAL 1100 1138 -38 934
SINCE 7/1 1101 1149 -48 934
COOLING TOTAL 125 91 34 93
SINCE 1/1 760 790 -30 969
FREEZE DATES
RECORD
EARLIEST 09/21/1956
LATEST 05/25/1956
EARLIEST 11/01
LATEST 05/18
................................................................
WIND (MPH)
AVERAGE WIND SPEED 5.1
RESULTANT WIND SPEED/DIRECTION 1/310
HIGHEST WIND SPEED/DIRECTION 24/360 DATE 11/08
HIGHEST GUST SPEED/DIRECTION 37/130 DATE 11/21
SKY COVER
POSSIBLE SUNSHINE (PERCENT) MM
AVERAGE SKY COVER 0.46
NUMBER OF DAYS FAIR 36
NUMBER OF DAYS PC 32
NUMBER OF DAYS CLOUDY 23
AVERAGE RH (PERCENT) 69
WEATHER CONDITIONS. NUMBER OF DAYS WITH
THUNDERSTORM 3 MIXED PRECIP 0
HEAVY RAIN 11 RAIN 20
LIGHT RAIN 36 FREEZING RAIN 0
LT FREEZING RAIN 0 HAIL 0
HEAVY SNOW 0 SNOW 0
LIGHT SNOW 2 SLEET 0
FOG 42 FOG W/VIS <= 1/4 MILE 6
HAZE 17
- INDICATES NEGATIVE NUMBERS.
R INDICATES RECORD WAS SET OR TIED.
MM INDICATES DATA IS MISSING.
T INDICATES TRACE AMOUNT.
&&
CORRECTED NUMBER OF DAYS WITH SNOWFALL FROM 1 TO 2
CORRECTED MISSING 2022 DATA WITH ACTUAL
$$
TAC