000
CXUS51 KOKX 010910
CF6BDR
PRELIMINARY LOCAL CLIMATOLOGICAL DATA (WS FORM: F-6)
STATION: BRIDGEPORT CT
MONTH: AUGUST
YEAR: 2022
LATITUDE: 41 10 N
LONGITUDE: 73 8 W
TEMPERATURE IN F: :PCPN: SNOW: WIND :SUNSHINE: SKY :PK WND
================================================================================
1 2 3 4 5 6A 6B 7 8 9 10 11 12 13 14 15 16 17 18
12Z AVG MX 2MIN
DY MAX MIN AVG DEP HDD CDD WTR SNW DPTH SPD SPD DIR MIN PSBL S-S WX SPD DR
================================================================================
1 76 67 72 -4 0 7 0.36 0.0 0 5.6 14 270 M M 8 18 20 270
2 88 71 80 4 0 15 0.00 0.0 0 8.2 15 220 M M 1 17 230
3 87 71 79 3 0 14 0.00 0.0 0 6.5 13 190 M M 1 16 130
4 90 70 80 4 0 15 0.00 0.0 0 6.0 17 190 M M 0 1 22 180
5 88 76 82 6 0 17 0.00 0.0 0 5.9 12 200 M M 0 15 110
6 89 75 82 6 0 17 0.00 0.0 0 8.4 17 190 M M 1 22 190
7 91 77 84 8 0 19 0.00 0.0 0 12.3 20 200 M M 1 25 210
8 90 77 84 9 0 19 0.00 0.0 0 10.4 20 200 M M 1 26 190
9 94 77 86 11 0 21 0.05 0.0 0 8.9 18 280 M M 5 3 24 270
10 84 75 80 5 0 15 0.00 0.0 0 7.2 13 200 M M 5 16 200
11 84 74 79 4 0 14 0.01 0.0 0 6.3 14 180 M M 5 17 360
12 84 67 76 1 0 11 0.00 0.0 0 9.8 18 10 M M 1 28 310
13 79 62 71 -4 0 6 0.00 0.0 0 6.8 15 360 M M 4 21 10
14 81 60 71 -4 0 6 0.00 0.0 0 6.7 15 200 M M 0 29 170
15 80 62 71 -4 0 6 0.00 0.0 0 6.4 12 150 M M 1 19 130
16 79 62 71 -4 0 6 0.00 0.0 0 8.6 15 60 M M 0 19 50
17 80 66 73 -1 0 8 0.36 0.0 0 6.2 16 70 M M 7 1 21 80
18 84 63 74 0 0 9 T 0.0 0 6.9 18 360 M M 2 26 360
19 88 63 76 2 0 11 0.00 0.0 0 6.8 17 200 M M 0 21 200
20 86 70 78 4 0 13 0.00 0.0 0 4.8 13 190 M M 0 8 17 190
21 82 68 75 1 0 10 0.00 0.0 0 5.8 13 90 M M 2 16 100
22 78 72 75 1 0 10 0.03 0.0 0 6.5 13 60 M M 8 16 110
23 83 72 78 4 0 13 0.00 0.0 0 7.5 15 200 M M 5 13 20 210
24 86 68 77 3 0 12 0.00 0.0 0 7.4 15 220 M M 2 17 210
25 88 71 80 7 0 15 0.00 0.0 0 7.4 13 190 M M 0 17 160
26 87 70 79 6 0 14 T 0.0 0 7.1 24 200 M M 1 3 29 200
27 86 72 79 6 0 14 T 0.0 0 7.1 18 350 M M 3 22 340
28 79 71 75 2 0 10 0.00 0.0 0 10.3 15 110 M M 6 20 70
29 86 72 79 6 0 14 0.00 0.0 0 7.6 17 190 M M 4 21 200
30 87 74 81 9 0 16 T 0.0 0 11.0 17 190 M M 3 23 190
31 87 69 78 6 0 13 0.01 0.0 0 7.7 22 300 M M 2 30 280
================================================================================
SM 2631 2164 0 390 0.82 0.0 234.1 M 79
================================================================================
AV 84.9 69.8 7.6 FASTST M M 3 MAX(MPH)
MISC ----> 24 200 30 280
================================================================================
NOTES:
# LAST OF SEVERAL OCCURRENCES
COLUMN 17 PEAK WIND IN M.P.H.
PRELIMINARY LOCAL CLIMATOLOGICAL DATA (WS FORM: F-6) , PAGE 2
STATION: BRIDGEPORT CT
MONTH: AUGUST
YEAR: 2022
LATITUDE: 41 10 N
LONGITUDE: 73 8 W
[TEMPERATURE DATA] [PRECIPITATION DATA] SYMBOLS USED IN COLUMN 16
AVERAGE MONTHLY: 77.3 TOTAL FOR MONTH: 0.82 1 = FOG OR MIST
DPTR FM NORMAL: 2.8 DPTR FM NORMAL: -3.16 2 = FOG REDUCING VISIBILITY
HIGHEST: 94 ON 9 GRTST 24HR 0.36 ON 31- 1 TO 1/4 MILE OR LESS
LOWEST: 60 ON 14 3 = THUNDER
SNOW, ICE PELLETS, HAIL 4 = ICE PELLETS
TOTAL MONTH: 0.0 INCH 5 = HAIL
GRTST 24HR 0.0 6 = FREEZING RAIN OR DRIZZLE
GRTST DEPTH: 0 7 = DUSTSTORM OR SANDSTORM:
VSBY 1/2 MILE OR LESS
8 = SMOKE OR HAZE
[NO. OF DAYS WITH] [WEATHER - DAYS WITH] 9 = BLOWING SNOW
X = TORNADO
MAX 32 OR BELOW: 0 0.01 INCH OR MORE: 6
MAX 90 OR ABOVE: 4 0.10 INCH OR MORE: 2
MIN 32 OR BELOW: 0 0.50 INCH OR MORE: 0
MIN 0 OR BELOW: 0 1.00 INCH OR MORE: 0
[HDD (BASE 65) ]
TOTAL THIS MO. 0 CLEAR (SCALE 0-3) 21
DPTR FM NORMAL -1 PTCLDY (SCALE 4-7) 10
TOTAL FM JUL 1 0 CLOUDY (SCALE 8-10) 0
DPTR FM NORMAL 0
[CDD (BASE 65) ]
TOTAL THIS MO. 390
DPTR FM NORMAL 96 [PRESSURE DATA]
TOTAL FM JAN 1 952 HIGHEST SLP M ON M
DPTR FM NORMAL 135 LOWEST SLP 29.73 ON 31
[REMARKS]
#FINAL-08-22#