000
CXUS55 KBOU 010900
CF6BDU
PRELIMINARY LOCAL CLIMATOLOGICAL DATA (WS FORM: F-6)
STATION: BOULDER AIRPORT
MONTH: SEPTEMBER
YEAR: 2022
LATITUDE: 40 2 N
LONGITUDE: 105 14 W
TEMPERATURE IN F: :PCPN: SNOW: WIND :SUNSHINE: SKY :PK WND
================================================================================
1 2 3 4 5 6A 6B 7 8 9 10 11 12 13 14 15 16 17 18
12Z AVG MX 2MIN
DY MAX MIN AVG DEP HDD CDD WTR SNW DPTH SPD SPD DIR MIN PSBL S-S WX SPD DR
================================================================================
1 91 57 74 M 0 9 0.00 M M 3.3 10 240 M M 0 M M
2 91 63 77 M 0 12 0.00 M M 5.2 20 50 M M 1 32 50
3 90 61 76 M 0 11 0.00 M M 3.3 8 230 M M 0 M M
4 95 61 78 M 0 13 0.00 M M 2.5 7 240 M M 0 M M
5 97 59 78 M 0 13 0.00 M M 2.3 9 250 M M 0 M M
6 97 63 80 M 0 15 0.00 M M 2.5 9 250 M M 0 16 250
7 95 63 79 M 0 14 0.00 M M 2.3 7 240 M M 0 M M
8 99 61 80 M 0 15 0.00 M M 4.1 21 350 M M 1 30 350
9 63 50 57 M 8 0 0.44 M M 3.7 12 10 M M 8 1 M M
10 52 45 49 M 16 0 0.16 M M 3.9 8 20 M M 10 1 M M
11 77 41 59 M 6 0 0.00 M M 2.2 7 60 M M 1 M M
12 88 48 68 M 0 3 0.00 M M 2.3 8 240 M M 0 M M
13 82 57 70 M 0 5 0.00 M M 1.9 7 300 M M 0 8 M M
14 81 55 68 M 0 3 0.01 M M 2.5 15 250 M M 4 26 100
15 79 55 67 M 0 2 0.00 M M 2.3 9 70 M M 4 M M
16 79 52 66 M 0 1 0.00 M M 4.7 15 250 M M 2 23 250
17 79 52 66 M 0 1 0.00 M M 4.6 12 120 M M 2 21 120
18 81 52 67 M 0 2 0.00 M M 3.2 6 330 M M 0 M M
19 90 54 72 M 0 7 0.00 M M 3.8 8 140 M M 0 25 250
20 91 57 74 M 0 9 0.00 M M 3.6 8 360 M M 1 M M
21 70 46 58 M 7 0 0.31 M M 5.1 8 70 M M 8 M M
22 57 46 52 M 13 0 0.06 M M 1.3 5 10 M M 10 1 M M
23 81 48 65 M 0 0 0.00 M M 4.1 8 240 M M 0 1 18 240
24 81 45 63 M 2 0 0.00 M M 2.7 7 320 M M 0 M M
25 72 46 59 M 6 0 0.00 M M 2.3 5 240 M M 0 M M
26 81 46 64 M 1 0 0.00 M M 2.1 9 50 M M 0 M M
27 73 52 63 M 2 0 0.00 M M 2.6 7 340 M M 2 17 260
28 82 50 66 M 0 1 0.00 M M 2.8 9 350 M M 0 M M
29 82 54 68 M 0 3 0.00 M M 3.8 10 220 M M 2 17 30
30 77 52 65 M 0 0 0.10 M M 4.3 18 260 M M 4 3 32 260
================================================================================
SM 2453 1591 61 139 1.08 M 95.3 M 60
================================================================================
AV 81.8 53.0 3.2 FASTST M M 2 MAX(MPH)
MISC ----> 21 350 # 32 50
================================================================================
NOTES:
# LAST OF SEVERAL OCCURRENCES
COLUMN 17 PEAK WIND IN M.P.H.
PRELIMINARY LOCAL CLIMATOLOGICAL DATA (WS FORM: F-6) , PAGE 2
STATION: BOULDER AIRPORT
MONTH: SEPTEMBER
YEAR: 2022
LATITUDE: 40 2 N
LONGITUDE: 105 14 W
[TEMPERATURE DATA] [PRECIPITATION DATA] SYMBOLS USED IN COLUMN 16
AVERAGE MONTHLY: 67.4 TOTAL FOR MONTH: 1.08 1 = FOG OR MIST
DPTR FM NORMAL: 0.0 DPTR FM NORMAL: M 2 = FOG REDUCING VISIBILITY
HIGHEST: 99 ON 8 GRTST 24HR 0.44 ON 9- 9 TO 1/4 MILE OR LESS
LOWEST: 41 ON 11 3 = THUNDER
SNOW, ICE PELLETS, HAIL 4 = ICE PELLETS
TOTAL MONTH: M 5 = HAIL
GRTST 24HR M ON M 6 = FREEZING RAIN OR DRIZZLE
GRTST DEPTH: M ON M 7 = DUSTSTORM OR SANDSTORM:
VSBY 1/2 MILE OR LESS
8 = SMOKE OR HAZE
[NO. OF DAYS WITH] [WEATHER - DAYS WITH] 9 = BLOWING SNOW
X = TORNADO
MAX 32 OR BELOW: 0 0.01 INCH OR MORE: 6
MAX 90 OR ABOVE: 10 0.10 INCH OR MORE: 3
MIN 32 OR BELOW: 0 0.50 INCH OR MORE: 0
MIN 0 OR BELOW: 0 1.00 INCH OR MORE: 0
[HDD (BASE 65) ]
TOTAL THIS MO. 61 CLEAR (SCALE 0-3) 23
DPTR FM NORMAL M PTCLDY (SCALE 4-7) 4
TOTAL FM JUL 1 61 CLOUDY (SCALE 8-10) 3
DPTR FM NORMAL M
[CDD (BASE 65) ]
TOTAL THIS MO. 139
DPTR FM NORMAL M [PRESSURE DATA]
TOTAL FM JAN 1 1033 HIGHEST SLP M ON M
DPTR FM NORMAL M LOWEST SLP M ON M
[REMARKS]
#FINAL-09-22#