000
CXUS55 KBOU 011000
CF6BDU
PRELIMINARY LOCAL CLIMATOLOGICAL DATA (WS FORM: F-6)
STATION: BOULDER AIRPORT
MONTH: NOVEMBER
YEAR: 2023
LATITUDE: 40 2 N
LONGITUDE: 105 14 W
TEMPERATURE IN F: :PCPN: SNOW: WIND :SUNSHINE: SKY :PK WND
================================================================================
1 2 3 4 5 6A 6B 7 8 9 10 11 12 13 14 15 16 17 18
12Z AVG MX 2MIN
DY MAX MIN AVG DEP HDD CDD WTR SNW DPTH SPD SPD DIR MIN PSBL S-S WX SPD DR
================================================================================
1 63 32 48 M 17 0 M M M 3.6 15 270 M M 0 M M
2 70 34 52 M 13 0 M M M 2.6 12 230 M M 0 16 230
3 70 45 58 M 7 0 M M M 6.9 21 280 M M 2 28 280
4 66 37 52 M 13 0 M M M 2.0 6 200 M M 0 M M
5 77 43 60 M 5 0 M M M 6.7 17 250 M M 0 32 240
6 72 41 57 M 8 0 M M M 2.5 8 260 M M 0 8 M M
7 75 43 59 M 6 0 M M M 4.3 9 50 M M 1 17 40
8 45 36 41 M 24 0 M M M 5.4 14 30 M M 9 18 30
9 50 30 40 M 25 0 M M M 2.6 7 140 M M 0 M M
10 55 27 41 M 24 0 M M M 2.5 7 140 M M 0 M M
11 61 32 47 M 18 0 M M M 5.3 15 280 M M 0 27 220
12 63 36 50 M 15 0 M M M 2.9 7 360 M M 0 M M
13 64 30 47 M 18 0 M M M 0.8 5 230 M M 0 M M
14 72 39 56 M 9 0 M M M 7.0 13 260 M M 0 24 30
15 66 37 52 M 13 0 M M M 2.4 6 130 M M 0 M M
16 70 39 55 M 10 0 M M M 9.2 28 260 M M 3 40 260
17 59 36 48 M 17 0 M M M 2.3 6 20 M M 3 1 M M
18 59 34 47 M 18 0 M M M 2.4 6 260 M M 2 18 0
19 54 37 46 M 19 0 M M M 3.8 10 260 M M 3 21 240
20 50 36 43 M 22 0 M M M 7.6 21 10 M M 8 26 10
21 55 30 43 M 22 0 M M M 2.2 6 200 M M 0 M M
22 64 34 49 M 16 0 M M M 2.6 10 250 M M 0 M M
23 41 25 33 M 32 0 M M M 4.4 8 70 M M 6 M M
24 23 18 21 M 44 0 M M M 4.3 7 10 M M 10 1 M M
25 27 14 21 M 44 0 M M M 1.8 6 360 M M 8 M M
26 36 19 28 M 37 0 M M M 2.4 7 230 M M 0 M M
27 45 14 30 M 35 0 M M M 2.7 12 230 M M 0 17 230
28 46 27 37 M 28 0 M M M 4.4 15 250 M M 0 18 250
29 52 27 40 M 25 0 M M M 1.4 5 240 M M 0 M M
30 36 27 32 M 33 0 M M M 2.9 8 340 M M 1 M M
================================================================================
SM 1686 959 617 0 M M 112.1 M 56
================================================================================
AV 56.2 32.0 3.7 FASTST M M 2 MAX(MPH)
MISC ----> 28 260 40 260
================================================================================
NOTES:
# LAST OF SEVERAL OCCURRENCES
COLUMN 17 PEAK WIND IN M.P.H.
PRELIMINARY LOCAL CLIMATOLOGICAL DATA (WS FORM: F-6) , PAGE 2
STATION: BOULDER AIRPORT
MONTH: NOVEMBER
YEAR: 2023
LATITUDE: 40 2 N
LONGITUDE: 105 14 W
[TEMPERATURE DATA] [PRECIPITATION DATA] SYMBOLS USED IN COLUMN 16
AVERAGE MONTHLY: 44.1 TOTAL FOR MONTH: M 1 = FOG OR MIST
DPTR FM NORMAL: 0.0 DPTR FM NORMAL: M 2 = FOG REDUCING VISIBILITY
HIGHEST: 77 ON 5 GRTST 24HR M ON M TO 1/4 MILE OR LESS
LOWEST: 14 ON 27,25 3 = THUNDER
SNOW, ICE PELLETS, HAIL 4 = ICE PELLETS
TOTAL MONTH: M 5 = HAIL
GRTST 24HR M ON M 6 = FREEZING RAIN OR DRIZZLE
GRTST DEPTH: M ON M 7 = DUSTSTORM OR SANDSTORM:
VSBY 1/2 MILE OR LESS
8 = SMOKE OR HAZE
[NO. OF DAYS WITH] [WEATHER - DAYS WITH] 9 = BLOWING SNOW
X = TORNADO
MAX 32 OR BELOW: 2 0.01 INCH OR MORE: 0
MAX 90 OR ABOVE: 0 0.10 INCH OR MORE: 0
MIN 32 OR BELOW: 14 0.50 INCH OR MORE: 0
MIN 0 OR BELOW: 0 1.00 INCH OR MORE: 0
[HDD (BASE 65) ]
TOTAL THIS MO. 617 CLEAR (SCALE 0-3) 23
DPTR FM NORMAL M PTCLDY (SCALE 4-7) 5
TOTAL FM JUL 1 1052 CLOUDY (SCALE 8-10) 2
DPTR FM NORMAL M
[CDD (BASE 65) ]
TOTAL THIS MO. 0
DPTR FM NORMAL M [PRESSURE DATA]
TOTAL FM JAN 1 693 HIGHEST SLP M ON M
DPTR FM NORMAL M LOWEST SLP M ON M
[REMARKS]
#FINAL-11-23#