000
CXUS53 KIWX 010910
CF6BEH
PRELIMINARY LOCAL CLIMATOLOGICAL DATA (WS FORM: F-6)
STATION: BENTON HARBOR
MONTH: OCTOBER
YEAR: 2020
LATITUDE: 42 7 N
LONGITUDE: 86 26 W
TEMPERATURE IN F: :PCPN: SNOW: WIND :SUNSHINE: SKY :PK WND
================================================================================
1 2 3 4 5 6A 6B 7 8 9 10 11 12 13 14 15 16 17 18
12Z AVG MX 2MIN
DY MAX MIN AVG DEP HDD CDD WTR SNW DPTH SPD SPD DIR MIN PSBL S-S WX SPD DR
================================================================================
1 58 46 52 -6 13 0 0.62 0.0 0 8.1 21 290 M M 8 13 30 290
2 53 38 46 -12 19 0 0.07 0.0 0 3.6 16 290 M M 8 1 23 290
3 57 36 47 -10 18 0 0.12 0.0 0 3.0 12 130 M M 8 1 16 150
4 55 45 50 -7 15 0 0.69 0.0 0 5.8 17 310 M M 9 1 31 310
5 62 37 50 -7 15 0 0.00 0.0 0 6.7 16 190 M M 3 12 26 210
6 69 50 60 4 5 0 0.00 0.0 0 10.9 21 240 M M 0 30 260
7 68 44 56 0 9 0 0.00 0.0 0 8.8 25 240 M M 1 1 38 240
8 65 39 52 -4 13 0 0.00 0.0 0 2.9 13 290 M M 0 1 19 290
9 81 41 61 6 4 0 0.00 0.0 0 8.8 20 240 M M 0 31 250
10 73 49 61 6 4 0 0.00 0.0 0 9.9 23 240 M M 2 128 32 230
11 74 51 63 9 2 0 0.00 0.0 0 10.1 17 110 M M 3 24 120
12 71 55 63 9 2 0 0.41 0.0 0 11.6 41 260 M M 5 13 63 250
13 68 42 55 1 10 0 0.00 0.0 0 7.4 20 230 M M 0 30 250
14 74 40 57 3 8 0 0.03 0.0 0 8.9 25 240 M M 2 38 240
15 63 48 56 3 9 0 0.00 0.0 0 12.2 26 270 M M 7 41 310
16 55 40 48 -5 17 0 0.07 0.0 0 12.4 25 250 M M 5 38 240
17 60 33 47 -6 18 0 T 0.0 0 11.7 22 190 M M 6 34 190
18 58 39 49 -3 16 0 0.29 0.0 0 6.4 20 200 M M 9 1 31 210
19 53 39 46 -6 19 0 0.06 0.0 0 3.7 12 130 M M 6 1 16 110
20 54 42 48 -4 17 0 0.24 0.0 0 8.5 24 130 M M 7 13 34 130
21 56 46 51 0 14 0 0.05 0.0 0 8.9 23 270 M M 9 1 31 270
22 74 46 60 9 5 0 1.38 0.0 0 9.5 16 190 M M 6 138 29 200
23 71 44 58 7 7 0 0.34 0.0 0 10.2 18 320 M M 8 13 35 300
24 48 34 41 -9 24 0 0.07 M M 3.8 10 330 M M 8 1 21 310
25 48 35 42 -8 23 0 0.00 M M 5.1 13 100 M M 8 18 80
26 44 41 43 -7 22 0 0.15 M M 3.2 8 340 M M 10 1 15 300
27 41 39 40 -10 25 0 0.26 M M 3.4 10 200 M M 10 1 16 200
28 51 38 45 -4 20 0 0.00 M M 9.1 18 260 M M 1 25 260
29 50 39 45 -4 20 0 0.00 M M 5.0 14 60 M M 5 26 30
30 43 36 40 -9 25 0 0.02 M M 3.9 12 300 M M 10 20 300
31 57 29 43 -5 22 0 0.00 M M 11.4 23 210 M M 3 37 190
================================================================================
SM 1854 1281 440 0 4.87 0.0 234.9 M 167
================================================================================
AV 59.8 41.3 7.6 FASTST M M 5 MAX(MPH)
MISC ----> 41 260 63 250
================================================================================
NOTES:
# LAST OF SEVERAL OCCURRENCES
COLUMN 17 PEAK WIND IN M.P.H.
PRELIMINARY LOCAL CLIMATOLOGICAL DATA (WS FORM: F-6) , PAGE 2
STATION: BENTON HARBOR
MONTH: OCTOBER
YEAR: 2020
LATITUDE: 42 7 N
LONGITUDE: 86 26 W
[TEMPERATURE DATA] [PRECIPITATION DATA] SYMBOLS USED IN COLUMN 16
AVERAGE MONTHLY: 50.6 TOTAL FOR MONTH: 4.87 1 = FOG OR MIST
DPTR FM NORMAL: -2.4 DPTR FM NORMAL: 1.29 2 = FOG REDUCING VISIBILITY
HIGHEST: 81 ON 9 GRTST 24HR 1.43 ON 21-22 TO 1/4 MILE OR LESS
LOWEST: 29 ON 31 3 = THUNDER
SNOW, ICE PELLETS, HAIL 4 = ICE PELLETS
TOTAL MONTH: 0.0 INCH 5 = HAIL
GRTST 24HR 0.0 6 = FREEZING RAIN OR DRIZZLE
GRTST DEPTH: 0 7 = DUSTSTORM OR SANDSTORM:
VSBY 1/2 MILE OR LESS
8 = SMOKE OR HAZE
[NO. OF DAYS WITH] [WEATHER - DAYS WITH] 9 = BLOWING SNOW
X = TORNADO
MAX 32 OR BELOW: 0 0.01 INCH OR MORE: 17
MAX 90 OR ABOVE: 0 0.10 INCH OR MORE: 10
MIN 32 OR BELOW: 1 0.50 INCH OR MORE: 3
MIN 0 OR BELOW: 0 1.00 INCH OR MORE: 1
[HDD (BASE 65) ]
TOTAL THIS MO. 440 CLEAR (SCALE 0-3) 11
DPTR FM NORMAL 56 PTCLDY (SCALE 4-7) 13
TOTAL FM JUL 1 540 CLOUDY (SCALE 8-10) 7
DPTR FM NORMAL 5
[CDD (BASE 65) ]
TOTAL THIS MO. 0
DPTR FM NORMAL -12 [PRESSURE DATA]
TOTAL FM JAN 1 799 HIGHEST SLP 30.37 ON 31
DPTR FM NORMAL 26 LOWEST SLP 29.51 ON 14
[REMARKS]
#FINAL-10-20#