000
CXAK56 PAFC 011548
CF6BET
PRELIMINARY LOCAL CLIMATOLOGICAL DATA (WS FORM: F-6)
STATION: BETHEL
MONTH: DECEMBER
YEAR: 2023
LATITUDE: 60 46 N
LONGITUDE: 161 48 W
TEMPERATURE IN F: :PCPN: SNOW: WIND :SUNSHINE: SKY :PK WND
================================================================================
1 2 3 4 5 6A 6B 7 8 9 10 11 12 13 14 15 16 17 18
12Z AVG MX 2MIN
DY MAX MIN AVG DEP HDD CDD WTR SNW DPTH SPD SPD DIR MIN PSBL S-S WX SPD DR
================================================================================
1 18 14 16 2 49 0 T M M 2.9 8 290 M M 10 12 10 280
2 18 5 12 -2 53 0 0.02 M M 7.4 12 330 M M 9 1 18 300
3 20 4 12 -1 53 0 0.12 M M 9.9 16 330 M M 10 1 22 300
4 18 6 12 -1 53 0 0.01 M M 8.6 16 320 M M 7 1 23 340
5 24 6 15 2 50 0 0.03 M M 9.9 17 330 M M 7 1 21 330
6 29 4 17 4 48 0 0.15 M M 12.8 24 200 M M 6 12 35 160
7 24 2 13 1 52 0 0.10 M M 14.7 25 280 M M 8 12 35 280
8 20 3 12 0 53 0 0.03 M M 16.0 28 210 M M 6 1 37 200
9 19 -3 8 -4 57 0 0.22 M M 9.9 16 360 M M 6 1 22 10
10 0 -8 -4 -16 69 0 0.00 M M 17.8 26 10 M M 0 1 35 10
11 5 -2 2 -9 63 0 T M M 21.5 30 340 M M 4 1 38 340
12 -1 -6 -3 -14 68 0 0.00 M M 17.3 22 320 M M 1 1 32 320
13 1 -10 -4 -15 69 0 0.00 M M 15.2 24 310 M M 1 1 33 310
14 -5 -18 -11 -21 76 0 0.00 M M 7.8 15 40 M M 2 1 19 40
15 30 -5 13 3 52 0 0.40 M M 13.3 29 190 M M 10 1 39 190
16 32 18 25 15 40 0 0.18 M M 12.6 25 170 M M 9 1 33 180
17 18 2 10 0 55 0 0.03 M M 13.8 22 270 M M 9 1 34 260
18 20 4 12 2 53 0 0.16 M M 14.1 26 150 M M 7 18 36 150
19 17 5 11 2 54 0 0.12 M M 10.2 14 40 M M 9 1 18 40
20 14 -3 6 -3 59 0 0.01 M M 11.5 20 10 M M 9 1 22 360
21 8 -6 1 -8 64 0 0.00 M M 9.3 15 300 M M 6 1 21 290
22 2 -11 -4 -12 69 0 0.00 M M 12.9 21 340 M M 4 29 320
23 -2 -7 -4 -12 69 0 0.00 M M 17.9 25 320 M M 9 1 34 320
24 -6 -20 -13 -21 78 0 0.00 M M 11.3 20 290 M M 3 1 28 290
25 -14 -30 -22 -30 87 0 0.00 M M 4.3 12 30 M M 0 18 15 20
26 22 -28 -3 -10 68 0 0.01 M M 9.9 25 160 M M 6 18 32 170
27 26 4 15 8 50 0 0.05 M M 10.5 23 160 M M 9 12 30 180
28 16 -6 5 -2 60 0 T M M 6.1 10 20 M M 5 1 12 150
29 10 -5 3 -4 62 0 0.00 M M 11.4 18 30 M M 0 24 40
30 5 -6 0 -7 65 0 0.01 M M 14.2 21 30 M M 5 18 28 30
31 10 0 5 -1 60 0 0.00 M M 10.4 16 40 M M 6 1 18 40
================================================================================
SM 398 -97 1858 0 1.65 M 365.4 M 183
================================================================================
AV 12.8 -3.1 11.8 FASTST M M 6 MAX(MPH)
MISC ----> 30 340 39 190
================================================================================
NOTES:
# LAST OF SEVERAL OCCURRENCES
COLUMN 17 PEAK WIND IN M.P.H.
PRELIMINARY LOCAL CLIMATOLOGICAL DATA (WS FORM: F-6) , PAGE 2
STATION: BETHEL
MONTH: DECEMBER
YEAR: 2023
LATITUDE: 60 46 N
LONGITUDE: 161 48 W
[TEMPERATURE DATA] [PRECIPITATION DATA] SYMBOLS USED IN COLUMN 16
AVERAGE MONTHLY: 4.9 TOTAL FOR MONTH: 1.65 1 = FOG OR MIST
DPTR FM NORMAL: -5.1 DPTR FM NORMAL: 0.59 2 = FOG REDUCING VISIBILITY
HIGHEST: 32 ON 16 GRTST 24HR 0.41 ON 15-16 TO 1/4 MILE OR LESS
LOWEST: -30 ON 25 3 = THUNDER
SNOW, ICE PELLETS, HAIL 4 = ICE PELLETS
TOTAL MONTH: M 5 = HAIL
GRTST 24HR M ON M 6 = FREEZING RAIN OR DRIZZLE
GRTST DEPTH: M ON M 7 = DUSTSTORM OR SANDSTORM:
VSBY 1/2 MILE OR LESS
8 = SMOKE OR HAZE
[NO. OF DAYS WITH] [WEATHER - DAYS WITH] 9 = BLOWING SNOW
X = TORNADO
MAX 32 OR BELOW: 31 0.01 INCH OR MORE: 17
MAX 90 OR ABOVE: 0 0.10 INCH OR MORE: 8
MIN 32 OR BELOW: 31 0.50 INCH OR MORE: 0
MIN 0 OR BELOW: 18 1.00 INCH OR MORE: 0
[HDD (BASE 65) ]
TOTAL THIS MO. 1858 CLEAR (SCALE 0-3) 7
DPTR FM NORMAL 153 PTCLDY (SCALE 4-7) 14
TOTAL FM JUL 1 5242 CLOUDY (SCALE 8-10) 10
DPTR FM NORMAL -60
[CDD (BASE 65) ]
TOTAL THIS MO. 0
DPTR FM NORMAL 0 [PRESSURE DATA]
TOTAL FM JAN 1 0 HIGHEST SLP 29.99 ON 14
DPTR FM NORMAL -6 LOWEST SLP 28.98 ON 19
[REMARKS]
#FINAL-12-23#