000
CXUS51 KCTP 010900
CF6BFD
PRELIMINARY LOCAL CLIMATOLOGICAL DATA (WS FORM: F-6)
STATION: BRADFORD
MONTH: JANUARY
YEAR: 2023
LATITUDE: 41 47 N
LONGITUDE: 78 38 W
TEMPERATURE IN F: :PCPN: SNOW: WIND :SUNSHINE: SKY :PK WND
================================================================================
1 2 3 4 5 6A 6B 7 8 9 10 11 12 13 14 15 16 17 18
12Z AVG MX 2MIN
DY MAX MIN AVG DEP HDD CDD WTR SNW DPTH SPD SPD DIR MIN PSBL S-S WX SPD DR
================================================================================
1 44 35 40 15 25 0 T M M 7.3 16 290 M M 10 18 22 280
2 50 42 46 21 19 0 T M M 3.6 10 210 M M 9 1 15 260
3 59 45 52 28 13 0 0.68 M M 5.4 13 220 M M 10 12 20 230
4 58 46 52 28 13 0 0.29 M M 7.4 21 290 M M 10 1 28 280
5 46 36 41 17 24 0 0.00 M M 4.9 14 270 M M 8 21 280
6 37 31 34 10 31 0 0.05 M M 6.2 14 280 M M 10 18 18 290
7 33 29 31 7 34 0 0.05 M M 7.4 15 320 M M 10 128 18 320
8 32 24 28 4 37 0 0.00 M M 2.5 13 320 M M 9 18 15 320
9 34 25 30 6 35 0 0.00 M M 8.7 20 290 M M 6 26 280
10 36 26 31 7 34 0 0.00 M M 2.8 10 270 M M 8 18 15 260
11 39 23 31 8 34 0 0.00 M M 6.9 14 140 M M 5 18 19 150
12 41 34 38 15 27 0 0.42 M M 9.4 16 130 M M 10 128 25 140
13 39 22 31 8 34 0 0.06 M M 12.3 21 320 M M 10 18 26 290
14 22 19 21 -2 44 0 T M M 11.8 18 320 M M 10 18 24 330
15 33 18 26 3 39 0 0.00 M M 4.9 15 330 M M 5 19 330
16 49 14 32 9 33 0 0.00 M M 1.4 7 110 M M 0 8 8 70
17 47 29 38 15 27 0 0.09 M M 6.2 17 300 M M 10 12 23 290
18 39 34 37 14 28 0 T M M 8.8 20 280 M M 10 1 26 290
19 40 34 37 14 28 0 0.96 M M 9.3 21 140 M M 10 1 28 140
20 40 30 35 12 30 0 0.07 M M 11.8 20 300 M M 10 18 28 250
21 30 28 29 7 36 0 T M M 7.5 22 310 M M 10 18 26 320
22 33 24 29 7 36 0 0.08 M M 5.5 13 150 M M 8 1 20 140
23 32 27 30 8 35 0 0.04 M M 9.7 20 310 M M 10 18 25 300
24 30 13 22 0 43 0 T M M 8.0 21 270 M M 7 168 32 290
25 38 13 26 4 39 0 0.18 M M 12.7 28 150 M M 9 18 44 150
26 38 27 33 11 32 0 0.02 M M 11.4 25 280 M M 10 18 37 270
27 30 23 27 5 38 0 0.02 M M 8.2 15 200 M M 9 18 24 180
28 41 29 35 13 30 0 T M M 7.4 17 260 M M 5 8 26 260
29 42 33 38 16 27 0 0.07 M M 7.3 15 310 M M 10 1 21 210
30 33 26 30 7 35 0 0.03 M M 5.1 12 310 M M 10 1 15 300
31 26 11 19 -4 46 0 T M M 6.1 15 320 M M 6 18 20 310
================================================================================
SM 1191 850 986 0 3.11 M 227.9 M 264
================================================================================
AV 38.4 27.4 7.4 FASTST M M 9 MAX(MPH)
MISC ----> 28 150 44 150
================================================================================
NOTES:
# LAST OF SEVERAL OCCURRENCES
COLUMN 17 PEAK WIND IN M.P.H.
PRELIMINARY LOCAL CLIMATOLOGICAL DATA (WS FORM: F-6) , PAGE 2
STATION: BRADFORD
MONTH: JANUARY
YEAR: 2023
LATITUDE: 41 47 N
LONGITUDE: 78 38 W
[TEMPERATURE DATA] [PRECIPITATION DATA] SYMBOLS USED IN COLUMN 16
AVERAGE MONTHLY: 32.9 TOTAL FOR MONTH: 3.11 1 = FOG OR MIST
DPTR FM NORMAL: 9.8 DPTR FM NORMAL: 0.39 2 = FOG REDUCING VISIBILITY
HIGHEST: 59 ON 3 GRTST 24HR 1.02 ON 19-19 TO 1/4 MILE OR LESS
LOWEST: 11 ON 31 3 = THUNDER
SNOW, ICE PELLETS, HAIL 4 = ICE PELLETS
TOTAL MONTH: M 5 = HAIL
GRTST 24HR M ON M 6 = FREEZING RAIN OR DRIZZLE
GRTST DEPTH: M ON M 7 = DUSTSTORM OR SANDSTORM:
VSBY 1/2 MILE OR LESS
8 = SMOKE OR HAZE
[NO. OF DAYS WITH] [WEATHER - DAYS WITH] 9 = BLOWING SNOW
X = TORNADO
MAX 32 OR BELOW: 7 0.01 INCH OR MORE: 16
MAX 90 OR ABOVE: 0 0.10 INCH OR MORE: 5
MIN 32 OR BELOW: 22 0.50 INCH OR MORE: 2
MIN 0 OR BELOW: 0 1.00 INCH OR MORE: 0
[HDD (BASE 65) ]
TOTAL THIS MO. 986 CLEAR (SCALE 0-3) 1
DPTR FM NORMAL -311 PTCLDY (SCALE 4-7) 7
TOTAL FM JUL 1 3501 CLOUDY (SCALE 8-10) 23
DPTR FM NORMAL -571
[CDD (BASE 65) ]
TOTAL THIS MO. 0
DPTR FM NORMAL 0 [PRESSURE DATA]
TOTAL FM JAN 1 0 HIGHEST SLP 30.34 ON 8
DPTR FM NORMAL 0 LOWEST SLP 29.46 ON 26
[REMARKS]
#FINAL-01-23#