000
CXUS51 KCTP 010739
CLMBFD
CLIMATE REPORT
NATIONAL WEATHER SERVICE STATE COLLEGE PA
239 AM EST THU FEB 01 2024
...................................
...THE BRADFORD CLIMATE SUMMARY FOR THE MONTH OF JANUARY 2024...
CLIMATE NORMAL PERIOD 1991 TO 2020
CLIMATE RECORD PERIOD 1957 TO 2024
WEATHER OBSERVED NORMAL DEPART LAST YEAR`S
VALUE DATE(S) VALUE FROM VALUE DATE(S)
NORMAL
................................................................
TEMPERATURE (F)
RECORD
HIGH 65 01/11/2018
LOW -27 01/17/1982
HIGHEST 58 01/26 59 01/03
LOWEST -5 01/15 11 01/31
AVG. MAXIMUM 33.5 30.7 2.8 38.4
AVG. MINIMUM 22.2 15.6 6.6 27.4
MEAN 27.8 23.1 4.7 32.9
DAYS MAX >= 90 0 0.0 0.0 0
DAYS MAX <= 32 14 19.0 -5.0 7
DAYS MIN <= 32 27 28.7 -1.7 22
DAYS MIN <= 0 3 4.7 -1.7 0
PRECIPITATION (INCHES)
RECORD
MAXIMUM 5.83 1978
MINIMUM 0.38 2001
TOTALS 3.23 2.72 0.51 3.11
DAILY AVG. 0.10 0.09 0.01 0.10
DAYS >= .01 19 15.7 3.3 16
DAYS >= .10 8 7.0 1.0 5
DAYS >= .50 2 1.4 0.6 2
DAYS >= 1.00 0 0.3 -0.3 0
GREATEST
24 HR. TOTAL 0.78 01/09 TO 01/10 0.99 01/19 TO 01/20
DEGREE DAYS
HEATING TOTAL 1145 1297 -152 986
SINCE 7/1 3344 4072 -728 MM
COOLING TOTAL 0 0 0 0
SINCE 1/1 0 0 0 MM
................................................................
WIND (MPH)
AVERAGE WIND SPEED 7.7
HIGHEST WIND SPEED/DIRECTION 35/120 DATE 01/09
HIGHEST GUST SPEED/DIRECTION 56/120 DATE 01/09
SKY COVER
POSSIBLE SUNSHINE (PERCENT) MM
AVERAGE SKY COVER 0.88
NUMBER OF DAYS FAIR 1
NUMBER OF DAYS PC 5
NUMBER OF DAYS CLOUDY 25
AVERAGE RH (PERCENT) 74
WEATHER CONDITIONS. NUMBER OF DAYS WITH
THUNDERSTORM 0 MIXED PRECIP 0
HEAVY RAIN 1 RAIN 3
LIGHT RAIN 9 FREEZING RAIN 0
LT FREEZING RAIN 1 HAIL 0
HEAVY SNOW 5 SLEET 0
FOG 18 FOG W/VIS <= 1/4 MILE 8
HAZE 23
- INDICATES NEGATIVE NUMBERS.
R INDICATES RECORD WAS SET OR TIED.
MM INDICATES DATA IS MISSING.
T INDICATES TRACE AMOUNT.
$$