000
CXUS56 KHNX 080753
CF6BFL
PRELIMINARY LOCAL CLIMATOLOGICAL DATA (WS FORM: F-6)
STATION: BAKERSFIELD CA
MONTH: DECEMBER
YEAR: 2021
LATITUDE: 35 25 N
LONGITUDE: 119 3 W
TEMPERATURE IN F: :PCPN: SNOW: WIND :SUNSHINE: SKY :PK WND
================================================================================
1 2 3 4 5 6A 6B 7 8 9 10 11 12 13 14 15 16 17 18
12Z AVG MX 2MIN
DY MAX MIN AVG DEP HDD CDD WTR SNW DPTH SPD SPD DIR MIN PSBL S-S WX SPD DR
================================================================================
1 77 43 60 9 5 0 0.00 0.0 0 4.0 10 300 M M 0 8 12 310
2 76 45 61 10 4 0 0.00 0.0 0 3.1 9 50 M M 0 8 12 290
3 73 44 59 8 6 0 0.00 0.0 0 3.6 12 320 M M 0 8 15 290
4 55 39 47 -4 18 0 0.00 0.0 0 2.5 8 330 M M 2 128 10 160
5 49 42 46 -4 19 0 0.00 0.0 0 2.2 8 350 M M 10 12 10 360
6 52 45 49 -1 16 0 0.00 0.0 0 3.2 9 320 M M 6 18 11 300
7 59 44 52 2 13 0 T 0.0 0 4.2 17 330 M M 2 18 20 310
8 61 40 51 1 14 0 0.00 0.0 0 3.5 14 340 M M 0 18 16 340
9 53 46 50 0 15 0 0.15 0.0 0 4.6 16 350 M M 9 18 20 360
10 56 40 48 -2 17 0 0.00 0.0 0 2.0 13 330 M M 4 18 14 340
11 58 36 47 -2 18 0 0.00 0.0 0 3.0 8 160 M M 0 18 10 190
12 64 36 50 1 15 0 0.00 0.0 0 2.8 10 20 M M 1 18 14 20
13 62 38 50 1 15 0 0.00 0.0 0 11.6 37 150 M M 5 8 46 150
14 62 40 51 2 14 0 0.97 0.0 0 9.5 30 320 M M 10 18 38 160
15 52 36 44 -5 21 0 0.00 0.0 0 3.2 7 120 M M 0 18 9 160
16 60 38 49 0 16 0 T 0.0 0 8.3 15 360 M M 7 18 18 10
17 49 42 46 -3 19 0 0.00 0.0 0 6.1 12 330 M M 10 18 13 320
18 53 39 46 -3 19 0 0.00 0.0 0 2.4 8 190 M M 5 18 10 180
19 55 34 45 -4 20 0 0.00 0.0 0 2.5 8 280 M M 3 128 11 260
20 41 35 38 -10 27 0 0.00 0.0 0 3.1 10 320 M M 10 12 11 330
21 50 39 45 -3 20 0 0.00 0.0 0 3.6 12 300 M M 8 128 18 280
22 57 37 47 -1 18 0 0.22 0.0 0 4.2 16 300 M M 10 128 19 310
23 61 50 56 8 9 0 0.60 0.0 0 5.6 15 90 M M 8 18 18 80
24 63 48 56 8 9 0 0.38 0.0 0 5.5 17 290 M M 8 12 21 290
25 57 44 51 3 14 0 0.07 0.0 0 4.6 15 290 M M 6 18 19 270
26 54 39 47 -1 18 0 0.00 0.0 0 4.7 12 360 M M 2 8 18 350
27 53 38 46 -2 19 0 0.14 0.0 0 5.1 9 350 M M 9 1 12 320
28 48 42 45 -3 20 0 T 0.0 0 4.4 10 300 M M 10 12 360
29 57 40 49 1 16 0 0.02 0.0 0 4.8 12 120 M M 9 1 15 130
30 53 44 49 1 16 0 0.05 0.0 0 5.0 12 320 M M 9 128 13 320
31 49 44 47 -1 18 0 T 0.0 0 6.1 15 330 M M 10 18 16 330
================================================================================
SM 1769 1267 488 0 2.60 0.0 139.0 M 173
================================================================================
AV 57.1 40.9 4.5 FASTST M M 6 MAX(MPH)
MISC ----> 37 150 46 150
================================================================================
NOTES:
# LAST OF SEVERAL OCCURRENCES
COLUMN 17 PEAK WIND IN M.P.H.
PRELIMINARY LOCAL CLIMATOLOGICAL DATA (WS FORM: F-6) , PAGE 2
STATION: BAKERSFIELD CA
MONTH: DECEMBER
YEAR: 2021
LATITUDE: 35 25 N
LONGITUDE: 119 3 W
[TEMPERATURE DATA] [PRECIPITATION DATA] SYMBOLS USED IN COLUMN 16
AVERAGE MONTHLY: 49.0 TOTAL FOR MONTH: 2.60 1 = FOG OR MIST
DPTR FM NORMAL: -0.2 DPTR FM NORMAL: 1.50 2 = FOG REDUCING VISIBILITY
HIGHEST: 77 ON 1 GRTST 24HR 0.97 ON 14-14 TO 1/4 MILE OR LESS
LOWEST: 34 ON 19 3 = THUNDER
SNOW, ICE PELLETS, HAIL 4 = ICE PELLETS
TOTAL MONTH: 0.0 INCH 5 = HAIL
GRTST 24HR 0.0 6 = FREEZING RAIN OR DRIZZLE
GRTST DEPTH: 0 7 = DUSTSTORM OR SANDSTORM:
VSBY 1/2 MILE OR LESS
8 = SMOKE OR HAZE
[NO. OF DAYS WITH] [WEATHER - DAYS WITH] 9 = BLOWING SNOW
X = TORNADO
MAX 32 OR BELOW: 0 0.01 INCH OR MORE: 9
MAX 90 OR ABOVE: 0 0.10 INCH OR MORE: 6
MIN 32 OR BELOW: 0 0.50 INCH OR MORE: 2
MIN 0 OR BELOW: 0 1.00 INCH OR MORE: 0
[HDD (BASE 65) ]
TOTAL THIS MO. 488 CLEAR (SCALE 0-3) 11
DPTR FM NORMAL -2 PTCLDY (SCALE 4-7) 9
TOTAL FM JUL 1 784 CLOUDY (SCALE 8-10) 11
DPTR FM NORMAL -28
[CDD (BASE 65) ]
TOTAL THIS MO. 0
DPTR FM NORMAL 0 [PRESSURE DATA]
TOTAL FM JAN 1 2956 HIGHEST SLP 30.31 ON 18
DPTR FM NORMAL 531 LOWEST SLP 29.71 ON 24
[REMARKS]
#FINAL-12-21#