000
CXUS46 KHNX 050819
CLMBFL
CLIMATE REPORT
NATIONAL WEATHER SERVICE
1219 AM PST MON FEB 05 2024
...................................
...THE BAKERSFIELD CA CLIMATE SUMMARY FOR THE MONTH OF DECEMBER 2023...
CLIMATE NORMAL PERIOD 1991 TO 2020
CLIMATE RECORD PERIOD 1889 TO 2024
WEATHER OBSERVED NORMAL DEPART LAST YEAR`S
VALUE DATE(S) VALUE FROM VALUE DATE(S)
NORMAL
................................................................
TEMPERATURE (F)
RECORD
HIGH 87 12/02/1915
LOW 13 12/24/1905
HIGHEST 80 12/06 MM MM 67 12/31
LOWEST 36 12/09 MM MM 31 12/22
12/10
12/11
MEAN 53.5 49.2 4.3
DAYS MAX >= 90 0 0.0 0.0 0
DAYS MIN <= 32 0 4.9 -4.9 3
PRECIPITATION (INCHES)
RECORD
MAXIMUM 5.82 2010
MINIMUM 0.00 1989
1930
1912
TOTALS 0.64 1.10 -0.46
DAYS >= .01 4 6.0 -2.0 10
DAYS >= .10 3 3.1 -0.1 3
DAYS >= .50 0 0.4 -0.4 1
DAYS >= 1.00 0 0.1 -0.1 0
GREATEST
24 HR. TOTAL 0.40
SNOWFALL (INCHES)
RECORDS
TOTAL 4.0 1932
TOTALS 0.0 0.0
DEGREE DAYS
HEATING TOTAL 348 490 -142 528
SINCE 7/1 571 812 -241 MM
COOLING TOTAL 0 0 0 0
SINCE 1/1 2487 2425 62 MM
................................................................
WIND (MPH)
AVERAGE WIND SPEED 3.8
HIGHEST WIND SPEED/DIRECTION 26/320 DATE 12/06
HIGHEST GUST SPEED/DIRECTION 35/320 DATE 12/06
AVERAGE RH (PERCENT) 65
WEATHER CONDITIONS. NUMBER OF DAYS WITH
THUNDERSTORM 0 RAIN 3
HAIL 0 FOG 17
FOG W/VIS <= 1/4 MILE 1 HAZE 29
- INDICATES NEGATIVE NUMBERS.
R INDICATES RECORD WAS SET OR TIED.
MM INDICATES DATA IS MISSING.
T INDICATES TRACE AMOUNT.
$$