000
CXUS54 KAMA 010710
CF6BGD
PRELIMINARY LOCAL CLIMATOLOGICAL DATA (WS FORM: F-6)
STATION: BORGER
MONTH: JULY
YEAR: 2020
LATITUDE: 35 42 N
LONGITUDE: 101 24 W
TEMPERATURE IN F: :PCPN: SNOW: WIND :SUNSHINE: SKY :PK WND
================================================================================
1 2 3 4 5 6A 6B 7 8 9 10 11 12 13 14 15 16 17 18
12Z AVG MX 2MIN
DY MAX MIN AVG DEP HDD CDD WTR SNW DPTH SPD SPD DIR MIN PSBL S-S WX SPD DR
================================================================================
1 103 68 86 6 0 21 0.00 M M 7.9 15 360 M M 0 21 350
2 101 77 89 8 0 24 T M M 11.5 28 170 M M 0 3 41 160
3 101 72 87 6 0 22 0.00 M M 7.5 20 20 M M 1 8 27 30
4 95 74 85 4 0 20 T M M 10.3 28 290 M M 2 3 40 290
5 91 69 80 -1 0 15 0.14 M M 8.1 17 260 M M 3 3 25 280
6 96 72 84 3 0 19 0.00 M M 7.0 20 140 M M 2 26 130
7 98 73 86 5 0 21 T M M 8.1 33 170 M M 1 45 160
8 107 76 92 10 0 27 0.00 M M 14.2 22 170 M M 0 31 210
9 109 83 96 14 0 31 0.00 M M 12.7 24 240 M M 0 33 230
10 106 78 92 10 0 27 0.00 M M 13.2 28 170 M M 0 38 140
11 116 79 98 16 0 33 T M M 10.4 25 320 M M 0 3 42 300
12 106 76 91 9 0 26 0.00 M M 13.2 29 140 M M 0 39 140
13 112 73 93 11 0 28 0.07 M M 9.7 24 240 M M 1 3 37 290
14 112 73 93 11 0 28 0.05 M M 8.1 32 40 M M 1 3 40 40
15 96 70 83 1 0 18 0.08 M M 9.2 25 40 M M 0 3 35 260
16 101 69 85 3 0 20 0.82 M M 9.2 20 140 M M 1 13 26 300
17 106 78 92 10 0 27 0.00 M M 12.0 23 160 M M 0 32 170
18 106 79 93 11 0 28 T M M 12.4 23 170 M M 1 3 32 160
19 101 71 86 4 0 21 0.29 M M 10.3 25 360 M M 2 3 36 290
20 96 71 84 2 0 19 0.11 M M 10.5 22 170 M M 3 3 29 160
21 95 71 83 1 0 18 0.00 M M 7.7 17 140 M M 1 25 300
22 97 72 85 3 0 20 0.00 M M 7.7 15 170 M M 1 21 140
23 99 76 88 6 0 23 0.18 M M 9.0 22 240 M M 2 3 31 260
24 96 77 87 5 0 22 0.04 M M 11.3 24 180 M M 3 3 33 180
25 98 75 87 5 0 22 0.00 M M 11.2 18 150 M M 1 27 150
26 99 76 88 6 0 23 0.00 M M 9.6 17 160 M M 3 24 140
27 91 73 82 0 0 17 0.01 M M 8.6 22 40 M M 5 3 30 40
28 93 72 83 1 0 18 0.01 M M 5.5 14 250 M M 4 19 220
29 100 74 87 5 0 22 0.02 M M 3.9 17 290 M M 2 3 22 300
30 95 69 82 0 0 17 0.00 M M 11.8 23 30 M M 0 31 360
31 91 63 77 -5 0 12 0.00 M M 7.3 17 360 M M 0 22 340
================================================================================
SM 3113 2279 0 689 1.82 M 299.1 M 40
================================================================================
AV100.4 73.5 9.6 FASTST M M 1 MAX(MPH)
MISC ----> 33 170 45 160
================================================================================
NOTES:
# LAST OF SEVERAL OCCURRENCES
COLUMN 17 PEAK WIND IN M.P.H.
PRELIMINARY LOCAL CLIMATOLOGICAL DATA (WS FORM: F-6) , PAGE 2
STATION: BORGER
MONTH: JULY
YEAR: 2020
LATITUDE: 35 42 N
LONGITUDE: 101 24 W
[TEMPERATURE DATA] [PRECIPITATION DATA] SYMBOLS USED IN COLUMN 16
AVERAGE MONTHLY: 87.0 TOTAL FOR MONTH: 1.82 1 = FOG OR MIST
DPTR FM NORMAL: 5.0 DPTR FM NORMAL: -0.80 2 = FOG REDUCING VISIBILITY
HIGHEST: 116 ON 11 GRTST 24HR 0.90 ON 15-16 TO 1/4 MILE OR LESS
LOWEST: 63 ON 31 3 = THUNDER
SNOW, ICE PELLETS, HAIL 4 = ICE PELLETS
TOTAL MONTH: M 5 = HAIL
GRTST 24HR M ON M 6 = FREEZING RAIN OR DRIZZLE
GRTST DEPTH: M ON M 7 = DUSTSTORM OR SANDSTORM:
VSBY 1/2 MILE OR LESS
8 = SMOKE OR HAZE
[NO. OF DAYS WITH] [WEATHER - DAYS WITH] 9 = BLOWING SNOW
X = TORNADO
MAX 32 OR BELOW: 0 0.01 INCH OR MORE: 12
MAX 90 OR ABOVE: 31 0.10 INCH OR MORE: 5
MIN 32 OR BELOW: 0 0.50 INCH OR MORE: 1
MIN 0 OR BELOW: 0 1.00 INCH OR MORE: 0
[HDD (BASE 65) ]
TOTAL THIS MO. 0 CLEAR (SCALE 0-3) 27
DPTR FM NORMAL 0 PTCLDY (SCALE 4-7) 4
TOTAL FM JUL 1 0 CLOUDY (SCALE 8-10) 0
DPTR FM NORMAL 0
[CDD (BASE 65) ]
TOTAL THIS MO. 689
DPTR FM NORMAL 163 [PRESSURE DATA]
TOTAL FM JAN 1 1645 HIGHEST SLP M ON M
DPTR FM NORMAL 564 LOWEST SLP 29.59 ON 14
[REMARKS]
#FINAL-07-20#