000
CXUS51 KBGM 010849
CLMBGM
CLIMATE REPORT
NATIONAL WEATHER SERVICE BINGHAMTON, NY
449 AM EDT MON MAY 01 2023
...................................
...THE BINGHAMTON NY CLIMATE SUMMARY FOR THE MONTH OF APRIL 2023...
CLIMATE NORMAL PERIOD 1991 TO 2020
CLIMATE RECORD PERIOD 1951 TO 2023
WEATHER OBSERVED NORMAL DEPART LAST YEAR`S
VALUE DATE(S) VALUE FROM VALUE DATE(S)
NORMAL
................................................................
TEMPERATURE (F)
RECORD
HIGH 89 04/27/2009
LOW 9 04/07/1982
HIGHEST 86 04/13 53 33 77 04/24
LOWEST 24 04/02 35 -11 23 04/18
AVG. MAXIMUM 61.7 54.2 7.5 52.6
AVG. MINIMUM 40.1 35.0 5.1 34.3
MEAN 50.9 44.6 6.3 43.4
DAYS MAX >= 90 0 0.0 0.0 0
DAYS MAX <= 32 0 0.5 -0.5 0
DAYS MIN <= 32 6 11.4 -5.4 14
DAYS MIN <= 0 0 0.0 0.0 0
PRECIPITATION (INCHES)
RECORD
MAXIMUM 8.57 1983
MINIMUM 0.73 2001
TOTALS 4.28 3.63 0.65 4.52
DAILY AVG. 0.14 0.12 0.02 0.15
DAYS >= .01 14 14.1 -0.1 15
DAYS >= .10 7 8.4 -1.4 8
DAYS >= .50 1 2.3 -1.3 2
DAYS >= 1.00 1 0.5 0.5 2
GREATEST
24 HR. TOTAL 2.18 04/30 TO 04/30
SNOWFALL (INCHES)
RECORDS
TOTAL 22.9 1983
24 HR TOTAL 14.2 04/18/2022 TO 04/19/2022
SNOW DEPTH 14 04/19/2022
TOTALS 0.2 3.8 -3.6 15.0
SINCE 7/1 61.5 86.4 -24.9 MM
SNOWDEPTH AVG. T 1
DAYS >= TRACE 4 3.6 0.4 12
DAYS >= 1.0 0 1.0 -1.0 2
GREATEST
SNOW DEPTH MM 14 04/19
24 HR TOTAL MM
DEGREE DAYS
HEATING TOTAL 437 615 -178 641
SINCE 7/1 5927 6776 -849 MM
COOLING TOTAL 22 3 19 0
SINCE 1/1 22 3 19 MM
................................................................
WIND (MPH)
AVERAGE WIND SPEED 8.6
RESULTANT WIND SPEED/DIRECTION 2/240
HIGHEST WIND SPEED/DIRECTION 36/280 DATE 04/01
HIGHEST GUST SPEED/DIRECTION 52/250 DATE 04/01
SKY COVER
POSSIBLE SUNSHINE (PERCENT) MM
AVERAGE SKY COVER 0.47
NUMBER OF DAYS FAIR 11
NUMBER OF DAYS PC 13
NUMBER OF DAYS CLOUDY 6
AVERAGE RH (PERCENT) 59
WEATHER CONDITIONS. NUMBER OF DAYS WITH
THUNDERSTORM 3 MIXED PRECIP 0
HEAVY RAIN 4 RAIN 5
LIGHT RAIN 14 FREEZING RAIN 0
LT FREEZING RAIN 0 HAIL 0
HEAVY SNOW 0 SNOW 0
LIGHT SNOW 2 SLEET 0
FOG 13 FOG W/VIS <= 1/4 MILE 3
HAZE 1
- INDICATES NEGATIVE NUMBERS.
R INDICATES RECORD WAS SET OR TIED.
MM INDICATES DATA IS MISSING.
T INDICATES TRACE AMOUNT.
$$