000
CXUS55 KBYZ 011000
CF6BHK
PRELIMINARY LOCAL CLIMATOLOGICAL DATA (WS FORM: F-6)
STATION: BAKER MT
MONTH: MARCH
YEAR: 2021
LATITUDE: 46 20 N
LONGITUDE: 104 15 W
TEMPERATURE IN F: :PCPN: SNOW: WIND :SUNSHINE: SKY :PK WND
================================================================================
1 2 3 4 5 6A 6B 7 8 9 10 11 12 13 14 15 16 17 18
12Z AVG MX 2MIN
DY MAX MIN AVG DEP HDD CDD WTR SNW DPTH SPD SPD DIR MIN PSBL S-S WX SPD DR
================================================================================
1 52 13 33 7 32 0 0.00 M M 12.9 26 250 M M 0 1 32 260
2 55 28 42 16 23 0 0.00 M M 13.0 23 290 M M 1 30 280
3 58 25 42 15 23 0 0.00 M M 6.1 20 250 M M 1 27 250
4 63 23 43 16 22 0 0.00 M M 7.0 16 110 M M 0 21 110
5 64 23 44 16 21 0 0.00 M M 5.0 12 160 M M 0 15 150
6 62 29 46 18 19 0 0.00 M M 13.7 32 140 M M 0 38 130
7 54 29 42 14 23 0 0.00 M M 7.4 17 260 M M 0 20 280
8 59 26 43 14 22 0 0.00 M M 12.0 24 120 M M 0 30 120
9 40 26 33 4 32 0 T M M 12.1 23 300 M M 5 29 290
10 36 18 27 -2 38 0 0.00 M M 4.1 10 310 M M 3 1 14 360
11 31 15 23 -7 42 0 0.00 M M 6.7 15 330 M M 4 18 19 310
12 54 15 35 5 30 0 0.00 M M 5.6 16 240 M M 0 22 240
13 59 21 40 9 25 0 0.00 M M 5.8 17 120 M M 0 22 120
14 49 23 36 5 29 0 0.00 M M 14.0 26 120 M M 1 31 130
15 33 29 31 0 34 0 0.00 M M 10.4 17 120 M M 9 23 130
16 36 29 33 1 32 0 0.03 M M 9.0 17 340 M M 10 18 22 340
17 44 17 31 -1 34 0 0.00 M M 6.3 12 30 M M 4 12 19 40
18 54 17 36 4 29 0 0.00 M M 15.4 24 150 M M 0 31 140
19 70 20 45 12 20 0 0.00 M M 9.6 17 150 M M 0 20 160
20 60 28 44 11 21 0 0.04 M M 11.5 26 320 M M 4 33 320
21 54 22 38 4 27 0 T M M 12.1 28 300 M M 3 35 290
22 55 24 40 6 25 0 0.00 M M 8.6 20 220 M M 4 27 240
23 52 27 40 6 25 0 0.00 M M 12.3 26 330 M M 3 8 34 320
24 51 20 36 1 29 0 0.00 M M 8.1 18 230 M M 3 26 230
25 55 21 38 3 27 0 0.00 M M 8.4 18 340 M M 4 23 330
26 44 29 37 2 28 0 T M M 9.6 17 260 M M 8 20 260
27 47 21 34 -2 31 0 T M M 13.9 28 330 M M 7 1 35 330
28 70 25 48 12 17 0 0.00 M M 16.6 33 270 M M 1 42 270
29 57 21 39 3 26 0 0.03 M M 30.2 47 290 M M 5 12 60 290
30 30 15 23 -14 42 0 T M M 24.0 43 300 M M 4 8 53 310
31 50 10 30 -7 35 0 0.00 M M 8.9 24 280 M M 2 30 310
================================================================================
SM 1598 689 863 0 0.10 M 340.3 M 86
================================================================================
AV 51.5 22.2 11.0 FASTST M M 3 MAX(MPH)
MISC ----> 47 290 60 290
================================================================================
NOTES:
# LAST OF SEVERAL OCCURRENCES
COLUMN 17 PEAK WIND IN M.P.H.
PRELIMINARY LOCAL CLIMATOLOGICAL DATA (WS FORM: F-6) , PAGE 2
STATION: BAKER MT
MONTH: MARCH
YEAR: 2021
LATITUDE: 46 20 N
LONGITUDE: 104 15 W
[TEMPERATURE DATA] [PRECIPITATION DATA] SYMBOLS USED IN COLUMN 16
AVERAGE MONTHLY: 36.9 TOTAL FOR MONTH: 0.10 1 = FOG OR MIST
DPTR FM NORMAL: 5.3 DPTR FM NORMAL: -0.62 2 = FOG REDUCING VISIBILITY
HIGHEST: 70 ON 28,19 GRTST 24HR 0.04 ON 20-20 TO 1/4 MILE OR LESS
LOWEST: 10 ON 31 3 = THUNDER
SNOW, ICE PELLETS, HAIL 4 = ICE PELLETS
TOTAL MONTH: M 5 = HAIL
GRTST 24HR M ON M 6 = FREEZING RAIN OR DRIZZLE
GRTST DEPTH: M ON M 7 = DUSTSTORM OR SANDSTORM:
VSBY 1/2 MILE OR LESS
8 = SMOKE OR HAZE
[NO. OF DAYS WITH] [WEATHER - DAYS WITH] 9 = BLOWING SNOW
X = TORNADO
MAX 32 OR BELOW: 2 0.01 INCH OR MORE: 3
MAX 90 OR ABOVE: 0 0.10 INCH OR MORE: 0
MIN 32 OR BELOW: 31 0.50 INCH OR MORE: 0
MIN 0 OR BELOW: 0 1.00 INCH OR MORE: 0
[HDD (BASE 65) ]
TOTAL THIS MO. 863 CLEAR (SCALE 0-3) 17
DPTR FM NORMAL -171 PTCLDY (SCALE 4-7) 12
TOTAL FM JUL 1 6230 CLOUDY (SCALE 8-10) 2
DPTR FM NORMAL -959
[CDD (BASE 65) ]
TOTAL THIS MO. 0
DPTR FM NORMAL 0 [PRESSURE DATA]
TOTAL FM JAN 1 0 HIGHEST SLP 30.44 ON 31
DPTR FM NORMAL 0 LOWEST SLP 29.13 ON 29
[REMARKS]
#FINAL-03-21#