000
CXUS54 KBMX 011110
CF6BHM
PRELIMINARY LOCAL CLIMATOLOGICAL DATA (WS FORM: F-6)
STATION: BIRMINGHAM
MONTH: NOVEMBER
YEAR: 2023
LATITUDE: 33 34 N
LONGITUDE: 86 45 W
TEMPERATURE IN F: :PCPN: SNOW: WIND :SUNSHINE: SKY :PK WND
================================================================================
1 2 3 4 5 6A 6B 7 8 9 10 11 12 13 14 15 16 17 18
12Z AVG MX 2MIN
DY MAX MIN AVG DEP HDD CDD WTR SNW DPTH SPD SPD DIR MIN PSBL S-S WX SPD DR
================================================================================
1 55 30 43 -16 22 0 0.00 0.0 0 8.0 20 360 M M 0 30 10
2 63 29 46 -12 19 0 0.00 0.0 M 2.0 13 160 M M 0 8 18 150
3 68 35 52 -6 13 0 0.00 0.0 0 2.6 10 100 M M 0 16 90
4 76 41 59 1 6 0 0.00 0.0 0 1.3 10 10 M M 0 15 10
5 78 43 61 4 4 0 0.00 0.0 0 2.6 13 340 M M 0 20 330
6 79 46 63 6 2 0 0.00 0.0 M 2.9 13 240 M M 3 8 19 260
7 82 50 66 10 0 1 0.00 0.0 M 3.2 15 250 M M 0 8 19 240
8 81 53 67 11 0 2 0.00 0.0 0 6.6 18 190 M M 3 22 200
9 79 61 70 14 0 5 0.00 0.0 0 5.0 12 220 M M 6 21 200
10 65 57 61 5 4 0 0.08 0.0 0 5.5 12 360 M M 10 1 15 30
11 57 53 55 0 10 0 0.17 0.0 0 7.0 14 60 M M 10 1 23 70
12 61 53 57 2 8 0 0.00 0.0 0 4.4 10 60 M M 9 17 90
13 70 51 61 7 4 0 0.00 0.0 0 4.0 12 40 M M 8 15 40
14 71 50 61 7 4 0 T M M 5.5 14 110 M M 9 19 120
15 65 49 57 3 8 0 0.08 0.0 0 8.0 17 70 M M 9 26 60
16 77 56 67 13 0 2 0.00 0.0 0 7.0 15 120 M M 6 26 140
17 73 57 65 12 0 0 0.00 0.0 0 4.6 10 210 M M 7 15 90
18 70 47 59 6 6 0 0.00 0.0 0 7.1 17 360 M M 3 25 10
19 71 38 55 2 10 0 0.00 0.0 0 1.1 7 230 M M 0 9 250
20 72 45 59 7 6 0 0.08 0.0 M 8.7 21 140 M M 6 33 140
21 69 54 62 10 3 0 0.36 0.0 M 11.4 25 160 M M 9 13 42 150
22 54 41 48 -4 17 0 T 0.0 0 10.1 20 350 M M 9 18 28 330
23 56 36 46 -6 19 0 0.00 0.0 0 2.0 7 280 M M 6 1 12 360
24 64 40 52 0 13 0 0.00 0.0 0 3.3 12 280 M M 5 14 170
25 65 35 50 -1 15 0 0.00 0.0 M 2.5 12 190 M M 4 15 140
26 55 46 51 0 14 0 0.16 0.0 0 7.3 17 300 M M 7 18 24 310
27 50 34 42 -9 23 0 0.00 0.0 0 8.2 21 330 M M 4 27 330
28 54 30 42 -9 23 0 0.00 0.0 0 4.9 20 330 M M 2 27 300
29 60 24 42 -8 23 0 0.00 0.0 0 1.9 12 240 M M 2 17 260
30 60 33 47 -3 18 0 0.00 0.0 0 4.6 16 160 M M 7 24 130
================================================================================
SM 2000 1317 294 10 0.93 0.0 153.3 M 144
================================================================================
AV 66.7 43.9 5.1 FASTST M M 5 MAX(MPH)
MISC ----> 25 160 42 150
================================================================================
NOTES:
# LAST OF SEVERAL OCCURRENCES
COLUMN 17 PEAK WIND IN M.P.H.
PRELIMINARY LOCAL CLIMATOLOGICAL DATA (WS FORM: F-6) , PAGE 2
STATION: BIRMINGHAM
MONTH: NOVEMBER
YEAR: 2023
LATITUDE: 33 34 N
LONGITUDE: 86 45 W
[TEMPERATURE DATA] [PRECIPITATION DATA] SYMBOLS USED IN COLUMN 16
AVERAGE MONTHLY: 55.3 TOTAL FOR MONTH: 0.93 1 = FOG OR MIST
DPTR FM NORMAL: 1.3 DPTR FM NORMAL: -3.30 2 = FOG REDUCING VISIBILITY
HIGHEST: 82 ON 7 GRTST 24HR 0.44 ON 20-21 TO 1/4 MILE OR LESS
LOWEST: 24 ON 29 3 = THUNDER
SNOW, ICE PELLETS, HAIL 4 = ICE PELLETS
TOTAL MONTH: 0.0 INCH 5 = HAIL
GRTST 24HR 0.0 6 = FREEZING RAIN OR DRIZZLE
GRTST DEPTH: 0 7 = DUSTSTORM OR SANDSTORM:
VSBY 1/2 MILE OR LESS
8 = SMOKE OR HAZE
[NO. OF DAYS WITH] [WEATHER - DAYS WITH] 9 = BLOWING SNOW
X = TORNADO
MAX 32 OR BELOW: 0 0.01 INCH OR MORE: 6
MAX 90 OR ABOVE: 0 0.10 INCH OR MORE: 3
MIN 32 OR BELOW: 4 0.50 INCH OR MORE: 0
MIN 0 OR BELOW: 0 1.00 INCH OR MORE: 0
[HDD (BASE 65) ]
TOTAL THIS MO. 294 CLEAR (SCALE 0-3) 10
DPTR FM NORMAL -50 PTCLDY (SCALE 4-7) 12
TOTAL FM JUL 1 364 CLOUDY (SCALE 8-10) 8
DPTR FM NORMAL -90
[CDD (BASE 65) ]
TOTAL THIS MO. 10
DPTR FM NORMAL -4 [PRESSURE DATA]
TOTAL FM JAN 1 2360 HIGHEST SLP 30.51 ON 2
DPTR FM NORMAL 186 LOWEST SLP 29.81 ON 21
[REMARKS]
#FINAL-11-23#