000
CXUS55 KVEF 030745
CF6BIH
PRELIMINARY LOCAL CLIMATOLOGICAL DATA (WS FORM: F-6)
STATION: BISHOP CA
MONTH: SEPTEMBER
YEAR: 2023
LATITUDE: 37 22 N
LONGITUDE: 118 22 W
TEMPERATURE IN F: :PCPN: SNOW: WIND :SUNSHINE: SKY :PK WND
================================================================================
1 2 3 4 5 6A 6B 7 8 9 10 11 12 13 14 15 16 17 18
12Z AVG MX 2MIN
DY MAX MIN AVG DEP HDD CDD WTR SNW DPTH SPD SPD DIR MIN PSBL S-S WX SPD DR
================================================================================
1 91 49 70 -3 0 5 0.00 0.0 0 16.9 35 130 M M 1 47 150
2 83 66 75 2 0 10 T 0.0 0 22.8 36 140 M M 4 46 150
3 84 56 70 -2 0 5 0.00 0.0 0 19.4 30 160 M M 0 38 340
4 82 48 65 -7 0 0 0.00 0.0 0 6.5 14 160 M M 0 20 160
5 86 47 67 -5 0 2 0.00 0.0 0 11.0 22 160 M M 0 28 170
6 88 48 68 -4 0 3 0.00 0.0 0 10.4 24 160 M M 0 32 140
7 89 48 69 -2 0 4 0.00 0.0 0 10.3 25 160 M M 0 33 150
8 91 44 68 -3 0 3 0.00 0.0 0 5.3 18 150 M M 0 23 140
9 89 57 73 2 0 8 T 0.0 0 5.7 16 290 M M 3 3 21 290
10 84 58 71 1 0 6 0.01 0.0 0 9.1 17 360 M M 5 3 24 340
11 87 52 70 0 0 5 0.00 0.0 0 6.0 16 170 M M 0 22 150
12 90 52 71 1 0 6 0.00 0.0 0 5.8 13 140 M M 2 3 18 80
13 90 52 71 1 0 6 T 0.0 0 6.5 21 350 M M 2 24 360
14 88 54 71 2 0 6 0.00 0.0 0 4.6 24 70 M M 2 33 70
15 89 50 70 1 0 5 0.00 0.0 0 5.5 15 150 M M 0 20 150
16 89 49 69 0 0 4 0.00 0.0 0 6.6 16 160 M M 0 23 160
17 90 47 69 1 0 4 0.00 0.0 0 8.7 20 170 M M 0 28 150
18 89 46 68 0 0 3 0.00 0.0 0 8.4 20 160 M M 0 24 160
19 M M M M M M 0.00 0.0 0 M M M M M M M M
20 M M M M M M 0.00 0.0 0 M M M M M 0 M M
21 M M M M M M 0.00 0.0 0 M M M M M 0 M M
22 M M M M M M 0.00 0.0 0 M M M M M 0 M M
23 M M M M M M 0.00 0.0 0 M M M M M 0 M M
24 M M M M M M 0.00 0.0 0 M M M M M 0 M M
25 M M M M M M 0.00 0.0 0 M M M M M 0 M M
26 M M M M M M 0.00 0.0 0 M M M M M 0 M M
27 M M M M M M M 0.0 0 M M M M M 0 M M
28 86 M M M M M 0.00 0.0 0 11.5 18 150 M M 0 27 140
29 83 47 65 1 0 0 0.00 0.0 0 8.8 22 140 M M 0 31 150
30 72 48 60 -4 5 0 0.35 0.0 0 7.0 28 350 M M 6 3 34 350
================================================================================
SM 1820 1018 5 85 0.36 0.0 196.8 M 25
================================================================================
AV 86.7 50.9 9.4 FASTST M M 1 MAX(MPH)
MISC ----> 36 140 47 150
================================================================================
NOTES:
# LAST OF SEVERAL OCCURRENCES
COLUMN 17 PEAK WIND IN M.P.H.
PRELIMINARY LOCAL CLIMATOLOGICAL DATA (WS FORM: F-6) , PAGE 2
STATION: BISHOP CA
MONTH: SEPTEMBER
YEAR: 2023
LATITUDE: 37 22 N
LONGITUDE: 118 22 W
[TEMPERATURE DATA] [PRECIPITATION DATA] SYMBOLS USED IN COLUMN 16
AVERAGE MONTHLY: 68.8 TOTAL FOR MONTH: 0.36 1 = FOG OR MIST
DPTR FM NORMAL: 0.2 DPTR FM NORMAL: 0.25 2 = FOG REDUCING VISIBILITY
HIGHEST: 91 ON 8, 1 GRTST 24HR 0.35 ON 30-30 TO 1/4 MILE OR LESS
LOWEST: 44 ON 8 3 = THUNDER
SNOW, ICE PELLETS, HAIL 4 = ICE PELLETS
TOTAL MONTH: 0.0 INCH 5 = HAIL
GRTST 24HR 0.0 6 = FREEZING RAIN OR DRIZZLE
GRTST DEPTH: 0 7 = DUSTSTORM OR SANDSTORM:
VSBY 1/2 MILE OR LESS
8 = SMOKE OR HAZE
[NO. OF DAYS WITH] [WEATHER - DAYS WITH] 9 = BLOWING SNOW
X = TORNADO
MAX 32 OR BELOW: 0 0.01 INCH OR MORE: 2
MAX 90 OR ABOVE: 5 0.10 INCH OR MORE: 1
MIN 32 OR BELOW: 0 0.50 INCH OR MORE: 0
MIN 0 OR BELOW: 0 1.00 INCH OR MORE: 0
[HDD (BASE 65) ]
TOTAL THIS MO. 5 CLEAR (SCALE 0-3) 25
DPTR FM NORMAL -25 PTCLDY (SCALE 4-7) 4
TOTAL FM JUL 1 10 CLOUDY (SCALE 8-10) 1
DPTR FM NORMAL -18
[CDD (BASE 65) ]
TOTAL THIS MO. 85
DPTR FM NORMAL -53 [PRESSURE DATA]
TOTAL FM JAN 1 1019 HIGHEST SLP 30.13 ON 9
DPTR FM NORMAL -180 LOWEST SLP 29.51 ON 30
[REMARKS]
#FINAL-09-23#