000
CXUS51 KRLX 010938
CF6BKW
PRELIMINARY LOCAL CLIMATOLOGICAL DATA (WS FORM: F-6)
STATION: BECKLEY WV
MONTH: NOVEMBER
YEAR: 2022
LATITUDE: 37 46 N
LONGITUDE: 81 7 W
TEMPERATURE IN F: :PCPN: SNOW: WIND :SUNSHINE: SKY :PK WND
================================================================================
1 2 3 4 5 6A 6B 7 8 9 10 11 12 13 14 15 16 17 18
12Z AVG MX 2MIN
DY MAX MIN AVG DEP HDD CDD WTR SNW DPTH SPD SPD DIR MIN PSBL S-S WX SPD DR
================================================================================
1 58 48 53 4 12 0 0.02 0.0 0 3.7 13 330 M M 9 1 15 320
2 61 45 53 5 12 0 0.00 0.0 0 4.6 14 130 M M 3 12 18 120
3 66 48 57 9 8 0 T 0.0 0 7.6 12 140 M M 1 17 140
4 66 51 59 11 6 0 0.00 0.0 0 10.0 20 160 M M 0 26 130
5 73 60 67 20 0 2 0.15 0.0 0 11.2 23 170 M M 7 1 31 140
6 79 61 70 23 0 5 0.01 0.0 0 6.7 17 240 M M 5 1 23 240
7 72 51 62 15 3 0 0.02 0.0 0 5.5 15 350 M M 5 1 18 360
8 68 39 54 8 11 0 0.00 0.0 0 5.3 16 120 M M 0 23 130
9 60 43 52 6 13 0 0.00 0.0 0 11.1 21 130 M M 0 28 110
10 62 43 53 7 12 0 T 0.0 0 9.9 21 150 M M 4 31 160
11 66 56 61 16 4 0 1.20 0.0 0 9.4 22 310 M M 10 1 35 310
12 56 33 45 0 20 0 0.06 T 0 7.4 21 330 M M 10 1 25 330
13 33 27 30 -15 35 0 0.03 0.2 T 7.8 16 290 M M 10 1 21 290
14 43 21 32 -12 33 0 0.00 0.0 0 5.2 16 130 M M 1 18 23 130
15 39 33 36 -8 29 0 0.34 0.0 0 9.8 21 130 M M 7 12 32 140
16 40 30 35 -9 30 0 0.03 T 0 9.2 16 270 M M 10 12 28 290
17 31 21 26 -17 39 0 0.01 T T 7.5 21 320 M M 8 1 29 320
18 36 19 28 -15 37 0 0.00 0.0 0 8.6 21 270 M M 6 30 270
19 38 21 30 -13 35 0 0.00 0.0 0 9.5 23 280 M M 2 35 270
20 32 19 26 -16 39 0 0.00 0.0 0 9.0 23 270 M M 0 31 270
21 49 18 34 -8 31 0 0.00 0.0 0 6.0 20 240 M M 0 26 250
22 54 26 40 -2 25 0 0.00 0.0 0 4.5 13 270 M M 0 15 270
23 58 28 43 1 22 0 0.00 0.0 0 2.6 9 290 M M 0 13 300
24 60 38 49 8 16 0 0.00 0.0 0 8.1 15 150 M M 0 21 150
25 52 35 44 3 21 0 0.12 0.0 0 6.9 17 330 M M 7 1 24 320
26 57 28 43 2 22 0 0.00 0.0 0 5.4 13 150 M M 0 1 20 130
27 68 46 57 17 8 0 0.09 0.0 0 14.7 30 240 M M 7 1 43 270
28 50 35 43 3 22 0 0.06 0.0 0 7.3 20 270 M M 10 1 25 250
29 54 32 43 3 22 0 T 0.0 0 10.4 21 130 M M 1 1 29 160
30 56 29 43 3 22 0 0.41 0.0 0 13.6 30 270 M M 5 1 41 300
================================================================================
SM 1637 1084 589 7 2.55 0.2 238.5 M 128
================================================================================
AV 54.6 36.1 7.9 FASTST M M 4 MAX(MPH)
MISC ----> # 30 240 43 270
================================================================================
NOTES:
# LAST OF SEVERAL OCCURRENCES
COLUMN 17 PEAK WIND IN M.P.H.
PRELIMINARY LOCAL CLIMATOLOGICAL DATA (WS FORM: F-6) , PAGE 2
STATION: BECKLEY WV
MONTH: NOVEMBER
YEAR: 2022
LATITUDE: 37 46 N
LONGITUDE: 81 7 W
[TEMPERATURE DATA] [PRECIPITATION DATA] SYMBOLS USED IN COLUMN 16
AVERAGE MONTHLY: 45.4 TOTAL FOR MONTH: 2.55 1 = FOG OR MIST
DPTR FM NORMAL: 1.3 DPTR FM NORMAL: -0.25 2 = FOG REDUCING VISIBILITY
HIGHEST: 79 ON 6 GRTST 24HR 1.21 ON 11-12 TO 1/4 MILE OR LESS
LOWEST: 18 ON 21 3 = THUNDER
SNOW, ICE PELLETS, HAIL 4 = ICE PELLETS
TOTAL MONTH: 0.2 INCH 5 = HAIL
GRTST 24HR 0.2 ON 13-13 6 = FREEZING RAIN OR DRIZZLE
GRTST DEPTH: T 7 = DUSTSTORM OR SANDSTORM:
VSBY 1/2 MILE OR LESS
8 = SMOKE OR HAZE
[NO. OF DAYS WITH] [WEATHER - DAYS WITH] 9 = BLOWING SNOW
X = TORNADO
MAX 32 OR BELOW: 2 0.01 INCH OR MORE: 14
MAX 90 OR ABOVE: 0 0.10 INCH OR MORE: 5
MIN 32 OR BELOW: 13 0.50 INCH OR MORE: 1
MIN 0 OR BELOW: 0 1.00 INCH OR MORE: 1
[HDD (BASE 65) ]
TOTAL THIS MO. 589 CLEAR (SCALE 0-3) 13
DPTR FM NORMAL -43 PTCLDY (SCALE 4-7) 11
TOTAL FM JUL 1 1144 CLOUDY (SCALE 8-10) 6
DPTR FM NORMAL 69
[CDD (BASE 65) ]
TOTAL THIS MO. 7
DPTR FM NORMAL 6 [PRESSURE DATA]
TOTAL FM JAN 1 701 HIGHEST SLP 30.52 ON 9
DPTR FM NORMAL 36 LOWEST SLP 29.45 ON 27
[REMARKS]
#FINAL-11-22#