000
CXUS55 KSEW 011030
CF6BLI
PRELIMINARY LOCAL CLIMATOLOGICAL DATA (WS FORM: F-6)
STATION: BELLINGHAM WA AIRPORT
MONTH: NOVEMBER
YEAR: 2022
LATITUDE: 48 47 N
LONGITUDE: 122 32 W
TEMPERATURE IN F: :PCPN: SNOW: WIND :SUNSHINE: SKY :PK WND
================================================================================
1 2 3 4 5 6A 6B 7 8 9 10 11 12 13 14 15 16 17 18
12Z AVG MX 2MIN
DY MAX MIN AVG DEP HDD CDD WTR SNW DPTH SPD SPD DIR MIN PSBL S-S WX SPD DR
================================================================================
1 51 32 42 -5 23 0 0.00 M M 1.2 7 170 M M 1 1 11 170
2 50 31 41 -6 24 0 T M M 2.2 9 310 M M 3 1 14 310
3 45 30 38 -9 27 0 0.44 M M 6.9 22 140 M M 8 1 29 160
4 57 39 48 1 17 0 1.91 M M 7.9 24 290 M M 9 1 42 280
5 50 40 45 -1 20 0 0.00 M M 5.4 13 210 M M 5 20 240
6 46 35 41 -5 24 0 0.38 M M 6.1 21 150 M M 9 1 29 170
7 40 31 36 -10 29 0 M M M 16.2 28 40 M M 8 8 45 50
8 40 31 36 -10 29 0 M M M 20.1 31 30 M M 3 46 40
9 43 27 35 -11 30 0 0.00 M M 7.4 21 20 M M 1 30 20
10 41 31 36 -10 29 0 0.00 M M 5.0 8 10 M M 9 12 60
11 44 31 38 -7 27 0 0.00 M M 5.0 15 50 M M 6 20 40
12 49 29 39 -6 26 0 0.00 M M 2.9 9 50 M M 3 1 13 30
13 49 29 39 -6 26 0 0.00 M M 2.7 10 300 M M 4 12 15 300
14 50 26 38 -7 27 0 0.00 M M 1.0 7 230 M M 3 12 9 240
15 51 24 38 -6 27 0 0.00 M M 2.0 7 20 M M 1 12 12 20
16 50 25 38 -6 27 0 0.00 M M 2.5 25 30 M M 4 12 37 40
17 50 37 44 0 21 0 0.00 M M 17.6 31 40 M M 0 52 40
18 48 24 36 -8 29 0 0.00 M M 4.5 14 30 M M 0 17 20
19 46 24 35 -9 30 0 T M M 4.8 12 40 M M 0 17 10
20 46 25 36 -8 29 0 T M M 2.8 7 30 M M 5 9 20
21 49 35 42 -1 23 0 T M M 2.3 7 360 M M 10 9 360
22 52 42 47 4 18 0 0.63 M M 3.8 15 180 M M 10 1 24 180
23 53 37 45 2 20 0 0.00 M M 4.3 14 160 M M 6 12 16 170
24 55 30 43 0 22 0 0.00 M M 0.5 8 160 M M 2 1 11 160
25 50 38 44 1 21 0 0.79 M M 6.1 13 180 M M 8 1 24 190
26 47 38 43 1 22 0 0.14 M M 13.2 28 160 M M 8 1 44 190
27 46 37 42 0 23 0 0.16 M M 5.5 23 180 M M 7 1 39 160
28 37 27 32 -10 33 0 0.02 M M 14.1 29 30 M M 3 43 70
29 41 24 33 -9 32 0 0.01 M M 11.2 29 160 M M 8 18 45 180
30 42 27 35 -7 30 0 0.03 M M 6.8 24 170 M M 4 35 150
================================================================================
SM 1418 936 765 0 4.51 M 192.0 M 148
================================================================================
AV 47.3 31.2 6.4 FASTST M M 5 MAX(MPH)
MISC ----> # 31 30 52 40
================================================================================
NOTES:
# LAST OF SEVERAL OCCURRENCES
COLUMN 17 PEAK WIND IN M.P.H.
PRELIMINARY LOCAL CLIMATOLOGICAL DATA (WS FORM: F-6) , PAGE 2
STATION: BELLINGHAM WA AIRPORT
MONTH: NOVEMBER
YEAR: 2022
LATITUDE: 48 47 N
LONGITUDE: 122 32 W
[TEMPERATURE DATA] [PRECIPITATION DATA] SYMBOLS USED IN COLUMN 16
AVERAGE MONTHLY: 39.2 TOTAL FOR MONTH: 4.51 1 = FOG OR MIST
DPTR FM NORMAL: -5.3 DPTR FM NORMAL: -0.69 2 = FOG REDUCING VISIBILITY
HIGHEST: 57 ON 4 GRTST 24HR 2.29 ON 3- 4 TO 1/4 MILE OR LESS
LOWEST: 24 ON 29,19 3 = THUNDER
SNOW, ICE PELLETS, HAIL 4 = ICE PELLETS
TOTAL MONTH: M 5 = HAIL
GRTST 24HR M ON M 6 = FREEZING RAIN OR DRIZZLE
GRTST DEPTH: M ON M 7 = DUSTSTORM OR SANDSTORM:
VSBY 1/2 MILE OR LESS
8 = SMOKE OR HAZE
[NO. OF DAYS WITH] [WEATHER - DAYS WITH] 9 = BLOWING SNOW
X = TORNADO
MAX 32 OR BELOW: 0 0.01 INCH OR MORE: 10
MAX 90 OR ABOVE: 0 0.10 INCH OR MORE: 7
MIN 32 OR BELOW: 20 0.50 INCH OR MORE: 3
MIN 0 OR BELOW: 0 1.00 INCH OR MORE: 1
[HDD (BASE 65) ]
TOTAL THIS MO. 765 CLEAR (SCALE 0-3) 11
DPTR FM NORMAL 149 PTCLDY (SCALE 4-7) 12
TOTAL FM JUL 1 1251 CLOUDY (SCALE 8-10) 7
DPTR FM NORMAL -118
[CDD (BASE 65) ]
TOTAL THIS MO. 0
DPTR FM NORMAL 0 [PRESSURE DATA]
TOTAL FM JAN 1 168 HIGHEST SLP 30.63 ON 16
DPTR FM NORMAL 93 LOWEST SLP 29.32 ON 4
[REMARKS]
#FINAL-11-22#