000
CXUS53 KIND 011616
CLMBMG
CLIMATE REPORT
NATIONAL WEATHER SERVICE INDIANAPOLIS IN
1116 AM EST MON JAN 01 2024
...................................
...THE BLOOMINGTON IN CLIMATE SUMMARY FOR THE MONTH OF DECEMBER 2023...
CLIMATE NORMAL PERIOD 1991 TO 2020
CLIMATE RECORD PERIOD 9999 TO 9999
WEATHER OBSERVED NORMAL DEPART LAST YEAR`S
VALUE DATE(S) VALUE FROM VALUE DATE(S)
NORMAL
................................................................
TEMPERATURE (F)
HIGHEST 65 12/09 61 12/30
LOWEST 12 12/19 -9 12/23
AVG. MAXIMUM 49.4 42.2 7.2 42.0
AVG. MINIMUM 32.4 26.6 5.8 26.8
MEAN 40.9 34.4 6.5 34.4
DAYS MAX >= 90 0 0.0 0.0 0
DAYS MAX <= 32 0 6.2 -6.2 6
DAYS MIN <= 32 17 22.7 -5.7 19
DAYS MIN <= 0 0 0.7 -0.7 2
PRECIPITATION (INCHES)
TOTALS 1.78R 3.29 -1.51 2.54
DAILY AVG. 0.06 0.11 -0.05 0.08
DAYS >= .01 11 12.4 -1.4 12
DAYS >= .10 5 6.7 -1.7 5
DAYS >= .50 1 2.4 -1.4 2
DAYS >= 1.00 0 0.7 -0.7 1
GREATEST
24 HR. TOTAL 0.62 12/25 TO 12/25
DEGREE DAYS
HEATING TOTAL 739 949 -210 941
SINCE 7/1 1599 1984 -385 MM
COOLING TOTAL 0 0 0 0
SINCE 1/1 1044 1024 20 MM
................................................................
WIND (MPH)
AVERAGE WIND SPEED 6.4
HIGHEST WIND SPEED/DIRECTION 26/190 DATE 12/01
HIGHEST GUST SPEED/DIRECTION 37/180 DATE 12/01
37/120 12/25
SKY COVER
AVERAGE SKY COVER 0.60
AVERAGE RH (PERCENT) 71
WEATHER CONDITIONS. NUMBER OF DAYS WITH
THUNDERSTORM 0 MIXED PRECIP 0
HEAVY RAIN 2 RAIN 4
LIGHT RAIN 16 FREEZING RAIN 0
LT FREEZING RAIN 0 HAIL 0
HEAVY SNOW 1 SNOW 1
LIGHT SNOW 3 SLEET 0
FOG 19 FOG W/VIS <= 1/4 MILE 1
HAZE 2
- INDICATES NEGATIVE NUMBERS.
R INDICATES RECORD WAS SET OR TIED.
MM INDICATES DATA IS MISSING.
T INDICATES TRACE AMOUNT.
$$