674
CXUS55 KBOI 011002
CF6BOI
PRELIMINARY LOCAL CLIMATOLOGICAL DATA (WS FORM: F-6)
STATION: BOISE ID
MONTH: JULY
YEAR: 2020
LATITUDE: 43 34 N
LONGITUDE: 116 13 W
TEMPERATURE IN F: :PCPN: SNOW: WIND :SUNSHINE: SKY :PK WND
================================================================================
1 2 3 4 5 6A 6B 7 8 9 10 11 12 13 14 15 16 17 18
12Z AVG MX 2MIN
DY MAX MIN AVG DEP HDD CDD WTR SNW DPTH SPD SPD DIR MIN PSBL S-S WX SPD DR
================================================================================
1 76 52 64 -8 1 0 0.00 0.0 0 6.9 14 320 M M 1 8 18 320
2 81 49 65 -8 0 0 0.00 0.0 0 4.6 14 330 M M 0 8 18 290
3 91 57 74 1 0 9 0.00 0.0 0 5.5 13 340 M M 0 17 210
4 88 58 73 0 0 8 0.00 0.0 0 6.6 20 330 M M 0 8 26 310
5 88 56 72 -2 0 7 0.00 0.0 0 6.1 16 340 M M 0 8 23 360
6 93 58 76 2 0 11 0.00 0.0 0 5.4 10 270 M M 0 16 260
7 82 62 72 -2 0 7 0.00 0.0 0 10.7 18 320 M M 0 8 25 320
8 80 53 67 -7 0 2 0.00 0.0 0 7.9 16 340 M M 0 22 360
9 91 55 73 -2 0 8 0.00 0.0 0 5.8 10 340 M M 0 19 60
10 88 62 75 0 0 10 0.00 0.0 M 8.6 18 280 M M 0 26 280
11 101 64 83 8 0 18 0.00 0.0 M 7.1 16 240 M M 0 25 260
12 90 62 76 0 0 11 0.00 0.0 M 9.8 18 310 M M 0 24 320
13 83 59 71 -5 0 6 0.00 0.0 M 11.1 18 310 M M 0 26 290
14 85 53 69 -7 0 4 0.00 0.0 M 7.7 17 300 M M 0 25 300
15 89 54 72 -4 0 7 0.00 0.0 0 6.6 16 300 M M 0 8 23 300
16 94 60 77 1 0 12 0.00 0.0 0 5.2 13 330 M M 0 8 21 310
17 97 63 80 4 0 15 0.00 0.0 M 9.0 21 340 M M 0 28 340
18 90 59 75 -2 0 10 0.00 0.0 M 7.3 17 320 M M 0 23 320
19 92 59 76 -1 0 11 0.00 0.0 M 6.2 16 310 M M 0 26 320
20 95 61 78 1 0 13 0.00 0.0 M 6.9 18 300 M M 0 8 27 340
21 99 63 81 4 0 16 0.00 0.0 0 5.9 15 360 M M 0 21 340
22 94 69 82 5 0 17 T 0.0 0 8.7 25 300 M M 1 34 300
23 91 67 79 2 0 14 0.02 0.0 M 10.4 29 130 M M 1 41 140
24 91 60 76 -1 0 11 0.00 0.0 M 4.9 16 120 M M 0 8 20 140
25 90 59 75 -2 0 10 0.00 0.0 0 6.2 15 320 M M 0 22 300
26 94 56 75 -3 0 10 0.00 0.0 0 5.7 15 280 M M 0 20 290
27 97 64 81 3 0 16 0.00 0.0 0 6.2 17 250 M M 0 23 250
28 96 66 81 3 0 16 0.06 0.0 0 9.6 32 140 M M 1 38 45 140
29 99 63 81 3 0 16 0.00 0.0 0 5.3 12 130 M M 0 15 120
30 105 68 87 9 0 22 0.00 0.0 0 7.3 16 170 M M 0 23 150
31 104 71 88 10 0 23 0.00 0.0 0 7.4 15 350 M M 0 8 21 320
================================================================================
SM 2834 1862 1 340 0.08 0.0 222.6 M 4
================================================================================
AV 91.4 60.1 7.2 FASTST M M 0 MAX(MPH)
MISC ----> 32 140 45 140
================================================================================
NOTES:
# LAST OF SEVERAL OCCURRENCES
COLUMN 17 PEAK WIND IN M.P.H.
PRELIMINARY LOCAL CLIMATOLOGICAL DATA (WS FORM: F-6) , PAGE 2
STATION: BOISE ID
MONTH: JULY
YEAR: 2020
LATITUDE: 43 34 N
LONGITUDE: 116 13 W
[TEMPERATURE DATA] [PRECIPITATION DATA] SYMBOLS USED IN COLUMN 16
AVERAGE MONTHLY: 75.7 TOTAL FOR MONTH: 0.08 1 = FOG OR MIST
DPTR FM NORMAL: -0.1 DPTR FM NORMAL: -0.25 2 = FOG REDUCING VISIBILITY
HIGHEST: 105 ON 30 GRTST 24HR 0.13 ON 28-28 TO 1/4 MILE OR LESS
LOWEST: 49 ON 2 3 = THUNDER
SNOW, ICE PELLETS, HAIL 4 = ICE PELLETS
TOTAL MONTH: 0.0 INCH 5 = HAIL
GRTST 24HR 0.0 6 = FREEZING RAIN OR DRIZZLE
GRTST DEPTH: 0 7 = DUSTSTORM OR SANDSTORM:
VSBY 1/2 MILE OR LESS
8 = SMOKE OR HAZE
[NO. OF DAYS WITH] [WEATHER - DAYS WITH] 9 = BLOWING SNOW
X = TORNADO
MAX 32 OR BELOW: 0 0.01 INCH OR MORE: 2
MAX 90 OR ABOVE: 21 0.10 INCH OR MORE: 0
MIN 32 OR BELOW: 0 0.50 INCH OR MORE: 0
MIN 0 OR BELOW: 0 1.00 INCH OR MORE: 0
[HDD (BASE 65) ]
TOTAL THIS MO. 1 CLEAR (SCALE 0-3) 31
DPTR FM NORMAL -7 PTCLDY (SCALE 4-7) 0
TOTAL FM JUL 1 1 CLOUDY (SCALE 8-10) 0
DPTR FM NORMAL -3
[CDD (BASE 65) ]
TOTAL THIS MO. 340
DPTR FM NORMAL -2 [PRESSURE DATA]
TOTAL FM JAN 1 535 HIGHEST SLP 30.10 ON 10
DPTR FM NORMAL 10 LOWEST SLP 29.59 ON 6
[REMARKS]
#FINAL-07-20#