000
CXUS54 KMAF 011210
CF6BPG
PRELIMINARY LOCAL CLIMATOLOGICAL DATA (WS FORM: F-6)
STATION: BIG SPRING MCMAHON-WRINKLE FI
MONTH: FEBRUARY
YEAR: 2024
LATITUDE: 32 12 N
LONGITUDE: 101 31 W
TEMPERATURE IN F: :PCPN: SNOW: WIND :SUNSHINE: SKY :PK WND
================================================================================
1 2 3 4 5 6A 6B 7 8 9 10 11 12 13 14 15 16 17 18
12Z AVG MX 2MIN
DY MAX MIN AVG DEP HDD CDD WTR SNW DPTH SPD SPD DIR MIN PSBL S-S WX SPD DR
================================================================================
1 76 45 61 M 4 0 M M M 10.8 15 240 M M 0 23 240
2 76 52 64 M 1 0 M M M 14.5 21 200 M M 2 8 28 200
3 63 40 52 M 13 0 M M M 18.2 30 280 M M 1 41 250
4 64 42 53 M 12 0 M M M 18.9 25 330 M M 2 32 330
5 60 36 48 M 17 0 M M M 6.6 14 20 M M 3 M M
6 64 33 49 M 16 0 M M M 9.9 17 160 M M 0 20 170
7 65 48 57 M 8 0 M M M 16.4 28 170 M M 2 8 37 180
8 61 40 51 M 14 0 M M M 12.8 20 230 M M 1 24 240
9 66 42 54 M 11 0 M M M 9.1 21 280 M M 0 28 280
10 68 44 56 M 9 0 0.01 M M 10.7 23 60 M M 3 35 40
11 50 33 42 M 23 0 0.08 M M 14.7 21 340 M M 9 1 23 350
12 57 29 43 M 22 0 M M M 7.3 13 290 M M 1 M M
13 67 29 48 M 17 0 M M M 8.7 18 210 M M 0 24 180
14 73 39 56 M 9 0 M M M 12.7 18 210 M M 0 25 230
15 73 40 57 M 8 0 M M M 9.1 14 160 M M 0 1 20 210
16 58 38 48 M 17 0 M M M 14.1 22 10 M M 1 28 40
17 40 28 34 M 31 0 M M M 15.8 22 50 M M 6 28 40
18 55 20 38 M 27 0 M M M 7.1 15 170 M M 0 18 190
19 77 33 55 M 10 0 M M M 9.4 17 280 M M 0 24 280
20 82 43 63 M 2 0 M M M 10.4 20 220 M M 0 25 240
21 88 42 65 M 0 0 M M M 12.9 29 180 M M 0 33 180
22 73 42 58 M 7 0 M M M 10.7 23 300 M M 0 30 290
23 69 37 53 M 12 0 M M M 6.6 15 60 M M 0 M M
24 78 40 59 M 6 0 M M M 12.4 22 170 M M 0 26 170
25 85 44 65 M 0 0 M M M 11.2 24 290 M M 0 30 280
26 88 50 69 M 0 4 M M M 10.8 24 250 M M 0 36 250
27 80 57 69 M 0 4 M M M 14.4 29 260 M M 1 8 44 260
28 72 39 56 M 9 0 M M M 15.2 32 30 M M 1 8 39 30
29 52 34 43 M 22 0 0.22 M M 9.4 14 190 M M 5 21 130
================================================================================
SM 1980 1139 327 8 0.31 M 340.8 M 38
================================================================================
AV 68.3 39.3 11.8 FASTST M M 1 MAX(MPH)
MISC ----> 32 30 44 260
================================================================================
NOTES:
# LAST OF SEVERAL OCCURRENCES
COLUMN 17 PEAK WIND IN M.P.H.
PRELIMINARY LOCAL CLIMATOLOGICAL DATA (WS FORM: F-6) , PAGE 2
STATION: BIG SPRING MCMAHON-WRINKLE FI
MONTH: FEBRUARY
YEAR: 2024
LATITUDE: 32 12 N
LONGITUDE: 101 31 W
[TEMPERATURE DATA] [PRECIPITATION DATA] SYMBOLS USED IN COLUMN 16
AVERAGE MONTHLY: 53.8 TOTAL FOR MONTH: 0.31 1 = FOG OR MIST
DPTR FM NORMAL: 0.0 DPTR FM NORMAL: M 2 = FOG REDUCING VISIBILITY
HIGHEST: 88 ON 26,21 GRTST 24HR 0.22 ON 29-29 TO 1/4 MILE OR LESS
LOWEST: 20 ON 18 3 = THUNDER
SNOW, ICE PELLETS, HAIL 4 = ICE PELLETS
TOTAL MONTH: M 5 = HAIL
GRTST 24HR M ON M 6 = FREEZING RAIN OR DRIZZLE
GRTST DEPTH: M ON M 7 = DUSTSTORM OR SANDSTORM:
VSBY 1/2 MILE OR LESS
8 = SMOKE OR HAZE
[NO. OF DAYS WITH] [WEATHER - DAYS WITH] 9 = BLOWING SNOW
X = TORNADO
MAX 32 OR BELOW: 0 0.01 INCH OR MORE: 3
MAX 90 OR ABOVE: 0 0.10 INCH OR MORE: 1
MIN 32 OR BELOW: 4 0.50 INCH OR MORE: 0
MIN 0 OR BELOW: 0 1.00 INCH OR MORE: 0
[HDD (BASE 65) ]
TOTAL THIS MO. 327 CLEAR (SCALE 0-3) 26
DPTR FM NORMAL M PTCLDY (SCALE 4-7) 2
TOTAL FM JUL 1 1940 CLOUDY (SCALE 8-10) 1
DPTR FM NORMAL M
[CDD (BASE 65) ]
TOTAL THIS MO. 8
DPTR FM NORMAL M [PRESSURE DATA]
TOTAL FM JAN 1 8 HIGHEST SLP M ON M
DPTR FM NORMAL M LOWEST SLP M ON M
[REMARKS]
#FINAL-02-24#