000
CXUS54 KMAF 040137
CF6BPG
PRELIMINARY LOCAL CLIMATOLOGICAL DATA (WS FORM: F-6)
STATION: BIG SPRING MCMAHON-WRINKLE FI
MONTH: JULY
YEAR: 2021
LATITUDE: 32 12 N
LONGITUDE: 101 31 W
TEMPERATURE IN F: :PCPN: SNOW: WIND :SUNSHINE: SKY :PK WND
================================================================================
1 2 3 4 5 6A 6B 7 8 9 10 11 12 13 14 15 16 17 18
12Z AVG MX 2MIN
DY MAX MIN AVG DEP HDD CDD WTR SNW DPTH SPD SPD DIR MIN PSBL S-S WX SPD DR
================================================================================
1 89 70 80 M 0 15 M M M 7.4 12 160 M M 2 8 17 120
2 85 70 78 M 0 13 0.01 M M 9.2 14 90 M M 2 18 80
3 82 69 76 M 0 11 1.71 M M 5.4 18 220 M M 6 13 25 220
4 91 71 81 M 0 16 M M M 6.1 12 100 M M 2 17 100
5 86 72 79 M 0 14 0.02 M M 8.0 21 110 M M 3 M M
6 85 70 78 M 0 13 M M M 6.9 15 60 M M 6 22 80
7 87 69 78 M 0 13 M M M 6.1 15 110 M M 2 18 110
8 90 69 80 M 0 15 M M M 4.7 10 100 M M 1 M M
9 88 68 78 M 0 13 M M M 6.8 12 100 M M 1 18 80
10 89 70 80 M 0 15 M M M 10.3 16 160 M M 4 20 190
11 88 69 79 M 0 14 0.02 M M 9.0 15 100 M M 3 21 80
12 86 65 76 M 0 11 0.01 M M 5.5 17 90 M M 3 31 150
13 89 67 78 M 0 13 M M M 11.2 17 140 M M 1 26 150
14 90 65 78 M 0 13 M M M 14.2 22 180 M M 1 31 180
15 94 69 82 M 0 17 M M M 14.3 22 170 M M 1 26 190
16 94 72 83 M 0 18 M M M 11.5 16 180 M M 3 22 180
17 92 73 83 M 0 18 M M M 10.9 16 180 M M 1 8 21 180
18 92 71 82 M 0 17 M M M 6.5 12 160 M M 2 M M
19 88 71 80 M 0 15 M M M 8.2 12 50 M M 2 M M
20 87 67 77 M 0 12 M M M 8.7 16 40 M M 2 21 40
21 88 64 76 M 0 11 M M M 5.4 9 110 M M 2 17 110
22 91 65 78 M 0 13 M M M 10.2 16 140 M M 2 20 160
23 96 70 83 M 0 18 M M M 12.9 18 180 M M 3 21 170
24 99 70 85 M 0 20 0.01 M M 9.7 18 150 M M 1 3 24 120
25 98 74 86 M 0 21 M M M 7.9 15 180 M M 1 18 130
26 99 69 84 M 0 19 M M M 7.3 14 110 M M 1 20 130
27 98 69 84 M 0 19 M M M 6.2 12 100 M M 0 M M
28 88 68 78 M 0 13 0.56 M M 8.4 18 180 M M 3 13 22 170
29 92 67 80 M 0 15 M M M 5.0 10 140 M M 1 M M
30 94 70 82 M 0 17 M M M 7.1 10 100 M M 1 M M
31 96 73 85 M 0 20 M M M 8.2 13 190 M M 1 18 230
================================================================================
SM 2811 2146 0 472 2.34 M 259.3 M 64
================================================================================
AV 90.7 69.2 8.4 FASTST M M 2 MAX(MPH)
MISC ----> # 22 180 # 31 150
================================================================================
NOTES:
# LAST OF SEVERAL OCCURRENCES
COLUMN 17 PEAK WIND IN M.P.H.
PRELIMINARY LOCAL CLIMATOLOGICAL DATA (WS FORM: F-6) , PAGE 2
STATION: BIG SPRING MCMAHON-WRINKLE FI
MONTH: JULY
YEAR: 2021
LATITUDE: 32 12 N
LONGITUDE: 101 31 W
[TEMPERATURE DATA] [PRECIPITATION DATA] SYMBOLS USED IN COLUMN 16
AVERAGE MONTHLY: 80.0 TOTAL FOR MONTH: 2.34 1 = FOG OR MIST
DPTR FM NORMAL: 0.0 DPTR FM NORMAL: M 2 = FOG REDUCING VISIBILITY
HIGHEST: 99 ON 26,24 GRTST 24HR 1.71 ON 3- 3 TO 1/4 MILE OR LESS
LOWEST: 64 ON 21 3 = THUNDER
SNOW, ICE PELLETS, HAIL 4 = ICE PELLETS
TOTAL MONTH: M 5 = HAIL
GRTST 24HR M ON M 6 = FREEZING RAIN OR DRIZZLE
GRTST DEPTH: M ON M 7 = DUSTSTORM OR SANDSTORM:
VSBY 1/2 MILE OR LESS
8 = SMOKE OR HAZE
[NO. OF DAYS WITH] [WEATHER - DAYS WITH] 9 = BLOWING SNOW
X = TORNADO
MAX 32 OR BELOW: 0 0.01 INCH OR MORE: 7
MAX 90 OR ABOVE: 16 0.10 INCH OR MORE: 2
MIN 32 OR BELOW: 0 0.50 INCH OR MORE: 2
MIN 0 OR BELOW: 0 1.00 INCH OR MORE: 1
[HDD (BASE 65) ]
TOTAL THIS MO. 0 CLEAR (SCALE 0-3) 27
DPTR FM NORMAL M PTCLDY (SCALE 4-7) 4
TOTAL FM JUL 1 0 CLOUDY (SCALE 8-10) 0
DPTR FM NORMAL M
[CDD (BASE 65) ]
TOTAL THIS MO. 472
DPTR FM NORMAL M [PRESSURE DATA]
TOTAL FM JAN 1 1239 HIGHEST SLP M ON M
DPTR FM NORMAL M LOWEST SLP M ON M
[REMARKS]
#FINAL-07-21#