000
CXUS54 KLCH 010830
CF6BPT
PRELIMINARY LOCAL CLIMATOLOGICAL DATA (WS FORM: F-6)
STATION: BEAUMONT PORT ARTHUR
MONTH: MAY
YEAR: 2022
LATITUDE: 29 57 N
LONGITUDE: 94 1 W
TEMPERATURE IN F: :PCPN: SNOW: WIND :SUNSHINE: SKY :PK WND
================================================================================
1 2 3 4 5 6A 6B 7 8 9 10 11 12 13 14 15 16 17 18
12Z AVG MX 2MIN
DY MAX MIN AVG DEP HDD CDD WTR SNW DPTH SPD SPD DIR MIN PSBL S-S WX SPD DR
================================================================================
1 88 70 79 6 0 14 0.01 0.0 M 8.1 17 150 M M 4 1 24 160
2 85 73 79 6 0 14 T 0.0 M 13.4 28 140 M M 7 38 150
3 87 72 80 7 0 15 0.01 0.0 0 10.9 20 150 M M 6 1 28 170
4 87 74 81 7 0 16 0.00 0.0 0 13.5 22 140 M M 6 29 150
5 86 66 76 2 0 11 0.60 0.0 M 13.2 31 160 M M 6 13 41 180
6 89 60 75 1 0 10 0.00 0.0 M 4.7 14 200 M M 2 1 20 190
7 88 70 79 5 0 14 0.00 0.0 M 7.1 15 170 M M 6 13 20 170
8 88 76 82 8 0 17 0.00 0.0 M 10.6 18 160 M M 6 18 24 160
9 89 76 83 8 0 18 0.00 0.0 M 14.0 22 140 M M 6 28 140
10 89 74 82 7 0 17 0.00 0.0 M 11.4 17 170 M M 3 25 150
11 88 67 78 3 0 13 0.00 0.0 M 7.8 18 120 M M 1 1 28 100
12 90 65 78 2 0 13 0.00 0.0 M 4.6 15 180 M M 1 12 25 120
13 89 65 77 1 0 12 0.00 0.0 M 5.9 16 190 M M 1 1 23 200
14 89 66 78 2 0 13 0.00 0.0 M 5.8 18 180 M M 1 28 190
15 90 65 78 2 0 13 0.00 0.0 M 6.4 18 190 M M 2 1 26 200
16 90 68 79 2 0 14 0.00 0.0 M 6.8 17 250 M M 1 1 24 250
17 91 68 80 3 0 15 0.00 0.0 M 5.6 16 170 M M 4 12 21 200
18 90 72 81 4 0 16 0.00 0.0 M 10.4 20 180 M M 1 27 180
19 91 74 83 6 0 18 0.00 0.0 M 13.1 23 170 M M 3 30 170
20 90 75 83 5 0 18 0.00 0.0 M 16.7 26 140 M M 5 39 140
21 91 79 85 7 0 20 T 0.0 M 15.0 31 140 M M 9 42 150
22 83 68 76 -2 0 11 0.50 0.0 M 9.9 28 350 M M 5 13 35 80
23 79 70 75 -3 0 10 0.00 0.0 M 8.0 15 40 M M 7 20 50
24 81 69 75 -3 0 10 0.87 0.0 M 8.3 18 170 M M 8 13 35 150
25 85 63 74 -5 0 9 0.62 0.0 M 7.0 41 310 M M M 13 62 300
26 91 58 75 -4 0 10 0.00 0.0 M 6.6 18 310 M M 0 1 25 270
27 93 68 81 2 0 16 0.00 0.0 M 7.7 17 310 M M 1 26 240
28 91 62 77 -2 0 12 0.00 0.0 0 4.6 15 110 M M 0 19 100
29 89 69 79 -1 0 14 0.00 0.0 0 10.1 18 170 M M 3 12 26 180
30 89 75 82 2 0 17 0.00 0.0 0 14.6 23 170 M M M 31 160
31 90 77 84 4 0 19 0.00 0.0 M 12.5 21 130 M M 6 26 130
================================================================================
SM 2736 2154 0 439 2.61 0.0 294.3 M 111
================================================================================
AV 88.3 69.5 9.5 FASTST M M 4 MAX(MPH)
MISC ----> 41 310 62 300
================================================================================
NOTES:
# LAST OF SEVERAL OCCURRENCES
COLUMN 17 PEAK WIND IN M.P.H.
PRELIMINARY LOCAL CLIMATOLOGICAL DATA (WS FORM: F-6) , PAGE 2
STATION: BEAUMONT PORT ARTHUR
MONTH: MAY
YEAR: 2022
LATITUDE: 29 57 N
LONGITUDE: 94 1 W
[TEMPERATURE DATA] [PRECIPITATION DATA] SYMBOLS USED IN COLUMN 16
AVERAGE MONTHLY: 78.9 TOTAL FOR MONTH: 2.61 1 = FOG OR MIST
DPTR FM NORMAL: 2.4 DPTR FM NORMAL: -2.09 2 = FOG REDUCING VISIBILITY
HIGHEST: 93 ON 27 GRTST 24HR 0.87 ON 24-24 TO 1/4 MILE OR LESS
LOWEST: 58 ON 26 3 = THUNDER
SNOW, ICE PELLETS, HAIL 4 = ICE PELLETS
TOTAL MONTH: 0.0 INCH 5 = HAIL
GRTST 24HR 0.0 6 = FREEZING RAIN OR DRIZZLE
GRTST DEPTH: 0 7 = DUSTSTORM OR SANDSTORM:
VSBY 1/2 MILE OR LESS
8 = SMOKE OR HAZE
[NO. OF DAYS WITH] [WEATHER - DAYS WITH] 9 = BLOWING SNOW
X = TORNADO
MAX 32 OR BELOW: 0 0.01 INCH OR MORE: 6
MAX 90 OR ABOVE: 12 0.10 INCH OR MORE: 4
MIN 32 OR BELOW: 0 0.50 INCH OR MORE: 4
MIN 0 OR BELOW: 0 1.00 INCH OR MORE: 0
[HDD (BASE 65) ]
TOTAL THIS MO. 0 CLEAR (SCALE 0-3) 14
DPTR FM NORMAL -2 PTCLDY (SCALE 4-7) 14
TOTAL FM JUL 1 1138 CLOUDY (SCALE 8-10) 3
DPTR FM NORMAL -122
[CDD (BASE 65) ]
TOTAL THIS MO. 439
DPTR FM NORMAL 81 [PRESSURE DATA]
TOTAL FM JAN 1 737 HIGHEST SLP 30.17 ON 22
DPTR FM NORMAL 104 LOWEST SLP 29.70 ON 24
[REMARKS]
#FINAL-05-22#