000
CXUS55 KDVN 011000
CF6BRL
PRELIMINARY LOCAL CLIMATOLOGICAL DATA (WS FORM: F-6)
STATION: BURLINGTON IA
MONTH: APRIL
YEAR: 2023
LATITUDE: 40 46 N
LONGITUDE: 91 7 W
TEMPERATURE IN F: :PCPN: SNOW: WIND :SUNSHINE: SKY :PK WND
================================================================================
1 2 3 4 5 6A 6B 7 8 9 10 11 12 13 14 15 16 17 18
12Z AVG MX 2MIN
DY MAX MIN AVG DEP HDD CDD WTR SNW DPTH SPD SPD DIR MIN PSBL S-S WX SPD DR
================================================================================
1 51 33 42 -5 23 0 T M M 13.8 31 290 M M 5 8 51 300
2 69 32 51 3 14 0 0.00 M M 11.3 25 200 M M 0 36 190
3 69 46 58 10 7 0 0.00 M M 13.9 28 50 M M 6 40 40
4 86 45 66 18 0 1 T M M 14.2 26 180 M M 5 13 37 170
5 72 36 54 5 11 0 0.23 M M 11.0 26 270 M M 4 13 43 270
6 53 28 41 -8 24 0 0.00 M M 5.2 14 290 M M 0 19 300
7 61 31 46 -3 19 0 0.00 M M 5.7 14 130 M M 0 20 180
8 66 35 51 1 14 0 0.00 M M 8.0 16 180 M M 0 24 170
9 70 43 57 7 8 0 0.00 M M 10.3 22 180 M M 0 28 170
10 73 45 59 9 6 0 0.00 M M 6.8 17 210 M M 0 8 21 200
11 79 48 64 13 1 0 0.00 M M 9.4 21 230 M M 0 8 32 210
12 80 51 66 15 0 1 0.00 M M 12.8 25 210 M M 0 8 35 240
13 79 50 65 13 0 0 0.00 M M 9.5 21 180 M M 0 8 31 220
14 82 54 68 16 0 3 0.00 M M 7.7 20 210 M M 0 24 180
15 74 42 58 6 7 0 0.33 M M 10.9 25 280 M M 4 13 43 290
16 42 36 39 -14 26 0 0.19 M M 15.7 30 290 M M 10 1 46 280
17 59 37 48 -5 17 0 T M M 15.7 26 300 M M 1 43 290
18 63 33 48 -5 17 0 0.00 M M 7.2 14 100 M M 1 22 100
19 79 51 65 11 0 0 0.00 M M 10.3 22 210 M M 7 8 28 170
20 77 40 59 5 6 0 0.19 M M 11.9 33 220 M M 4 13 49 220
21 60 37 49 -5 16 0 0.00 M M 9.3 25 240 M M 3 38 220
22 44 34 39 -16 26 0 T M M 11.7 21 310 M M 8 32 310
23 48 30 39 -16 26 0 0.00 M M 6.3 15 270 M M 6 24 290
24 60 28 44 -11 21 0 0.18 M M 4.9 17 200 M M 7 1 25 240
25 59 41 50 -6 15 0 0.03 M M 7.4 15 40 M M 6 1 20 40
26 58 36 47 -9 18 0 0.00 M M 6.9 14 90 M M 0 20 100
27 68 39 54 -2 11 0 0.00 M M 5.3 12 170 M M 0 17 110
28 72 41 57 0 8 0 0.00 M M 5.2 13 320 M M 1 20 310
29 62 41 52 -5 13 0 0.06 M M 11.3 24 300 M M 6 1 34 280
30 52 41 47 -11 18 0 0.00 M M 14.4 26 290 M M 8 40 320
================================================================================
SM 1967 1184 372 5 1.21 M 294.0 M 92
================================================================================
AV 65.6 39.5 9.8 FASTST M M 3 MAX(MPH)
MISC ----> 33 220 51 300
================================================================================
NOTES:
# LAST OF SEVERAL OCCURRENCES
COLUMN 17 PEAK WIND IN M.P.H.
PRELIMINARY LOCAL CLIMATOLOGICAL DATA (WS FORM: F-6) , PAGE 2
STATION: BURLINGTON IA
MONTH: APRIL
YEAR: 2023
LATITUDE: 40 46 N
LONGITUDE: 91 7 W
[TEMPERATURE DATA] [PRECIPITATION DATA] SYMBOLS USED IN COLUMN 16
AVERAGE MONTHLY: 52.5 TOTAL FOR MONTH: 1.21 1 = FOG OR MIST
DPTR FM NORMAL: 0.2 DPTR FM NORMAL: -2.71 2 = FOG REDUCING VISIBILITY
HIGHEST: 86 ON 4 GRTST 24HR 0.50 ON 15-16 TO 1/4 MILE OR LESS
LOWEST: 28 ON 24, 6 3 = THUNDER
SNOW, ICE PELLETS, HAIL 4 = ICE PELLETS
TOTAL MONTH: M 5 = HAIL
GRTST 24HR M ON M 6 = FREEZING RAIN OR DRIZZLE
GRTST DEPTH: M ON M 7 = DUSTSTORM OR SANDSTORM:
VSBY 1/2 MILE OR LESS
8 = SMOKE OR HAZE
[NO. OF DAYS WITH] [WEATHER - DAYS WITH] 9 = BLOWING SNOW
X = TORNADO
MAX 32 OR BELOW: 0 0.01 INCH OR MORE: 7
MAX 90 OR ABOVE: 0 0.10 INCH OR MORE: 5
MIN 32 OR BELOW: 5 0.50 INCH OR MORE: 0
MIN 0 OR BELOW: 0 1.00 INCH OR MORE: 0
[HDD (BASE 65) ]
TOTAL THIS MO. 372 CLEAR (SCALE 0-3) 16
DPTR FM NORMAL -19 PTCLDY (SCALE 4-7) 13
TOTAL FM JUL 1 5417 CLOUDY (SCALE 8-10) 1
DPTR FM NORMAL -247
[CDD (BASE 65) ]
TOTAL THIS MO. 5
DPTR FM NORMAL -6 [PRESSURE DATA]
TOTAL FM JAN 1 5 HIGHEST SLP 30.52 ON 7
DPTR FM NORMAL -8 LOWEST SLP 29.36 ON 4
[REMARKS]
#FINAL-04-23#