000
CXUS53 KDVN 011808
CLMBRL
CLIMATE REPORT
NATIONAL WEATHER SERVICE QUAD CITIES IA IL
108 PM CDT SAT APR 01 2023
...................................
...THE BURLINGTON IA CLIMATE SUMMARY FOR THE MONTH OF MARCH 2023...
CLIMATE NORMAL PERIOD 1991 TO 2020
CLIMATE RECORD PERIOD 1897 TO 2023
WEATHER OBSERVED NORMAL DEPART LAST YEAR`S
VALUE DATE(S) VALUE FROM VALUE
NORMAL
..............................................................
TEMPERATURE (F)
RECORD
HIGH 88 03/29/1986
03/23/1910
03/21/1907
LOW -13 03/05/1960
HIGHEST 74 03/31 59 15
LOWEST 11 03/18 26 -15
AVG. MAXIMUM 48.5 50.2 -1.7
AVG. MINIMUM 30.5 31.1 -0.6
MEAN 39.5 40.7 -1.2
DAYS MAX >= 90 0
DAYS MAX <= 32 1
DAYS MIN <= 32 19
DAYS MIN <= 0 0
PRECIPITATION (INCHES)
TOTALS 2.99 2.43 0.56
DAILY AVG. 0.10 0.08 0.02
DAYS >= .01 9
DAYS >= .10 7
DAYS >= .50 2
DAYS >= 1.00 0
GREATEST
24 HR. TOTAL 0.89 03/24 TO 03/25
DEGREE DAYS
HEATING TOTAL 784 757 27
SINCE 7/1 5045 5273 -228
COOLING TOTAL 0 2 -2
SINCE 1/1 0 2 -2
..............................................................
WIND (MPH)
AVERAGE WIND SPEED 10.4
HIGHEST WIND SPEED/DIRECTION 38/250 DATE 03/31
HIGHEST GUST SPEED/DIRECTION 59/240 DATE 03/31
SKY COVER
POSSIBLE SUNSHINE (PERCENT) MM
AVERAGE SKY COVER 0.55
NUMBER OF DAYS FAIR 8
NUMBER OF DAYS PC 15
NUMBER OF DAYS CLOUDY 8
AVERAGE RH (PERCENT) 69
WEATHER CONDITIONS. NUMBER OF DAYS WITH
THUNDERSTORM 4 HAIL 0
SLEET 0 FOG 14
FOG W/VIS <= 1/4 MILE 2 HAZE 3
- INDICATES NEGATIVE NUMBERS.
R INDICATES RECORD WAS SET OR TIED.
MM INDICATES DATA IS MISSING.
T INDICATES TRACE AMOUNT.
NOTE: SUPPLEMENTAL CLIMATE DATA WAS USED FROM A NEARBY
CLIMATOLOGICALLY REPRESENTATIVE STATION.
$$