000
CXAK56 PAFG 010951
CF6BRW
PRELIMINARY LOCAL CLIMATOLOGICAL DATA (WS FORM: F-6)
STATION: UTQIAGVIK (BARROW) AK
MONTH: APRIL
YEAR: 2023
LATITUDE: 71 17 N
LONGITUDE: 156 47 W
TEMPERATURE IN F: :PCPN: SNOW: WIND :SUNSHINE: SKY :PK WND
================================================================================
1 2 3 4 5 6A 6B 7 8 9 10 11 12 13 14 15 16 17 18
12Z AVG MX 2MIN
DY MAX MIN AVG DEP HDD CDD WTR SNW DPTH SPD SPD DIR MIN PSBL S-S WX SPD DR
================================================================================
1 5 -6 0 5 65 0 T M M 7.4 17 100 M M 8 12 20 100
2 8 -4 2 6 63 0 T M M 14.4 21 110 M M 9 18 23 100
3 7 -4 2 6 63 0 0.01 M M 12.9 18 250 M M 9 18 21 250
4 -2 -9 -5 -2 70 0 T M M 12.3 18 270 M M 6 18 21 280
5 -4 -11 -7 -4 72 0 0.02 M M 9.9 16 280 M M 9 18 18 270
6 -7 -19 -13 -11 78 0 T M M 3.4 10 350 M M 2 18 11 350
7 -4 -21 -12 -10 77 0 0.07 M M 9.2 15 260 M M 7 89 18 270
8 -13 -28 -20 -19 85 0 0.00 M M 9.2 14 200 M M 0 8 18 220
9 1 -23 -11 -11 76 0 0.12 M M 8.8 18 10 M M 9 18 23 360
10 2 -12 -5 -5 70 0 0.07 M M 11.1 17 260 M M 8 18 21 260
11 -5 -23 -14 -15 79 0 T M M 9.1 13 230 M M 4 18 15 230
12 -3 -12 -7 -9 72 0 0.00 M M 9.6 14 320 M M 4 18 19 330
13 2 -13 -5 -8 70 0 0.00 M M 10.3 17 330 M M 0 18 21 340
14 -1 -14 -7 -10 72 0 T M M 8.7 14 330 M M 1 1 20 340
15 -3 -15 -9 -13 74 0 0.00 M M 7.7 14 330 M M 0 18 19 340
16 -1 -12 -6 -11 71 0 0.00 M M 8.3 17 340 M M 2 1 25 340
17 1 -21 -10 -16 75 0 0.00 M M 12.7 16 280 M M 0 18 24 280
18 2 -18 -8 -14 73 0 0.00 M M 11.0 17 150 M M 0 21 160
19 19 -11 4 -3 61 0 0.00 M M 8.4 14 160 M M 8 18 300
20 18 11 15 7 50 0 0.00 M M 8.1 15 110 M M 9 17 110
21 18 -1 9 1 56 0 T M M 16.5 25 30 M M 6 18 32 40
22 5 -6 0 -9 65 0 0.00 M M 15.9 21 40 M M 0 18 25 50
23 7 -4 2 -8 63 0 0.01 M M 9.8 18 60 M M 4 189 23 50
24 10 0 5 -6 60 0 T M M 7.0 15 30 M M 7 18 19 40
25 13 -3 5 -6 60 0 0.01 M M 3.2 12 300 M M 3 128 17 330
26 4 -7 -1 -13 66 0 0.02 M M 6.9 12 240 M M 9 128 13 80
27 13 1 7 -6 58 0 T M M 15.2 21 60 M M 9 18 24 40
28 8 2 5 -8 60 0 T M M 12.7 21 60 M M 7 18 22 50
29 14 5 10 -4 55 0 T M M 17.8 24 60 M M 10 1 30 60
30 14 4 9 -6 56 0 T M M 15.0 21 80 M M 8 189 29 70
================================================================================
SM 128 -274 2015 0 0.33 M 312.5 M 158
================================================================================
AV 4.3 -9.1 10.4 FASTST M M 5 MAX(MPH)
MISC ----> 25 30 32 40
================================================================================
NOTES:
# LAST OF SEVERAL OCCURRENCES
COLUMN 17 PEAK WIND IN M.P.H.
PRELIMINARY LOCAL CLIMATOLOGICAL DATA (WS FORM: F-6) , PAGE 2
STATION: UTQIAGVIK (BARROW) AK
MONTH: APRIL
YEAR: 2023
LATITUDE: 71 17 N
LONGITUDE: 156 47 W
[TEMPERATURE DATA] [PRECIPITATION DATA] SYMBOLS USED IN COLUMN 16
AVERAGE MONTHLY: -2.4 TOTAL FOR MONTH: 0.33 1 = FOG OR MIST
DPTR FM NORMAL: -7.0 DPTR FM NORMAL: 0.15 2 = FOG REDUCING VISIBILITY
HIGHEST: 19 ON 19 GRTST 24HR 0.13 ON 9-10 TO 1/4 MILE OR LESS
LOWEST: -28 ON 8 3 = THUNDER
SNOW, ICE PELLETS, HAIL 4 = ICE PELLETS
TOTAL MONTH: M 5 = HAIL
GRTST 24HR M ON M 6 = FREEZING RAIN OR DRIZZLE
GRTST DEPTH: M ON M 7 = DUSTSTORM OR SANDSTORM:
VSBY 1/2 MILE OR LESS
8 = SMOKE OR HAZE
[NO. OF DAYS WITH] [WEATHER - DAYS WITH] 9 = BLOWING SNOW
X = TORNADO
MAX 32 OR BELOW: 30 0.01 INCH OR MORE: 8
MAX 90 OR ABOVE: 0 0.10 INCH OR MORE: 1
MIN 32 OR BELOW: 30 0.50 INCH OR MORE: 0
MIN 0 OR BELOW: 25 1.00 INCH OR MORE: 0
[HDD (BASE 65) ]
TOTAL THIS MO. 2015 CLEAR (SCALE 0-3) 10
DPTR FM NORMAL 203 PTCLDY (SCALE 4-7) 12
TOTAL FM JUL 1 15528 CLOUDY (SCALE 8-10) 8
DPTR FM NORMAL -791
[CDD (BASE 65) ]
TOTAL THIS MO. 0
DPTR FM NORMAL 0 [PRESSURE DATA]
TOTAL FM JAN 1 0 HIGHEST SLP M ON M
DPTR FM NORMAL 0 LOWEST SLP 29.51 ON 7
[REMARKS]
#FINAL-04-23#