000
CXUS53 KGRR 011433
CLMBTL
CLIMATE REPORT
NATIONAL WEATHER SERVICE GRAND RAPIDS, MICHIGAN
1033 AM EDT SAT JUL 01 2023
...................................
...THE BATTLE CREEK CLIMATE SUMMARY FOR THE MONTH OF JUNE 2023...
CLIMATE NORMAL PERIOD: 1991 TO 2020
CLIMATE RECORD PERIOD: 1895 TO 2023
WEATHER OBSERVED NORMAL DEPART LAST YEAR`S
VALUE DATE(S) VALUE FROM VALUE DATE(S)
NORMAL
................................................................
TEMPERATURE (F)
RECORD
HIGH 101 06/28/1971
LOW 30 06/01/1993
HIGHEST 92 06/02 MM MM 95 06/14
06/21
LOWEST 45 06/07 MM MM 44 06/04
06/08
AVG. MAXIMUM 81.4 79.4 2.0 81.4
AVG. MINIMUM 56.3 58.4 -2.1 58.3
MEAN 68.8 68.9 -0.1 69.8
DAYS MAX >= 90 7 2.5 4.5 5
DAYS MAX <= 32 0 0.0 0.0 0
DAYS MIN <= 32 0 0.0 0.0 0
DAYS MIN <= 0 0 0.0 0.0 0
PRECIPITATION (INCHES)
RECORD
MAXIMUM 8.73 1978
MINIMUM 0.23 1984
TOTALS 1.17 3.41 -2.24 3.18
DAILY AVG. 0.04 0.11 -0.07 0.11
DAYS >= .01 4 11.3 -7.3 10
DAYS >= .10 3 6.3 -3.3 4
DAYS >= .50 0 2.4 -2.4 4
DAYS >= 1.00 0 0.6 -0.6 1
GREATEST
24 HR. TOTAL 0.82 06/25 TO 06/26
DEGREE DAYS
HEATING TOTAL 29 38 -9 19
SINCE 7/1 5648 6408 -760 MM
COOLING TOTAL 148 155 -7 174
SINCE 1/1 195 204 -9 MM
................................................................
WIND (MPH)
AVERAGE WIND SPEED 6.8
RESULTANT WIND SPEED/DIRECTION 1/360
HIGHEST WIND SPEED/DIRECTION 30/150 DATE 06/25
HIGHEST GUST SPEED/DIRECTION 43/140 DATE 06/25
SKY COVER
POSSIBLE SUNSHINE (PERCENT) MM
AVERAGE SKY COVER 0.37
NUMBER OF DAYS FAIR 16
NUMBER OF DAYS PC 7
NUMBER OF DAYS CLOUDY 7
AVERAGE RH (PERCENT) 61
WEATHER CONDITIONS. NUMBER OF DAYS WITH
THUNDERSTORM 2 MIXED PRECIP 0
HEAVY RAIN 1 RAIN 2
LIGHT RAIN 6 FREEZING RAIN 0
LT FREEZING RAIN 0 HAIL 0
HEAVY SNOW 0 SNOW 0
LIGHT SNOW 0 SLEET 0
FOG 12 FOG W/VIS <= 1/4 MILE 1
HAZE 12
- INDICATES NEGATIVE NUMBERS.
R INDICATES RECORD WAS SET OR TIED.
MM INDICATES DATA IS MISSING.
T INDICATES TRACE AMOUNT.
$$