111
CXUS53 KGRR 011653 RRA
CLSBTL
WRKCLSBTL 000
TTAA00 GRR 011636
CLIMATE REPORT
NATIONAL WEATHER SERVICE GRAND RAPIDS, MICHIGAN
1124 AM EST MON MAR 01 2021
...................................
...THE BATTLE CREEK CLIMATE SUMMARY FOR THE SEASON, FROM
12/1/2020 TO 2/28/2021...
CLIMATE NORMAL PERIOD: 1981 TO 2010
CLIMATE RECORD PERIOD: 1895 TO 2021
WEATHER OBSERVED NORMAL DEPART LAST YEAR`S
VALUE DATE(S) VALUE FROM VALUE DATE(S)
NORMAL
................................................................
TEMPERATURE (F)
RECORD
HIGH 70 02/11/1999
LOW -24 02/12/1899
HIGHEST 59 02/28 MM MM MM
LOWEST -12 02/17 MM MM MM
AVG. MAXIMUM 33.6 34.0 -0.4 MM
AVG. MINIMUM 20.8 17.6 3.2 MM
MEAN 27.2 25.8 1.4 MM
DAYS MAX >= 90 0 0.0 0.0 MM
DAYS MAX <= 32 40 38.0 2.0 MM
DAYS MIN <= 32 83 82.8 0.2 MM
DAYS MIN <= 0 3 6.6 -3.6 MM
PRECIPITATION (INCHES)
RECORD
MAXIMUM 12.83 1950
MINIMUM 1.26 2003
TOTALS 2.30 4.99 -2.69 MM
DAILY AVG. 0.03 0.06 -0.03 MM
DAYS >= .01 22 36.3 -14.3 MM
DAYS >= .10 6 14.7 -8.7 MM
DAYS >= .50 1 2.5 -1.5 MM
DAYS >= 1.00 0 0.3 -0.3 MM
GREATEST
24 HR. TOTAL 0.96 12/11 TO 12/12
STORM TOTAL MM MM
(MM/DD(HH))
DEGREE DAYS
HEATING TOTAL 3357 3527 -170 MM
SINCE 7/1 4572 4966 -394 MM
COOLING TOTAL 0 0 0 MM
SINCE 1/1 0 0 0 MM
FREEZE DATES
EARLIEST 10/18
LATEST 06/12
................................................................
WIND (MPH)
AVERAGE WIND SPEED 9.0
RESULTANT WIND SPEED/DIRECTION 3/250
HIGHEST WIND SPEED/DIRECTION 36/240 DATE 02/05
HIGHEST GUST SPEED/DIRECTION 53/250 DATE 02/05
SKY COVER
POSSIBLE SUNSHINE (PERCENT) MM
AVERAGE SKY COVER 0.70
NUMBER OF DAYS FAIR 17
NUMBER OF DAYS PC 21
NUMBER OF DAYS CLOUDY 52
AVERAGE RH (PERCENT) 75
WEATHER CONDITIONS. NUMBER OF DAYS WITH
THUNDERSTORM 0 MIXED PRECIP 0
HEAVY RAIN 0 RAIN 3
LIGHT RAIN 14 FREEZING RAIN 2
LT FREEZING RAIN 4 HAIL 0
HEAVY SNOW 3 SNOW 5
LIGHT SNOW 44 SLEET 0
FOG 59 FOG W/VIS <= 1/4 MILE 7
HAZE 41
- INDICATES NEGATIVE NUMBERS.
R INDICATES RECORD WAS SET OR TIED.
MM INDICATES DATA IS MISSING.
T INDICATES TRACE AMOUNT.
$$