849
CXUS54 KLIX 010910
CF6BTR
PRELIMINARY LOCAL CLIMATOLOGICAL DATA (WS FORM: F-6)
STATION: BATON ROUGE
MONTH: OCTOBER
YEAR: 2020
LATITUDE: 30 31 N
LONGITUDE: 91 9 W
TEMPERATURE IN F: :PCPN: SNOW: WIND :SUNSHINE: SKY :PK WND
================================================================================
1 2 3 4 5 6A 6B 7 8 9 10 11 12 13 14 15 16 17 18
12Z AVG MX 2MIN
DY MAX MIN AVG DEP HDD CDD WTR SNW DPTH SPD SPD DIR MIN PSBL S-S WX SPD DR
================================================================================
1 87 54 71 -3 0 6 0.00 0.0 M 4.1 13 350 M M 0 16 340
2 81 53 67 -7 0 2 0.00 0.0 M 4.4 12 20 M M 0 15 30
3 80 50 65 -8 0 0 0.00 0.0 M 3.5 13 70 M M 0 20 100
4 84 52 68 -5 0 3 0.00 0.0 M 4.3 14 350 M M 0 8 17 340
5 85 58 72 -1 0 7 0.00 0.0 M 6.5 12 350 M M 0 15 330
6 87 58 73 1 0 8 0.00 0.0 M 5.7 15 20 M M 2 18 70
7 90 68 79 7 0 14 0.00 0.0 M 5.7 13 50 M M 6 16 80
8 87 73 80 8 0 15 6.33 0.0 M 9.1 17 350 M M 6 13 24 10
9 81 73 77 6 0 12 2.71 0.0 M 18.8 43 170 M M 10 13 57 160
10 84 71 78 7 0 13 0.03 0.0 M 18.2 39 190 M M 5 1 52 190
11 87 M M M M M 0.00 0.0 M 7.1 15 260 M M 1 19 280
12 88 73 81 11 0 16 0.00 0.0 M 7.2 17 240 M M 6 22 270
13 86 61 74 4 0 9 0.00 0.0 M 6.2 10 30 M M 1 14 30
14 84 54 69 -1 0 4 0.00 0.0 M 2.4 9 230 M M 0 12 280
15 86 62 74 4 0 9 0.00 0.0 M 2.8 15 230 M M 3 18 18 220
16 72 56 64 -5 1 0 T 0.0 M 8.9 22 30 M M 7 1 27 10
17 76 50 63 -6 2 0 0.00 0.0 M 8.7 16 120 M M 0 20 120
18 84 57 71 2 0 6 0.00 0.0 M 6.7 14 150 M M 3 1 18 130
19 87 69 78 10 0 13 0.00 0.0 M 5.0 12 120 M M 6 1 15 100
20 88 69 79 11 0 14 0.00 0.0 M 5.9 13 90 M M 3 1 16 100
21 89 67 78 10 0 13 0.00 0.0 M 6.6 14 90 M M 1 18 70
22 87 67 77 9 0 12 0.00 0.0 M 8.0 14 130 M M 3 1 19 110
23 85 70 78 11 0 13 0.46 0.0 M 5.8 17 280 M M 8 123 23 140
24 73 57 65 -2 0 0 0.00 0.0 M 6.6 15 350 M M 10 1 17 340
25 77 54 66 -1 0 1 0.00 0.0 M 4.7 9 20 M M 6 1 12 320
26 83 62 73 7 0 8 0.00 0.0 M 5.9 13 110 M M 3 16 100
27 85 64 75 9 0 10 T 0.0 M 5.9 15 110 M M 7 1 20 110
28 81 66 74 8 0 9 0.40 0.0 M 10.9 24 70 M M 9 1 33 60
29 66 49 58 -8 7 0 T M M 12.1 23 270 M M 2 1 31 250
30 68 47 58 -7 7 0 0.00 0.0 M 8.0 17 10 M M 5 25 350
31 73 44 59 -6 6 0 0.00 0.0 M 1.8 8 210 M M 0 1 11 270
================================================================================
SM 2551 1808 23 217 9.93 0.0 217.5 M 113
================================================================================
AV 82.3 60.3 7.0 FASTST M M 4 MAX(MPH)
MISC ----> 43 170 57 160
================================================================================
NOTES:
# LAST OF SEVERAL OCCURRENCES
COLUMN 17 PEAK WIND IN M.P.H.
PRELIMINARY LOCAL CLIMATOLOGICAL DATA (WS FORM: F-6) , PAGE 2
STATION: BATON ROUGE
MONTH: OCTOBER
YEAR: 2020
LATITUDE: 30 31 N
LONGITUDE: 91 9 W
[TEMPERATURE DATA] [PRECIPITATION DATA] SYMBOLS USED IN COLUMN 16
AVERAGE MONTHLY: 71.3 TOTAL FOR MONTH: 9.93 1 = FOG OR MIST
DPTR FM NORMAL: 2.0 DPTR FM NORMAL: 5.23 2 = FOG REDUCING VISIBILITY
HIGHEST: 90 ON 7 GRTST 24HR 8.92 ON 8- 9 TO 1/4 MILE OR LESS
LOWEST: 44 ON 31 3 = THUNDER
SNOW, ICE PELLETS, HAIL 4 = ICE PELLETS
TOTAL MONTH: 0.0 INCH 5 = HAIL
GRTST 24HR 0.0 6 = FREEZING RAIN OR DRIZZLE
GRTST DEPTH: M ON M 7 = DUSTSTORM OR SANDSTORM:
VSBY 1/2 MILE OR LESS
8 = SMOKE OR HAZE
[NO. OF DAYS WITH] [WEATHER - DAYS WITH] 9 = BLOWING SNOW
X = TORNADO
MAX 32 OR BELOW: 0 0.01 INCH OR MORE: 5
MAX 90 OR ABOVE: 1 0.10 INCH OR MORE: 4
MIN 32 OR BELOW: 0 0.50 INCH OR MORE: 2
MIN 0 OR BELOW: 0 1.00 INCH OR MORE: 2
[HDD (BASE 65) ]
TOTAL THIS MO. 23 CLEAR (SCALE 0-3) 16
DPTR FM NORMAL -21 PTCLDY (SCALE 4-7) 12
TOTAL FM JUL 1 23 CLOUDY (SCALE 8-10) 3
DPTR FM NORMAL -23
[CDD (BASE 65) ]
TOTAL THIS MO. 217
DPTR FM NORMAL 38 [PRESSURE DATA]
TOTAL FM JAN 1 3015 HIGHEST SLP 30.26 ON 31
DPTR FM NORMAL 265 LOWEST SLP 29.41 ON 9
[REMARKS]
#FINAL-10-20#