000
CXUS54 KLIX 010910
CF6BTR
PRELIMINARY LOCAL CLIMATOLOGICAL DATA (WS FORM: F-6)
STATION: BATON ROUGE
MONTH: NOVEMBER
YEAR: 2023
LATITUDE: 30 31 N
LONGITUDE: 91 9 W
TEMPERATURE IN F: :PCPN: SNOW: WIND :SUNSHINE: SKY :PK WND
================================================================================
1 2 3 4 5 6A 6B 7 8 9 10 11 12 13 14 15 16 17 18
12Z AVG MX 2MIN
DY MAX MIN AVG DEP HDD CDD WTR SNW DPTH SPD SPD DIR MIN PSBL S-S WX SPD DR
================================================================================
1 62 37 50 -14 15 0 0.00 0.0 M 7.8 20 30 M M 0 27 40
2 71 34 53 -10 12 0 0.00 0.0 M 4.6 12 70 M M 0 16 90
3 78 42 60 -3 5 0 0.00 0.0 M 3.7 9 80 M M 0 1 14 260
4 81 45 63 1 2 0 0.00 0.0 M 1.4 8 120 M M 0 12 200
5 83 49 66 4 0 1 0.00 0.0 M 2.8 12 240 M M 0 17 150
6 83 51 67 5 0 2 0.00 0.0 M 5.2 15 190 M M 0 20 200
7 86 55 71 9 0 6 0.00 0.0 M 7.0 15 220 M M 2 12 21 200
8 85 59 72 11 0 7 0.00 0.0 M 7.1 18 210 M M 1 1 28 210
9 85 60 73 12 0 8 0.00 0.0 M 5.3 13 110 M M 5 1 21 100
10 72 61 67 6 0 2 0.03 0.0 M 6.2 12 30 M M 10 1 17 20
11 66 61 64 4 1 0 T 0.0 M 7.0 13 30 M M 10 16 60
12 75 59 67 7 0 2 0.00 0.0 M 6.9 16 30 M M 7 21 30
13 67 60 64 4 1 0 0.26 0.0 M 8.4 16 70 M M 8 24 50
14 60 57 59 -1 6 0 1.38 0.0 M 8.4 18 70 M M 10 1 24 60
15 62 58 60 1 5 0 0.03 0.0 M 6.6 12 30 M M 10 1 17 10
16 67 61 64 5 1 0 T 0.0 M 6.0 12 80 M M 10 1 16 50
17 79 59 69 10 0 4 0.00 0.0 M 3.0 8 260 M M 5 1 11 250
18 76 54 65 7 0 0 0.00 0.0 M 5.8 14 350 M M 6 1 20 350
19 75 43 59 1 6 0 0.00 0.0 M 2.5 8 130 M M 0 12 110
20 86 53 70 12 0 5 1.34 0.0 M 11.0 29 260 M M 6 13 40 240
21 70 54 62 4 3 0 0.08 0.0 M 6.6 15 310 M M 10 1 23 310
22 63 46 55 -3 10 0 0.00 0.0 M 4.2 13 280 M M 2 19 350
23 56 45 51 -6 14 0 0.06 M M 3.7 10 60 M M 5 1 12 60
24 65 47 56 -1 9 0 T M M 3.5 12 70 M M 7 1 16 50
25 71 45 58 1 7 0 T M M 5.2 12 80 M M 4 16 80
26 72 50 61 4 4 0 0.01 M M 6.7 15 350 M M 5 1 28 360
27 60 39 50 -7 15 0 0.00 0.0 M 5.6 14 50 M M 0 17 30
28 65 39 52 -4 13 0 0.00 0.0 M 3.1 13 40 M M 0 17 20
29 67 35 51 -5 14 0 0.00 0.0 M 4.0 12 160 M M 0 16 110
30 68 44 56 0 9 0 0.48 M M 9.7 30 140 M M 6 1 45 140
================================================================================
SM 2156 1502 152 37 3.67 0.0 169.0 M 129
================================================================================
AV 71.9 50.1 5.6 FASTST M M 4 MAX(MPH)
MISC ----> 30 140 45 140
================================================================================
NOTES:
# LAST OF SEVERAL OCCURRENCES
COLUMN 17 PEAK WIND IN M.P.H.
PRELIMINARY LOCAL CLIMATOLOGICAL DATA (WS FORM: F-6) , PAGE 2
STATION: BATON ROUGE
MONTH: NOVEMBER
YEAR: 2023
LATITUDE: 30 31 N
LONGITUDE: 91 9 W
[TEMPERATURE DATA] [PRECIPITATION DATA] SYMBOLS USED IN COLUMN 16
AVERAGE MONTHLY: 61.0 TOTAL FOR MONTH: 3.67 1 = FOG OR MIST
DPTR FM NORMAL: 1.6 DPTR FM NORMAL: -0.23 2 = FOG REDUCING VISIBILITY
HIGHEST: 86 ON 20, 7 GRTST 24HR 1.42 ON 20-21 TO 1/4 MILE OR LESS
LOWEST: 34 ON 2 3 = THUNDER
SNOW, ICE PELLETS, HAIL 4 = ICE PELLETS
TOTAL MONTH: 0.0 INCH 5 = HAIL
GRTST 24HR 0.0 6 = FREEZING RAIN OR DRIZZLE
GRTST DEPTH: M ON M 7 = DUSTSTORM OR SANDSTORM:
VSBY 1/2 MILE OR LESS
8 = SMOKE OR HAZE
[NO. OF DAYS WITH] [WEATHER - DAYS WITH] 9 = BLOWING SNOW
X = TORNADO
MAX 32 OR BELOW: 0 0.01 INCH OR MORE: 9
MAX 90 OR ABOVE: 0 0.10 INCH OR MORE: 4
MIN 32 OR BELOW: 0 0.50 INCH OR MORE: 2
MIN 0 OR BELOW: 0 1.00 INCH OR MORE: 2
[HDD (BASE 65) ]
TOTAL THIS MO. 152 CLEAR (SCALE 0-3) 13
DPTR FM NORMAL -58 PTCLDY (SCALE 4-7) 11
TOTAL FM JUL 1 184 CLOUDY (SCALE 8-10) 6
DPTR FM NORMAL -71
[CDD (BASE 65) ]
TOTAL THIS MO. 37
DPTR FM NORMAL -5 [PRESSURE DATA]
TOTAL FM JAN 1 3838 HIGHEST SLP 30.43 ON 28
DPTR FM NORMAL 1042 LOWEST SLP 29.73 ON 30
[REMARKS]
#FINAL-11-23#