000
CXAK56 PAFG 010953
CF6BTT
PRELIMINARY LOCAL CLIMATOLOGICAL DATA (WS FORM: F-6)
STATION: BETTLES AK
MONTH: NOVEMBER
YEAR: 2022
LATITUDE: 66 55 N
LONGITUDE: 151 31 W
TEMPERATURE IN F: :PCPN: SNOW: WIND :SUNSHINE: SKY :PK WND
================================================================================
1 2 3 4 5 6A 6B 7 8 9 10 11 12 13 14 15 16 17 18
12Z AVG MX 2MIN
DY MAX MIN AVG DEP HDD CDD WTR SNW DPTH SPD SPD DIR MIN PSBL S-S WX SPD DR
================================================================================
1 5 -11 -3 -11 68 0 0.00 M 5 3.7 8 30 M M 5 12 40
2 11 -2 5 -2 60 0 0.00 M 5 3.0 7 360 M M 8 1 9 330
3 7 -17 -5 -11 70 0 0.00 M 5 3.0 9 170 M M 5 13 150
4 4 -17 -6 -12 71 0 0.00 M 5 2.7 7 320 M M 5 8 330
5 2 -18 -8 -13 73 0 0.00 M 5 1.0 7 20 M M 3 8 8 40
6 3 -13 -5 -9 70 0 0.00 M 5 5.2 9 350 M M 6 12 340
7 16 1 9 5 56 0 0.00 M 5 5.5 13 10 M M 8 1 18 350
8 27 15 21 18 44 0 0.00 M 9 4.1 7 30 M M 10 16 10 290
9 26 12 19 17 46 0 0.00 M 11 3.8 7 350 M M 9 1 7 350
10 19 11 15 13 50 0 0.00 M 13 1.5 8 220 M M 10 1 12 330
11 18 7 13 12 52 0 0.00 M 13 6.3 14 30 M M 9 1 24 30
12 22 17 20 19 45 0 0.00 M M 7.0 12 30 M M 10 1 16 360
13 22 21 22 22 43 0 0.07 M 16 7.4 10 350 M M 10 1 M M
14 22 -4 9 9 56 0 M M M 3.5 9 350 M M 8 1 12 350
15 -2 -17 -9 -9 74 0 0.00 M 16 4.4 10 330 M M 4 1 12 350
16 3 -8 -2 -1 67 0 0.00 0.0 16 5.5 10 350 M M 4 14 350
17 17 1 9 10 56 0 0.00 M 16 3.5 10 350 M M 3 15 350
18 18 2 10 12 55 0 0.00 M 14 0.4 6 330 M M 9 1 7 330
19 23 11 17 19 48 0 T M 14 3.0 9 10 M M 8 126 M M
20 23 13 18 20 47 0 0.00 M 13 3.1 7 330 M M 9 1 10 350
21 23 20 22 24 43 0 0.13 M 15 2.1 5 330 M M 10 1 M M
22 21 17 19 22 46 0 0.00 M 16 1.7 6 330 M M 10 1 8 340
23 17 10 14 17 51 0 0.00 M 17 5.5 9 320 M M 10 1 12 300
24 14 4 9 12 56 0 T M 17 2.5 6 330 M M 10 1 M M
25 13 0 7 10 58 0 0.06 M 17 0.0 0 0 M M 9 1 M M
26 4 -11 -3 0 68 0 0.00 M 18 2.6 7 40 M M 8 1 9 360
27 0 -12 -6 -3 71 0 0.00 M 18 3.5 8 10 M M 7 1 11 10
28 0 -29 -14 -10 79 0 0.00 M 17 2.5 7 330 M M 6 11 350
29 -11 -31 -21 -17 86 0 0.00 M 17 2.5 6 20 M M 4 M M
30 2 -11 -4 0 69 0 0.20 M 17 2.1 6 330 M M 10 1 M M
================================================================================
SM 369 -39 1778 0 0.46 0.0 102.6 M 227
================================================================================
AV 12.3 -1.3 3.4 FASTST M M 8 MAX(MPH)
MISC ----> 14 30 24 30
================================================================================
NOTES:
# LAST OF SEVERAL OCCURRENCES
COLUMN 17 PEAK WIND IN M.P.H.
PRELIMINARY LOCAL CLIMATOLOGICAL DATA (WS FORM: F-6) , PAGE 2
STATION: BETTLES AK
MONTH: NOVEMBER
YEAR: 2022
LATITUDE: 66 55 N
LONGITUDE: 151 31 W
[TEMPERATURE DATA] [PRECIPITATION DATA] SYMBOLS USED IN COLUMN 16
AVERAGE MONTHLY: 5.5 TOTAL FOR MONTH: 0.46 1 = FOG OR MIST
DPTR FM NORMAL: 5.2 DPTR FM NORMAL: -0.69 2 = FOG REDUCING VISIBILITY
HIGHEST: 27 ON 8 GRTST 24HR 0.20 ON 30-30 TO 1/4 MILE OR LESS
LOWEST: -31 ON 29 3 = THUNDER
SNOW, ICE PELLETS, HAIL 4 = ICE PELLETS
TOTAL MONTH: 0.0 INCH 5 = HAIL
GRTST 24HR 0.0 6 = FREEZING RAIN OR DRIZZLE
GRTST DEPTH: 18 ON 27,26 7 = DUSTSTORM OR SANDSTORM:
VSBY 1/2 MILE OR LESS
8 = SMOKE OR HAZE
[NO. OF DAYS WITH] [WEATHER - DAYS WITH] 9 = BLOWING SNOW
X = TORNADO
MAX 32 OR BELOW: 30 0.01 INCH OR MORE: 4
MAX 90 OR ABOVE: 0 0.10 INCH OR MORE: 2
MIN 32 OR BELOW: 30 0.50 INCH OR MORE: 0
MIN 0 OR BELOW: 15 1.00 INCH OR MORE: 0
[HDD (BASE 65) ]
TOTAL THIS MO. 1778 CLEAR (SCALE 0-3) 1
DPTR FM NORMAL -163 PTCLDY (SCALE 4-7) 13
TOTAL FM JUL 1 4259 CLOUDY (SCALE 8-10) 16
DPTR FM NORMAL -315
[CDD (BASE 65) ]
TOTAL THIS MO. 0
DPTR FM NORMAL 0 [PRESSURE DATA]
TOTAL FM JAN 1 35 HIGHEST SLP M ON M
DPTR FM NORMAL 0 LOWEST SLP 29.32 ON 22
[REMARKS]
#FINAL-11-22#