000
CXUS56 KLOX 011155
CF6BUR
PRELIMINARY LOCAL CLIMATOLOGICAL DATA (WS FORM: F-6)
STATION: HOLLYWOOD/BURBANK AIRPORT CA
MONTH: AUGUST
YEAR: 2021
LATITUDE: 34 12 N
LONGITUDE: 118 22 W
TEMPERATURE IN F: :PCPN: SNOW: WIND :SUNSHINE: SKY :PK WND
================================================================================
1 2 3 4 5 6A 6B 7 8 9 10 11 12 13 14 15 16 17 18
12Z AVG MX 2MIN
DY MAX MIN AVG DEP HDD CDD WTR SNW DPTH SPD SPD DIR MIN PSBL S-S WX SPD DR
================================================================================
1 94 66 80 3 0 15 0.00 M M 4.6 15 160 M M 0 17 160
2 99 68 84 7 0 19 0.00 M M 4.6 14 150 M M 0 17 160
3 97 69 83 6 0 18 0.00 M M 5.5 14 110 M M 0 8 24 90
4 95 68 82 5 0 17 0.00 M M 6.9 15 100 M M 0 23 100
5 94 68 81 4 0 16 0.00 M M 6.5 17 180 M M 0 20 180
6 85 64 75 -2 0 10 0.00 M M 7.0 15 190 M M 0 8 19 190
7 87 63 75 -2 0 10 0.00 M M 6.5 15 200 M M 3 18 19 180
8 90 62 76 -1 0 11 0.00 M M 6.3 14 110 M M 2 18 18 130
9 92 63 78 1 0 13 0.00 M M 5.9 14 160 M M 0 8 21 110
10 93 66 80 3 0 15 0.00 M M 5.9 14 120 M M 0 19 220
11 94 68 81 4 0 16 0.00 M M 5.9 15 170 M M 0 17 160
12 94 71 83 6 0 18 0.00 M M 5.8 13 160 M M 0 25 110
13 90 69 80 3 0 15 0.00 M M 6.1 14 180 M M 0 19 180
14 91 69 80 3 0 15 0.00 M M 6.7 14 170 M M 0 17 170
15 94 67 81 4 0 16 0.00 M M 5.9 13 180 M M 0 16 120
16 92 69 81 4 0 16 0.00 M M 6.5 16 180 M M 0 18 180
17 87 68 78 1 0 13 0.00 M M 8.1 15 180 M M 1 8 19 180
18 75 66 71 -6 0 6 T M M 7.5 14 200 M M 10 1 18 200
19 80 66 73 -4 0 8 T M M 4.1 14 200 M M 6 26 220
20 78 63 71 -6 0 6 0.00 M M 5.5 13 150 M M 3 17 160
21 77 64 71 -6 0 6 0.00 M M 4.6 12 160 M M 6 8 17 110
22 77 62 70 -7 0 5 0.00 M M 4.2 14 170 M M 4 18 170
23 79 61 70 -7 0 5 0.00 M M 4.8 14 160 M M 1 20 180
24 84 61 73 -4 0 8 0.00 M M 4.6 13 190 M M 0 18 240
25 91 63 77 0 0 12 0.00 M M 4.0 13 180 M M 0 18 160
26 101 68 85 8 0 20 0.00 M M 4.6 14 160 M M 0 M M
27 97 64 81 4 0 16 0.00 M M 5.0 14 180 M M 0 17 110
28 97 66 82 5 0 17 0.00 M M 4.5 15 180 M M 0 20 120
29 92 66 79 2 0 14 0.00 M M 6.0 15 120 M M 0 21 100
30 84 65 75 -2 0 10 0.00 M M 6.6 16 180 M M 0 19 180
31 78 64 71 -6 0 6 T M M 5.7 13 180 M M 4 8 17 260
================================================================================
SM 2758 2037 0 392 T M 176.4 M 40
================================================================================
AV 89.0 65.7 5.7 FASTST M M 1 MAX(MPH)
MISC ----> 17 180 26 220
================================================================================
NOTES:
# LAST OF SEVERAL OCCURRENCES
COLUMN 17 PEAK WIND IN M.P.H.
PRELIMINARY LOCAL CLIMATOLOGICAL DATA (WS FORM: F-6) , PAGE 2
STATION: HOLLYWOOD/BURBANK AIRPORT CA
MONTH: AUGUST
YEAR: 2021
LATITUDE: 34 12 N
LONGITUDE: 118 22 W
[TEMPERATURE DATA] [PRECIPITATION DATA] SYMBOLS USED IN COLUMN 16
AVERAGE MONTHLY: 77.3 TOTAL FOR MONTH: T 1 = FOG OR MIST
DPTR FM NORMAL: 0.4 DPTR FM NORMAL: -0.01 2 = FOG REDUCING VISIBILITY
HIGHEST: 101 ON 26 GRTST 24HR T ON 18-18 TO 1/4 MILE OR LESS
LOWEST: 61 ON 24,23 3 = THUNDER
SNOW, ICE PELLETS, HAIL 4 = ICE PELLETS
TOTAL MONTH: M 5 = HAIL
GRTST 24HR M ON M 6 = FREEZING RAIN OR DRIZZLE
GRTST DEPTH: M ON M 7 = DUSTSTORM OR SANDSTORM:
VSBY 1/2 MILE OR LESS
8 = SMOKE OR HAZE
[NO. OF DAYS WITH] [WEATHER - DAYS WITH] 9 = BLOWING SNOW
X = TORNADO
MAX 32 OR BELOW: 0 0.01 INCH OR MORE: 0
MAX 90 OR ABOVE: 19 0.10 INCH OR MORE: 0
MIN 32 OR BELOW: 0 0.50 INCH OR MORE: 0
MIN 0 OR BELOW: 0 1.00 INCH OR MORE: 0
[HDD (BASE 65) ]
TOTAL THIS MO. 0 CLEAR (SCALE 0-3) 25
DPTR FM NORMAL 0 PTCLDY (SCALE 4-7) 5
TOTAL FM JUL 1 0 CLOUDY (SCALE 8-10) 1
DPTR FM NORMAL 0
[CDD (BASE 65) ]
TOTAL THIS MO. 392
DPTR FM NORMAL 23 [PRESSURE DATA]
TOTAL FM JAN 1 1201 HIGHEST SLP 30.06 ON 14
DPTR FM NORMAL 187 LOWEST SLP 29.62 ON 27
[REMARKS]
#FINAL-08-21#