000
CXUS56 KLOX 011630
CLMBUR
CLIMATE REPORT
NATIONAL WEATHER SERVICE LOS ANGELES/OXNARD
930 AM PDT SAT APR 01 2023
...................................
...THE HOLLYWOOD/BURBANK AIRPORT CA CLIMATE SUMMARY FOR THE MONTH OF MARCH 2023...
CLIMATE NORMAL PERIOD: 1991 TO 2020
CLIMATE RECORD PERIOD: 1939 TO 2023
WEATHER OBSERVED NORMAL DEPART LAST YEAR`S
VALUE DATE(S) VALUE FROM VALUE
NORMAL
..............................................................
TEMPERATURE (F)
HIGHEST 74 03/18
LOWEST 39 03/03
AVG. MAXIMUM 61.5 69.5 -8.0
AVG. MINIMUM 46.1 49.0 -2.9
MEAN 53.8 59.3 -5.5
DAYS MAX >= 90 0
DAYS MAX <= 32 0
DAYS MIN <= 32 0
DAYS MIN <= 0 0
PRECIPITATION (INCHES)
TOTALS 5.39 2.43 2.96
DAILY AVG. 0.17
DAYS >= .01 0
DAYS >= .10 0
DAYS >= .50 0
DAYS >= 1.00 0
GREATEST
24 HR. TOTAL 1.54 03/14 TO 03/15
DEGREE DAYS
HEATING TOTAL 343 195 148 84
SINCE 7/1 1542 1215 327 MM
COOLING TOTAL 0 17 -17 67
SINCE 1/1 0 28 -28 MM
..............................................................
WIND (MPH)
AVERAGE WIND SPEED 6.4
HIGHEST WIND SPEED/DIRECTION 31/340 DATE 03/01
HIGHEST GUST SPEED/DIRECTION 40/340 DATE 03/01
SKY COVER
POSSIBLE SUNSHINE (PERCENT) MM
AVERAGE SKY COVER 0.48
NUMBER OF DAYS FAIR 13
NUMBER OF DAYS PC 8
NUMBER OF DAYS CLOUDY 10
AVERAGE RH (PERCENT) 66
WEATHER CONDITIONS. NUMBER OF DAYS WITH
THUNDERSTORM 0 MIXED PRECIP 0
HEAVY RAIN 4 RAIN 7
LIGHT RAIN 15 FREEZING RAIN 0
LT FREEZING RAIN 0 HAIL 0
HEAVY SNOW 0 SNOW 0
LIGHT SNOW 0 SLEET 0
FOG 15 FOG W/VIS <= 1/4 MILE 0
HAZE 4
- INDICATES NEGATIVE NUMBERS.
R INDICATES RECORD WAS SET OR TIED.
MM INDICATES DATA IS MISSING.
T INDICATES TRACE AMOUNT.
$$