000
CXUS54 KTSA 010950
CF6BVO
PRELIMINARY LOCAL CLIMATOLOGICAL DATA (WS FORM: F-6)
STATION: BARTLESVILLE OKLAHOMA
MONTH: DECEMBER
YEAR: 2022
LATITUDE: 36 45 N
LONGITUDE: 96 0 W
TEMPERATURE IN F: :PCPN: SNOW: WIND :SUNSHINE: SKY :PK WND
================================================================================
1 2 3 4 5 6A 6B 7 8 9 10 11 12 13 14 15 16 17 18
12Z AVG MX 2MIN
DY MAX MIN AVG DEP HDD CDD WTR SNW DPTH SPD SPD DIR MIN PSBL S-S WX SPD DR
================================================================================
1 54 21 38 -3 27 0 0.00 0.0 M 10.6 22 170 M M 7 36 170
2 59 37 48 7 17 0 0.00 0.0 M 13.0 25 200 M M 9 38 330
3 42 25 34 -7 31 0 0.00 0.0 M 5.0 16 360 M M 0 28 360
4 52 31 42 2 23 0 0.00 0.0 M 5.0 14 200 M M 5 18 200
5 50 35 43 3 22 0 0.00 0.0 M 5.4 13 10 M M 10 12 15 10
6 47 41 44 4 21 0 0.00 0.0 M 3.3 10 10 M M 10 1 17 360
7 51 44 48 9 17 0 0.11 0.0 M 2.1 9 30 M M 10 1 14 40
8 56 38 47 8 18 0 0.15 0.0 M 1.5 8 150 M M 9 12 11 180
9 52 29 41 2 24 0 0.19 0.0 M 1.4 7 10 M M 3 12 10 360
10 49 33 41 3 24 0 0.63 0.0 M 3.9 16 20 M M 8 1 21 10
11 50 38 44 6 21 0 0.00 0.0 M 4.3 10 140 M M 10 1 14 30
12 54 48 51 13 14 0 0.08 0.0 M 9.6 20 150 M M 10 13 30 140
13 65 32 49 11 16 0 0.45 0.0 M 9.4 24 140 M M 5 13 36 160
14 44 26 35 -2 30 0 0.00 0.0 M 6.7 15 270 M M 1 27 250
15 43 29 36 -1 29 0 0.00 0.0 M 9.1 18 280 M M 0 36 290
16 42 27 35 -2 30 0 0.00 0.0 M 8.5 21 260 M M 0 31 280
17 44 18 31 -6 34 0 0.00 0.0 M 5.2 15 280 M M 0 23 280
18 53 14 34 -2 31 0 0.00 0.0 M 3.9 13 160 M M 0 18 180
19 52 41 47 11 18 0 0.00 0.0 M 9.6 20 160 M M 9 27 150
20 41 25 33 -3 32 0 0.00 0.0 M 5.8 13 30 M M 8 20 360
21 45 25 35 -1 30 0 0.00 0.0 M 4.8 16 160 M M 9 12 21 170
22 40 -3 19 -17 46 0 0.05 M M 8.6 29 360 M M 7 126 48 10
23 16 -1 8 -28 57 0 0.00 0.0 M 6.9 14 290 M M 0 24 290
24 28 5 17 -18 48 0 0.00 0.0 M 2.0 9 230 M M 1 14 230
25 34 6 20 -15 45 0 0.07 M M 3.7 14 160 M M 3 16 18 160
26 38 11 25 -10 40 0 0.00 0.0 M 4.1 24 360 M M 5 6 35 360
27 44 11 28 -7 37 0 0.00 0.0 M 9.6 20 170 M M 0 31 170
28 64 37 51 16 14 0 0.00 0.0 M 15.3 28 190 M M 0 40 170
29 71 43 57 22 8 0 0.00 0.0 M 10.6 23 220 M M 0 38 210
30 54 27 41 6 24 0 0.00 0.0 M 2.0 10 50 M M 0 1 14 50
31 67 25 46 11 19 0 0.00 0.0 M 4.4 21 170 M M 0 28 170
================================================================================
SM 1501 818 847 0 1.73 0.0 195.3 M 139
================================================================================
AV 48.4 26.4 6.3 FASTST M M 4 MAX(MPH)
MISC ----> 29 360 48 10
================================================================================
NOTES:
# LAST OF SEVERAL OCCURRENCES
COLUMN 17 PEAK WIND IN M.P.H.
PRELIMINARY LOCAL CLIMATOLOGICAL DATA (WS FORM: F-6) , PAGE 2
STATION: BARTLESVILLE OKLAHOMA
MONTH: DECEMBER
YEAR: 2022
LATITUDE: 36 45 N
LONGITUDE: 96 0 W
[TEMPERATURE DATA] [PRECIPITATION DATA] SYMBOLS USED IN COLUMN 16
AVERAGE MONTHLY: 37.4 TOTAL FOR MONTH: 1.73 1 = FOG OR MIST
DPTR FM NORMAL: 0.1 DPTR FM NORMAL: -0.39 2 = FOG REDUCING VISIBILITY
HIGHEST: 71 ON 29 GRTST 24HR 0.82 ON 9-10 TO 1/4 MILE OR LESS
LOWEST: -3 ON 22 3 = THUNDER
SNOW, ICE PELLETS, HAIL 4 = ICE PELLETS
TOTAL MONTH: 0.0 INCH 5 = HAIL
GRTST 24HR 0.0 6 = FREEZING RAIN OR DRIZZLE
GRTST DEPTH: M ON M 7 = DUSTSTORM OR SANDSTORM:
VSBY 1/2 MILE OR LESS
8 = SMOKE OR HAZE
[NO. OF DAYS WITH] [WEATHER - DAYS WITH] 9 = BLOWING SNOW
X = TORNADO
MAX 32 OR BELOW: 2 0.01 INCH OR MORE: 8
MAX 90 OR ABOVE: 0 0.10 INCH OR MORE: 5
MIN 32 OR BELOW: 20 0.50 INCH OR MORE: 1
MIN 0 OR BELOW: 2 1.00 INCH OR MORE: 0
[HDD (BASE 65) ]
TOTAL THIS MO. 847 CLEAR (SCALE 0-3) 15
DPTR FM NORMAL -13 PTCLDY (SCALE 4-7) 7
TOTAL FM JUL 1 1654 CLOUDY (SCALE 8-10) 9
DPTR FM NORMAL -2
[CDD (BASE 65) ]
TOTAL THIS MO. 0
DPTR FM NORMAL 0 [PRESSURE DATA]
TOTAL FM JAN 1 2048 HIGHEST SLP 30.76 ON 23
DPTR FM NORMAL 360 LOWEST SLP 29.54 ON 13
[REMARKS]
#FINAL-12-22#